000
CXUS55 KDVN 011000
CF6DVN
PRELIMINARY LOCAL CLIMATOLOGICAL DATA (WS FORM: F-6)
STATION: DAVENPORT IA
MONTH: MARCH
YEAR: 2024
LATITUDE: 41 37 N
LONGITUDE: 90 35 W
TEMPERATURE IN F: :PCPN: SNOW: WIND :SUNSHINE: SKY :PK WND
================================================================================
1 2 3 4 5 6A 6B 7 8 9 10 11 12 13 14 15 16 17 18
12Z AVG MX 2MIN
DY MAX MIN AVG DEP HDD CDD WTR SNW DPTH SPD SPD DIR MIN PSBL S-S WX SPD DR
================================================================================
1 49 28 39 7 26 0 T T 0 12.0 21 170 M M 3 27 160
2 64 28 46 14 19 0 0.00 0.0 0 13.8 24 150 M M 0 34 150
3 78 46 62 29 3 0 0.00 0.0 0 20.2 38 170 M M 1 51 170
4 73 39 56 23 9 0 0.20 0.0 0 12.8 23 350 M M 5 13 29 20
5 51 36 44 10 21 0 0.08 0.0 0 10.6 18 40 M M 8 13 25 360
6 55 30 43 9 22 0 0.00 0.0 0 8.5 15 90 M M 0 21 60
7 47 37 42 7 23 0 0.11 0.0 0 10.3 15 90 M M 8 1 20 110
8 45 36 41 6 24 0 0.48 0.0 0 15.1 23 10 M M 10 1 31 10
9 43 28 36 0 29 0 0.00 0.0 0 14.3 26 310 M M 1 35 300
10 48 22 35 -1 30 0 0.00 0.0 0 8.1 15 290 M M 0 20 330
11 71 30 51 15 14 0 0.00 0.0 0 16.2 29 220 M M 0 39 220
12 72 50 61 24 4 0 0.00 0.0 0 11.1 25 240 M M 1 33 250
13 71 41 56 18 9 0 T 0.0 0 7.8 25 70 M M 2 32 70
14 54 42 48 10 17 0 0.80 0.0 0 13.3 29 30 M M 8 13 39 30
15 59 35 47 9 18 0 0.00 0.0 0 8.3 18 330 M M 2 26 330
16 57 34 46 7 19 0 0.00 0.0 0 18.4 33 300 M M 2 43 290
17 36 24 30 -9 35 0 0.00 0.0 0 18.0 31 320 M M 6 42 320
18 37 20 29 -11 36 0 T T 0 11.9 22 270 M M 3 33 300
19 62 28 45 5 20 0 0.00 0.0 0 18.0 29 290 M M 1 43 270
20 45 25 35 -5 30 0 0.00 0.0 0 13.5 24 320 M M 3 36 330
21 46 28 37 -4 28 0 T T 0 8.6 21 130 M M 7 4 25 120
22 39 32 36 -5 29 0 0.10 0.5 0 12.5 24 130 M M 10 12 30 130
23 42 23 33 -9 32 0 T T 0 9.2 21 110 M M 4 28 110
24 55 33 44 2 21 0 0.00 0.0 0 18.5 28 120 M M 6 36 130
25 58 49 54 11 11 0 0.35 0.0 0 17.4 39 150 M M 9 1 51 150
26 51 29 40 -3 25 0 0.06 0.0 0 20.2 29 260 M M 10 1 41 250
27 43 25 34 -9 31 0 0.00 0.0 0 14.8 26 280 M M 4 35 280
28 54 31 43 -1 22 0 T T 0 5.2 14 280 M M 5 16 280
29 60 34 47 3 18 0 0.09 0.0 0 13.0 22 130 M M 5 3 28 130
30 64 40 52 8 13 0 0.00 0.0 0 9.7 22 340 M M 2 1 28 320
31 54 38 46 1 19 0 0.32 0.0 0 11.6 21 50 M M 6 13 27 50
================================================================================
SM 1683 1021 657 0 2.59 0.5 402.9 M 132
================================================================================
AV 54.3 32.9 13.0 FASTST M M 4 MAX(MPH)
MISC ----> 39 150 # 51 170
================================================================================
NOTES:
# LAST OF SEVERAL OCCURRENCES
COLUMN 17 PEAK WIND IN M.P.H.
PRELIMINARY LOCAL CLIMATOLOGICAL DATA (WS FORM: F-6) , PAGE 2
STATION: DAVENPORT IA
MONTH: MARCH
YEAR: 2024
LATITUDE: 41 37 N
LONGITUDE: 90 35 W
[TEMPERATURE DATA] [PRECIPITATION DATA] SYMBOLS USED IN COLUMN 16
AVERAGE MONTHLY: 43.6 TOTAL FOR MONTH: 2.59 1 = FOG OR MIST
DPTR FM NORMAL: 5.0 DPTR FM NORMAL: 0.25 2 = FOG REDUCING VISIBILITY
HIGHEST: 78 ON 3 GRTST 24HR 0.80 ON 14-14 TO 1/4 MILE OR LESS
LOWEST: 20 ON 18 3 = THUNDER
SNOW, ICE PELLETS, HAIL 4 = ICE PELLETS
TOTAL MONTH: 0.5 INCH 5 = HAIL
GRTST 24HR 0.5 ON 22-22 6 = FREEZING RAIN OR DRIZZLE
GRTST DEPTH: 0 7 = DUSTSTORM OR SANDSTORM:
VSBY 1/2 MILE OR LESS
8 = SMOKE OR HAZE
[NO. OF DAYS WITH] [WEATHER - DAYS WITH] 9 = BLOWING SNOW
X = TORNADO
MAX 32 OR BELOW: 0 0.01 INCH OR MORE: 10
MAX 90 OR ABOVE: 0 0.10 INCH OR MORE: 7
MIN 32 OR BELOW: 16 0.50 INCH OR MORE: 1
MIN 0 OR BELOW: 0 1.00 INCH OR MORE: 0
[HDD (BASE 65) ]
TOTAL THIS MO. 657 CLEAR (SCALE 0-3) 14
DPTR FM NORMAL -162 PTCLDY (SCALE 4-7) 12
TOTAL FM JUL 1 4636 CLOUDY (SCALE 8-10) 5
DPTR FM NORMAL -1054
[CDD (BASE 65) ]
TOTAL THIS MO. 0
DPTR FM NORMAL -2 [PRESSURE DATA]
TOTAL FM JAN 1 0 HIGHEST SLP 30.39 ON 23
DPTR FM NORMAL -2 LOWEST SLP 29.32 ON 26
[REMARKS]
#FINAL-03-24#