000
CXUS54 KHGX 011410
CF6DWH
PRELIMINARY LOCAL CLIMATOLOGICAL DATA (WS FORM: F-6)
STATION: HOUSTON/D.W._HOOKS
MONTH: OCTOBER
YEAR: 2021
LATITUDE: 30 4 N
LONGITUDE: 95 33 W
TEMPERATURE IN F: :PCPN: SNOW: WIND :SUNSHINE: SKY :PK WND
================================================================================
1 2 3 4 5 6A 6B 7 8 9 10 11 12 13 14 15 16 17 18
12Z AVG MX 2MIN
DY MAX MIN AVG DEP HDD CDD WTR SNW DPTH SPD SPD DIR MIN PSBL S-S WX SPD DR
================================================================================
1 78 72 75 -1 0 10 1.85 0.0 0 4.9 16 220 M M 9 13 25 220
2 84 72 78 2 0 13 0.34 0.0 0 2.4 14 130 M M 5 18 25 170
3 90 69 80 4 0 15 0.00 0.0 0 2.4 12 340 M M 4 12 17 330
4 89 65 77 2 0 12 0.00 0.0 0 4.7 15 350 M M 0 1 23 10
5 88 63 76 1 0 11 0.00 0.0 0 2.5 10 320 M M 0 16 350
6 88 61 75 1 0 10 0.00 0.0 0 2.0 8 40 M M 0 18 13 360
7 89 61 75 1 0 10 0.00 0.0 0 2.2 8 220 M M 0 1 12 200
8 89 62 76 2 0 11 0.00 0.0 0 2.4 8 190 M M 0 1 12 160
9 88 62 75 1 0 10 0.00 0.0 0 3.5 13 190 M M 0 12 17 150
10 90 69 80 7 0 15 0.00 0.0 0 7.3 15 160 M M 8 27 160
11 87 68 78 5 0 13 0.73 0.0 0 4.0 18 330 M M 4 13 28 320
12 92 70 81 9 0 16 T 0.0 0 5.3 14 130 M M 4 25 180
13 91 74 83 11 0 18 0.00 0.0 0 6.8 16 190 M M 3 29 180
14 83 74 79 7 0 14 0.54 0.0 0 5.9 20 140 M M 5 13 37 140
15 91 69 80 9 0 15 T 0.0 0 7.1 21 360 M M 5 12 37 350
16 75 56 66 -5 0 1 0.00 0.0 0 8.4 20 20 M M 0 31 10
17 76 49 63 -8 2 0 0.00 0.0 0 1.5 10 70 M M 0 16 20
18 77 50 64 -6 1 0 0.00 0.0 0 2.4 9 120 M M 0 1 16 130
19 82 56 69 -1 0 4 0.00 0.0 0 4.3 13 120 M M 2 1 19 120
20 87 63 75 5 0 10 0.00 0.0 0 4.0 9 130 M M 2 1 14 130
21 86 68 77 8 0 12 0.00 0.0 0 1.8 9 20 M M 4 128 14 20
22 87 65 76 7 0 11 0.00 0.0 0 1.5 8 90 M M 2 12 13 90
23 86 68 77 9 0 12 T 0.0 0 4.7 20 130 M M 5 123 28 130
24 89 65 77 9 0 12 0.00 0.0 0 4.0 12 140 M M 3 1 17 140
25 90 71 81 13 0 16 0.00 0.0 0 2.9 7 260 M M 5 1 10 280
26 87 69 78 11 0 13 T 0.0 0 5.4 14 150 M M 6 12 24 130
27 79 62 71 4 0 6 0.99 0.0 0 8.2 24 270 M M 3 123 38 300
28 77 57 67 0 0 2 0.00 0.0 0 12.7 30 310 M M 0 49 310
29 73 51 62 -4 3 0 0.00 0.0 0 10.1 24 300 M M 0 37 310
30 76 43 60 -6 5 0 0.00 0.0 0 3.0 12 290 M M 0 16 280
31 81 47 64 -2 1 0 0.00 0.0 0 1.3 8 130 M M 0 1 12 140
================================================================================
SM 2625 1951 12 292 4.45 0.0 139.6 M 79
================================================================================
AV 84.7 62.9 4.5 FASTST M M 3 MAX(MPH)
MISC ----> 30 310 49 310
================================================================================
NOTES:
# LAST OF SEVERAL OCCURRENCES
COLUMN 17 PEAK WIND IN M.P.H.
PRELIMINARY LOCAL CLIMATOLOGICAL DATA (WS FORM: F-6) , PAGE 2
STATION: HOUSTON/D.W._HOOKS
MONTH: OCTOBER
YEAR: 2021
LATITUDE: 30 4 N
LONGITUDE: 95 33 W
[TEMPERATURE DATA] [PRECIPITATION DATA] SYMBOLS USED IN COLUMN 16
AVERAGE MONTHLY: 73.8 TOTAL FOR MONTH: 4.45 1 = FOG OR MIST
DPTR FM NORMAL: 2.8 DPTR FM NORMAL: -1.13 2 = FOG REDUCING VISIBILITY
HIGHEST: 92 ON 12 GRTST 24HR 1.85 ON 1- 1 TO 1/4 MILE OR LESS
LOWEST: 43 ON 30 3 = THUNDER
SNOW, ICE PELLETS, HAIL 4 = ICE PELLETS
TOTAL MONTH: 0.0 INCH 5 = HAIL
GRTST 24HR 0.0 6 = FREEZING RAIN OR DRIZZLE
GRTST DEPTH: 0 7 = DUSTSTORM OR SANDSTORM:
VSBY 1/2 MILE OR LESS
8 = SMOKE OR HAZE
[NO. OF DAYS WITH] [WEATHER - DAYS WITH] 9 = BLOWING SNOW
X = TORNADO
MAX 32 OR BELOW: 0 0.01 INCH OR MORE: 5
MAX 90 OR ABOVE: 6 0.10 INCH OR MORE: 5
MIN 32 OR BELOW: 0 0.50 INCH OR MORE: 4
MIN 0 OR BELOW: 0 1.00 INCH OR MORE: 1
[HDD (BASE 65) ]
TOTAL THIS MO. 12 CLEAR (SCALE 0-3) 18
DPTR FM NORMAL -20 PTCLDY (SCALE 4-7) 12
TOTAL FM JUL 1 12 CLOUDY (SCALE 8-10) 1
DPTR FM NORMAL -17
[CDD (BASE 65) ]
TOTAL THIS MO. 292
DPTR FM NORMAL 76 [PRESSURE DATA]
TOTAL FM JAN 1 3052 HIGHEST SLP 30.34 ON 17
DPTR FM NORMAL -11 LOWEST SLP 29.58 ON 27
[REMARKS]
#FINAL-10-21#