000
CXUS54 KHGX 011603
CF6DWH
PRELIMINARY LOCAL CLIMATOLOGICAL DATA (WS FORM: F-6)
STATION: HOUSTON/D.W._HOOKS
MONTH: JANUARY
YEAR: 2021
LATITUDE: 30 4 N
LONGITUDE: 95 33 W
TEMPERATURE IN F: :PCPN: SNOW: WIND :SUNSHINE: SKY :PK WND
================================================================================
1 2 3 4 5 6A 6B 7 8 9 10 11 12 13 14 15 16 17 18
12Z AVG MX 2MIN
DY MAX MIN AVG DEP HDD CDD WTR SNW DPTH SPD SPD DIR MIN PSBL S-S WX SPD DR
================================================================================
1 53 38 46 -5 19 0 0.00 0.0 0 9.2 20 240 M M 4 25 240
2 58 38 48 -3 17 0 0.00 0.0 0 5.2 14 300 M M 2 20 320
3 68 34 51 0 14 0 0.00 0.0 0 5.1 16 210 M M 0 1 21 230
4 74 43 59 8 6 0 0.00 0.0 0 3.6 15 260 M M 1 12 20 220
5 71 42 57 6 8 0 0.00 0.0 0 5.2 15 80 M M 2 1 17 80
6 76 50 63 12 2 0 0.81 0.0 0 9.1 22 300 M M 6 13 32 300
7 59 39 49 -2 16 0 0.00 0.0 0 8.8 18 320 M M 1 25 310
8 53 36 45 -6 20 0 0.00 0.0 0 5.3 14 20 M M 6 18 330
9 56 32 44 -7 21 0 T 0.0 0 2.9 10 80 M M 1 1 14 70
10 46 34 40 -11 25 0 0.99 T 0 10.1 15 40 M M 10 1 24 40
11 42 31 37 -14 28 0 0.00 0.0 0 7.1 15 330 M M 9 1 20 350
12 51 28 40 -11 25 0 0.00 0.0 0 2.6 8 280 M M 4 18 11 280
13 60 32 46 -5 19 0 0.00 0.0 0 5.9 14 230 M M 1 1 18 270
14 70 38 54 3 11 0 0.00 0.0 0 8.7 21 220 M M 0 26 220
15 60 40 50 -1 15 0 0.00 0.0 0 9.4 24 290 M M 0 36 300
16 60 34 47 -4 18 0 0.00 0.0 0 4.5 16 280 M M 3 8 20 270
17 67 33 50 -1 15 0 0.00 0.0 0 3.2 14 270 M M 0 8 17 280
18 72 35 54 3 11 0 T 0.0 0 6.3 18 130 M M 4 23 150
19 77 58 68 17 0 3 T 0.0 0 5.4 15 140 M M 7 20 150
20 68 56 62 11 3 0 0.00 0.0 0 5.8 10 150 M M 9 18 23 200
21 64 57 61 9 4 0 0.16 0.0 0 2.2 7 270 M M 10 1 9 280
22 68 56 62 10 3 0 0.02 0.0 0 1.9 10 100 M M 9 128 13 80
23 65 57 61 9 4 0 0.01 0.0 0 7.1 15 110 M M 10 1 19 120
24 79 62 71 19 0 6 T 0.0 0 8.2 17 170 M M 9 12 28 150
25 79 56 68 16 0 3 T 0.0 0 7.4 18 320 M M 9 29 170
26 75 50 63 11 2 0 0.00 0.0 0 3.1 10 60 M M 4 14 90
27 67 47 57 5 8 0 0.00 0.0 0 11.2 22 360 M M 2 31 360
28 61 39 50 -2 15 0 0.00 0.0 0 5.4 13 50 M M 0 18 30
29 68 39 54 2 11 0 0.00 0.0 0 5.0 16 140 M M 3 1 20 130
30 73 49 61 9 4 0 T 0.0 0 9.0 17 190 M M 9 18 23 200
31 68 49 59 6 6 0 0.00 0.0 0 9.8 17 320 M M 1 27 320
================================================================================
SM 2008 1332 350 12 1.99 T 193.7 M 136
================================================================================
AV 64.8 43.0 6.2 FASTST M M 4 MAX(MPH)
MISC ----> 24 290 36 300
================================================================================
NOTES:
# LAST OF SEVERAL OCCURRENCES
COLUMN 17 PEAK WIND IN M.P.H.
PRELIMINARY LOCAL CLIMATOLOGICAL DATA (WS FORM: F-6) , PAGE 2
STATION: HOUSTON/D.W._HOOKS
MONTH: JANUARY
YEAR: 2021
LATITUDE: 30 4 N
LONGITUDE: 95 33 W
[TEMPERATURE DATA] [PRECIPITATION DATA] SYMBOLS USED IN COLUMN 16
AVERAGE MONTHLY: 53.9 TOTAL FOR MONTH: 1.99 1 = FOG OR MIST
DPTR FM NORMAL: 2.4 DPTR FM NORMAL: -1.56 2 = FOG REDUCING VISIBILITY
HIGHEST: 79 ON 25,24 GRTST 24HR 1.24 ON 9-10 TO 1/4 MILE OR LESS
LOWEST: 28 ON 12 3 = THUNDER
SNOW, ICE PELLETS, HAIL 4 = ICE PELLETS
TOTAL MONTH: T 5 = HAIL
GRTST 24HR T ON 10-10 6 = FREEZING RAIN OR DRIZZLE
GRTST DEPTH: 0 7 = DUSTSTORM OR SANDSTORM:
VSBY 1/2 MILE OR LESS
8 = SMOKE OR HAZE
[NO. OF DAYS WITH] [WEATHER - DAYS WITH] 9 = BLOWING SNOW
X = TORNADO
MAX 32 OR BELOW: 0 0.01 INCH OR MORE: 5
MAX 90 OR ABOVE: 0 0.10 INCH OR MORE: 3
MIN 32 OR BELOW: 4 0.50 INCH OR MORE: 2
MIN 0 OR BELOW: 0 1.00 INCH OR MORE: 0
[HDD (BASE 65) ]
TOTAL THIS MO. 350 CLEAR (SCALE 0-3) 14
DPTR FM NORMAL -78 PTCLDY (SCALE 4-7) 8
TOTAL FM JUL 1 832 CLOUDY (SCALE 8-10) 9
DPTR FM NORMAL -217
[CDD (BASE 65) ]
TOTAL THIS MO. 12
DPTR FM NORMAL 3 [PRESSURE DATA]
TOTAL FM JAN 1 12 HIGHEST SLP 30.59 ON 28
DPTR FM NORMAL 3 LOWEST SLP 29.69 ON 25
[REMARKS]
#FINAL-01-21#