000
CXUS54 KEWX 011010
CF6DZB
PRELIMINARY LOCAL CLIMATOLOGICAL DATA (WS FORM: F-6)
STATION: HORSESHOE BAY
MONTH: JULY
YEAR: 2023
LATITUDE: 30 31 N
LONGITUDE: 98 22 W
TEMPERATURE IN F: :PCPN: SNOW: WIND :SUNSHINE: SKY :PK WND
================================================================================
1 2 3 4 5 6A 6B 7 8 9 10 11 12 13 14 15 16 17 18
12Z AVG MX 2MIN
DY MAX MIN AVG DEP HDD CDD WTR SNW DPTH SPD SPD DIR MIN PSBL S-S WX SPD DR
================================================================================
1 99 72 86 M 0 21 0.41 M M 6.5 15 190 M M 3 23 190
2 93 72 83 M 0 18 0.01 M M 1.6 5 170 M M 1 M M
3 96 75 86 M 0 21 0.00 M M 3.5 8 200 M M 0 M M
4 96 78 87 M 0 22 0.00 M M 4.8 10 150 M M 1 16 180
5 99 77 88 M 0 23 0.00 M M 7.0 12 150 M M 2 22 160
6 94 75 85 M 0 20 0.00 M M 6.2 15 140 M M 4 24 130
7 93 72 83 M 0 18 0.00 M M 5.8 14 180 M M 4 21 170
8 99 72 86 M 0 21 0.00 M M 5.4 12 200 M M 1 20 130
9 102 77 90 M 0 25 0.00 M M 6.8 14 180 M M 1 20 180
10 104 75 90 M 0 25 0.00 M M 5.5 13 170 M M 0 18 170
11 105 79 92 M 0 27 0.00 M M 7.7 14 190 M M 0 27 180
12 106 78 92 M 0 27 0.00 M M 10.1 20 210 M M 0 28 210
13 105 75 90 M 0 25 0.00 M M 8.4 15 200 M M 0 24 180
14 105 77 91 M 0 26 0.00 M M 8.1 14 150 M M 0 22 150
15 105 77 91 M 0 26 0.00 M M 6.7 13 200 M M 0 20 190
16 104 76 90 M 0 25 0.00 M M 4.5 10 170 M M 0 18 220
17 106 80 93 M 0 28 0.00 M M 6.5 13 200 M M 0 20 180
18 106 78 92 M 0 27 0.00 M M 7.8 12 200 M M 0 8 20 190
19 105 77 91 M 0 26 0.00 M M 8.9 13 220 M M 0 22 180
20 104 76 90 M 0 25 0.00 M M 7.2 13 180 M M 0 20 180
21 103 75 89 M 0 24 0.00 M M 4.9 13 180 M M 0 23 180
22 103 78 91 M 0 26 0.00 M M 4.1 10 20 M M 1 16 350
23 103 76 90 M 0 25 0.00 M M 4.0 9 60 M M 1 18 20
24 103 71 87 M 0 22 0.00 M M 4.6 13 170 M M 0 20 170
25 101 72 87 M 0 22 0.00 M M 5.6 10 150 M M 0 20 180
26 101 77 89 M 0 24 0.00 M M 6.8 12 160 M M 1 21 150
27 101 74 88 M 0 23 0.00 M M 5.6 12 170 M M 1 18 170
28 100 74 87 M 0 22 0.00 M M 5.8 12 180 M M 0 8 18 180
29 101 71 86 M 0 21 0.00 M M 3.9 9 190 M M 1 24 190
30 103 74 89 M 0 24 0.00 M M 4.2 10 190 M M 0 16 180
31 103 75 89 M 0 24 0.00 M M 4.7 10 140 M M 1 20 140
================================================================================
SM 3148 2335 0 733 0.42 M 183.0 M 23
================================================================================
AV101.5 75.3 5.9 FASTST M M 1 MAX(MPH)
MISC ----> 20 210 28 210
================================================================================
NOTES:
# LAST OF SEVERAL OCCURRENCES
COLUMN 17 PEAK WIND IN M.P.H.
PRELIMINARY LOCAL CLIMATOLOGICAL DATA (WS FORM: F-6) , PAGE 2
STATION: HORSESHOE BAY
MONTH: JULY
YEAR: 2023
LATITUDE: 30 31 N
LONGITUDE: 98 22 W
[TEMPERATURE DATA] [PRECIPITATION DATA] SYMBOLS USED IN COLUMN 16
AVERAGE MONTHLY: 88.4 TOTAL FOR MONTH: 0.42 1 = FOG OR MIST
DPTR FM NORMAL: 0.0 DPTR FM NORMAL: M 2 = FOG REDUCING VISIBILITY
HIGHEST: 106 ON 18,17 GRTST 24HR 0.41 ON 1- 1 TO 1/4 MILE OR LESS
LOWEST: 71 ON 29,24 3 = THUNDER
SNOW, ICE PELLETS, HAIL 4 = ICE PELLETS
TOTAL MONTH: M 5 = HAIL
GRTST 24HR M ON M 6 = FREEZING RAIN OR DRIZZLE
GRTST DEPTH: M ON M 7 = DUSTSTORM OR SANDSTORM:
VSBY 1/2 MILE OR LESS
8 = SMOKE OR HAZE
[NO. OF DAYS WITH] [WEATHER - DAYS WITH] 9 = BLOWING SNOW
X = TORNADO
MAX 32 OR BELOW: 0 0.01 INCH OR MORE: 2
MAX 90 OR ABOVE: 31 0.10 INCH OR MORE: 1
MIN 32 OR BELOW: 0 0.50 INCH OR MORE: 0
MIN 0 OR BELOW: 0 1.00 INCH OR MORE: 0
[HDD (BASE 65) ]
TOTAL THIS MO. 0 CLEAR (SCALE 0-3) 28
DPTR FM NORMAL M PTCLDY (SCALE 4-7) 3
TOTAL FM JUL 1 0 CLOUDY (SCALE 8-10) 0
DPTR FM NORMAL M
[CDD (BASE 65) ]
TOTAL THIS MO. 733
DPTR FM NORMAL M [PRESSURE DATA]
TOTAL FM JAN 1 1901 HIGHEST SLP M ON M
DPTR FM NORMAL M LOWEST SLP M ON M
[REMARKS]
#FINAL-07-23#