000
CXUS54 KEWX 011010
CF6DZB
PRELIMINARY LOCAL CLIMATOLOGICAL DATA (WS FORM: F-6)
STATION: HORSESHOE BAY
MONTH: JULY
YEAR: 2021
LATITUDE: 30 31 N
LONGITUDE: 98 22 W
TEMPERATURE IN F: :PCPN: SNOW: WIND :SUNSHINE: SKY :PK WND
================================================================================
1 2 3 4 5 6A 6B 7 8 9 10 11 12 13 14 15 16 17 18
12Z AVG MX 2MIN
DY MAX MIN AVG DEP HDD CDD WTR SNW DPTH SPD SPD DIR MIN PSBL S-S WX SPD DR
================================================================================
1 93 71 82 M 0 17 0.00 M M 2.0 6 150 M M 2 M M
2 94 74 84 M 0 19 0.00 M M 3.1 10 200 M M 1 20 70
3 86 74 80 M 0 15 0.00 M M 2.6 7 70 M M 4 M M
4 89 74 82 M 0 17 0.00 M M 2.5 8 80 M M 7 1 M M
5 86 73 80 M 0 15 1.18 M M 1.9 13 140 M M 7 13 17 140
6 85 72 79 M 0 14 0.86 M M 3.7 8 40 M M 7 1 17 140
7 87 69 78 M 0 13 0.00 M M 2.9 7 170 M M 4 1 16 90
8 90 70 80 M 0 15 0.65 M M 4.2 10 90 M M 6 18 70
9 82 74 78 M 0 13 0.11 M M 5.4 10 160 M M 10 17 160
10 90 73 82 M 0 17 0.01 M M 5.6 15 200 M M 5 23 200
11 91 74 83 M 0 18 0.00 M M 5.6 13 180 M M 3 18 180
12 84 72 78 M 0 13 0.00 M M 4.2 13 50 M M 4 16 50
13 91 69 80 M 0 15 0.07 M M 4.0 21 170 M M 4 33 170
14 91 69 80 M 0 15 0.00 M M 5.4 10 160 M M 3 16 150
15 91 71 81 M 0 16 0.00 M M 5.9 12 180 M M 4 18 190
16 91 74 83 M 0 18 0.00 M M 7.8 12 180 M M 4 20 160
17 92 72 82 M 0 17 0.00 M M 6.2 13 180 M M 3 18 170
18 93 70 82 M 0 17 0.00 M M 4.3 9 180 M M 2 16 180
19 92 73 83 M 0 18 0.06 M M 3.6 13 340 M M 3 17 340
20 89 71 80 M 0 15 0.01 M M 2.2 8 70 M M 7 1 18 0
21 91 71 81 M 0 16 0.04 M M 2.9 9 310 M M 5 3 M M
22 92 68 80 M 0 15 0.00 M M 4.8 12 190 M M 1 22 180
23 93 72 83 M 0 18 0.00 M M 7.9 15 170 M M 5 25 180
24 97 77 87 M 0 22 0.00 M M 7.9 13 190 M M 3 22 190
25 99 73 86 M 0 21 0.00 M M 5.9 12 160 M M 1 18 150
26 98 72 85 M 0 20 0.00 M M 4.1 8 160 M M 1 M M
27 97 72 85 M 0 20 0.00 M M 2.8 7 M M M 0 8 M M
28 96 76 86 M 0 21 0.00 M M 2.9 8 180 M M 1 8 M M
29 96 72 84 M 0 19 0.00 M M 2.0 8 180 M M 1 8 29 100
30 96 70 83 M 0 18 0.00 M M 2.3 8 140 M M 1 M M
31 98 74 86 M 0 21 0.00 M M 3.7 8 140 M M 1 18 130
================================================================================
SM 2840 2236 0 528 2.99 M 130.2 M 110
================================================================================
AV 91.6 72.1 4.2 FASTST M M 4 MAX(MPH)
MISC ----> 21 170 33 170
================================================================================
NOTES:
# LAST OF SEVERAL OCCURRENCES
COLUMN 17 PEAK WIND IN M.P.H.
PRELIMINARY LOCAL CLIMATOLOGICAL DATA (WS FORM: F-6) , PAGE 2
STATION: HORSESHOE BAY
MONTH: JULY
YEAR: 2021
LATITUDE: 30 31 N
LONGITUDE: 98 22 W
[TEMPERATURE DATA] [PRECIPITATION DATA] SYMBOLS USED IN COLUMN 16
AVERAGE MONTHLY: 81.9 TOTAL FOR MONTH: 2.99 1 = FOG OR MIST
DPTR FM NORMAL: 0.0 DPTR FM NORMAL: M 2 = FOG REDUCING VISIBILITY
HIGHEST: 99 ON 25 GRTST 24HR 1.18 ON 5- 5 TO 1/4 MILE OR LESS
LOWEST: 68 ON 22 3 = THUNDER
SNOW, ICE PELLETS, HAIL 4 = ICE PELLETS
TOTAL MONTH: 0.0 INCH 5 = HAIL
GRTST 24HR M ON M 6 = FREEZING RAIN OR DRIZZLE
GRTST DEPTH: 0 7 = DUSTSTORM OR SANDSTORM:
VSBY 1/2 MILE OR LESS
8 = SMOKE OR HAZE
[NO. OF DAYS WITH] [WEATHER - DAYS WITH] 9 = BLOWING SNOW
X = TORNADO
MAX 32 OR BELOW: 0 0.01 INCH OR MORE: 9
MAX 90 OR ABOVE: 23 0.10 INCH OR MORE: 4
MIN 32 OR BELOW: 0 0.50 INCH OR MORE: 3
MIN 0 OR BELOW: 0 1.00 INCH OR MORE: 1
[HDD (BASE 65) ]
TOTAL THIS MO. 0 CLEAR (SCALE 0-3) 14
DPTR FM NORMAL M PTCLDY (SCALE 4-7) 16
TOTAL FM JUL 1 0 CLOUDY (SCALE 8-10) 1
DPTR FM NORMAL M
[CDD (BASE 65) ]
TOTAL THIS MO. 528
DPTR FM NORMAL M [PRESSURE DATA]
TOTAL FM JAN 1 1448 HIGHEST SLP M ON M
DPTR FM NORMAL M LOWEST SLP M ON M
[REMARKS]
#FINAL-07-21#