000
CXUS54 KMAF 011110
CF6E38
PRELIMINARY LOCAL CLIMATOLOGICAL DATA (WS FORM: F-6)
STATION: ALPINE-CASPARIS MUNICIPAL
MONTH: SEPTEMBER
YEAR: 2021
LATITUDE: 30 23 N
LONGITUDE: 103 41 W
TEMPERATURE IN F: :PCPN: SNOW: WIND :SUNSHINE: SKY :PK WND
================================================================================
1 2 3 4 5 6A 6B 7 8 9 10 11 12 13 14 15 16 17 18
12Z AVG MX 2MIN
DY MAX MIN AVG DEP HDD CDD WTR SNW DPTH SPD SPD DIR MIN PSBL S-S WX SPD DR
================================================================================
1 89 67 78 M 0 13 0.23 M M 5.4 13 330 M M 4 30 140
2 88 64 76 M 0 11 0.05 M M 4.8 14 230 M M 4 3 29 10
3 89 66 78 M 0 13 M M M 6.0 12 220 M M 2 18 220
4 89 64 77 M 0 12 M M M 5.1 13 60 M M 2 31 70
5 88 60 74 M 0 9 M M M 5.3 15 10 M M 1 25 90
6 89 58 74 M 0 9 M M M 3.7 8 100 M M 0 9 90
7 92 62 77 M 0 12 M M M 4.8 13 50 M M 1 17 60
8 89 62 76 M 0 11 M M M 6.9 16 60 M M 1 26 60
9 90 60 75 M 0 10 M M M 6.6 14 110 M M 1 20 80
10 92 63 78 M 0 13 M M M 4.9 12 250 M M 0 17 130
11 90 60 75 M 0 10 M M M 6.5 15 130 M M 0 17 80
12 88 55 72 M 0 7 M M M 5.4 12 130 M M 0 20 150
13 88 57 73 M 0 8 M M M 4.9 10 130 M M 0 M M
14 94 60 77 M 0 12 M M M 5.9 12 60 M M 0 18 60
15 90 60 75 M 0 10 M M M 5.8 12 90 M M 0 10 30
16 91 63 77 M 0 12 0.32 M M 6.6 23 260 M M 2 37 260
17 92 63 78 M 0 13 0.01 M M 7.1 15 190 M M 1 3 21 190
18 91 60 76 M 0 11 M M M 5.8 13 100 M M 1 22 120
19 92 61 77 M 0 12 M M M 5.4 9 160 M M 1 20 90
20 94 70 82 M 0 17 M M M 7.0 15 270 M M 3 21 270
21 78 59 69 M 0 4 M M M 12.9 24 10 M M 2 31 10
22 77 48 63 M 2 0 M M M 4.0 10 110 M M 0 17 0
23 85 51 68 M 0 3 M M M 6.0 10 180 M M 0 M M
24 83 61 72 M 0 7 M M M 5.2 9 150 M M 4 M M
25 86 58 72 M 0 7 M M M 6.3 15 130 M M 0 21 80
26 87 62 75 M 0 10 0.04 M M 6.1 13 230 M M 2 18 160
27 83 60 72 M 0 7 0.22 M M 7.3 16 260 M M 4 25 240
28 84 57 71 M 0 6 M M M 7.9 15 260 M M 4 25 230
29 85 57 71 M 0 6 M M M 7.7 15 260 M M 3 21 230
30 77 56 67 M 0 2 0.19 M M 5.6 17 60 M M 3 23 30
================================================================================
SM 2630 1804 2 277 1.06 M 183.0 M 46
================================================================================
AV 87.7 60.1 6.1 FASTST M M 2 MAX(MPH)
MISC ----> 24 10 37 260
================================================================================
NOTES:
# LAST OF SEVERAL OCCURRENCES
COLUMN 17 PEAK WIND IN M.P.H.
PRELIMINARY LOCAL CLIMATOLOGICAL DATA (WS FORM: F-6) , PAGE 2
STATION: ALPINE-CASPARIS MUNICIPAL
MONTH: SEPTEMBER
YEAR: 2021
LATITUDE: 30 23 N
LONGITUDE: 103 41 W
[TEMPERATURE DATA] [PRECIPITATION DATA] SYMBOLS USED IN COLUMN 16
AVERAGE MONTHLY: 73.9 TOTAL FOR MONTH: 1.06 1 = FOG OR MIST
DPTR FM NORMAL: 0.0 DPTR FM NORMAL: M 2 = FOG REDUCING VISIBILITY
HIGHEST: 94 ON 20,14 GRTST 24HR 0.32 ON 16-16 TO 1/4 MILE OR LESS
LOWEST: 48 ON 22 3 = THUNDER
SNOW, ICE PELLETS, HAIL 4 = ICE PELLETS
TOTAL MONTH: M 5 = HAIL
GRTST 24HR M ON M 6 = FREEZING RAIN OR DRIZZLE
GRTST DEPTH: M ON M 7 = DUSTSTORM OR SANDSTORM:
VSBY 1/2 MILE OR LESS
8 = SMOKE OR HAZE
[NO. OF DAYS WITH] [WEATHER - DAYS WITH] 9 = BLOWING SNOW
X = TORNADO
MAX 32 OR BELOW: 0 0.01 INCH OR MORE: 7
MAX 90 OR ABOVE: 11 0.10 INCH OR MORE: 4
MIN 32 OR BELOW: 0 0.50 INCH OR MORE: 0
MIN 0 OR BELOW: 0 1.00 INCH OR MORE: 0
[HDD (BASE 65) ]
TOTAL THIS MO. 2 CLEAR (SCALE 0-3) 25
DPTR FM NORMAL M PTCLDY (SCALE 4-7) 5
TOTAL FM JUL 1 2 CLOUDY (SCALE 8-10) 0
DPTR FM NORMAL M
[CDD (BASE 65) ]
TOTAL THIS MO. 277
DPTR FM NORMAL M [PRESSURE DATA]
TOTAL FM JAN 1 1691 HIGHEST SLP M ON M
DPTR FM NORMAL M LOWEST SLP M ON M
[REMARKS]
#FINAL-09-21#