000
CXUS54 KMAF 011110
CF6E38
PRELIMINARY LOCAL CLIMATOLOGICAL DATA (WS FORM: F-6)
STATION: ALPINE-CASPARIS MUNICIPAL
MONTH: APRIL
YEAR: 2021
LATITUDE: 30 23 N
LONGITUDE: 103 41 W
TEMPERATURE IN F: :PCPN: SNOW: WIND :SUNSHINE: SKY :PK WND
================================================================================
1 2 3 4 5 6A 6B 7 8 9 10 11 12 13 14 15 16 17 18
12Z AVG MX 2MIN
DY MAX MIN AVG DEP HDD CDD WTR SNW DPTH SPD SPD DIR MIN PSBL S-S WX SPD DR
================================================================================
1 66 37 52 M 13 0 M M M 6.8 13 150 M M 0 17 140
2 78 45 62 M 3 0 0.08 M M 9.1 16 150 M M 1 3 23 160
3 81 50 66 M 0 1 M M M 6.2 12 10 M M 2 23 80
4 73 46 60 M 5 0 M M M 5.2 10 40 M M 2 M M
5 87 51 69 M 0 4 M M M 10.7 18 160 M M 1 24 150
6 88 57 73 M 0 8 M M M 14.2 26 280 M M 0 38 280
7 82 56 69 M 0 4 M M M 9.8 23 310 M M 0 28 290
8 86 51 69 M 0 4 M M M 12.8 24 260 M M 0 33 260
9 83 57 70 M 0 5 M M M 13.1 22 300 M M 0 33 320
10 83 45 64 M 1 0 M M M 5.7 17 260 M M 0 38 290
11 86 50 68 M 0 3 M M M 11.7 23 270 M M 0 29 270
12 76 54 65 M 0 0 M M M 8.0 14 40 M M 0 21 80
13 64 49 57 M 8 0 M M M 9.6 15 40 M M 6 20 40
14 77 52 65 M 0 0 M M M 5.8 14 60 M M 4 20 60
15 76 51 64 M 1 0 M M M 4.1 15 60 M M 3 20 60
16 76 49 63 M 2 0 M M M 7.9 18 70 M M 2 23 70
17 55 37 46 M 19 0 M M M 12.9 17 50 M M 6 24 50
18 60 38 49 M 16 0 M M M 9.7 15 50 M M 6 24 50
19 67 47 57 M 8 0 0.03 M M 6.5 16 230 M M 4 21 230
20 68 44 56 M 9 0 M M M 10.9 21 10 M M 0 26 10
21 69 34 52 M 13 0 M M M 8.0 13 60 M M 0 17 60
22 75 40 58 M 7 0 M M M 5.6 13 260 M M 0 18 240
23 76 55 66 M 0 1 M M M 13.5 28 260 M M 1 39 260
24 82 53 68 M 0 3 M M M 8.9 16 290 M M 0 24 290
25 89 55 72 M 0 7 M M M 10.0 18 190 M M 0 33 190
26 85 61 73 M 0 8 M M M 10.7 21 200 M M 0 40 190
27 89 66 78 M 0 13 M M M 16.0 26 230 M M 0 43 230
28 82 49 66 M 0 1 0.01 M M 10.1 24 240 M M 3 35 360
29 66 48 57 M 8 0 M M M 9.3 15 10 M M 6 21 60
30 56 48 52 M 13 0 0.24 M M 6.2 14 30 M M 8 18 30
================================================================================
SM 2281 1475 126 62 0.36 M 279.1 M 55
================================================================================
AV 76.0 49.2 9.3 FASTST M M 2 MAX(MPH)
MISC ----> 28 260 43 230
================================================================================
NOTES:
# LAST OF SEVERAL OCCURRENCES
COLUMN 17 PEAK WIND IN M.P.H.
PRELIMINARY LOCAL CLIMATOLOGICAL DATA (WS FORM: F-6) , PAGE 2
STATION: ALPINE-CASPARIS MUNICIPAL
MONTH: APRIL
YEAR: 2021
LATITUDE: 30 23 N
LONGITUDE: 103 41 W
[TEMPERATURE DATA] [PRECIPITATION DATA] SYMBOLS USED IN COLUMN 16
AVERAGE MONTHLY: 62.6 TOTAL FOR MONTH: 0.36 1 = FOG OR MIST
DPTR FM NORMAL: 0.0 DPTR FM NORMAL: M 2 = FOG REDUCING VISIBILITY
HIGHEST: 89 ON 27,25 GRTST 24HR 0.24 ON 30-30 TO 1/4 MILE OR LESS
LOWEST: 34 ON 21 3 = THUNDER
SNOW, ICE PELLETS, HAIL 4 = ICE PELLETS
TOTAL MONTH: M 5 = HAIL
GRTST 24HR M ON M 6 = FREEZING RAIN OR DRIZZLE
GRTST DEPTH: M ON M 7 = DUSTSTORM OR SANDSTORM:
VSBY 1/2 MILE OR LESS
8 = SMOKE OR HAZE
[NO. OF DAYS WITH] [WEATHER - DAYS WITH] 9 = BLOWING SNOW
X = TORNADO
MAX 32 OR BELOW: 0 0.01 INCH OR MORE: 4
MAX 90 OR ABOVE: 0 0.10 INCH OR MORE: 1
MIN 32 OR BELOW: 0 0.50 INCH OR MORE: 0
MIN 0 OR BELOW: 0 1.00 INCH OR MORE: 0
[HDD (BASE 65) ]
TOTAL THIS MO. 126 CLEAR (SCALE 0-3) 22
DPTR FM NORMAL M PTCLDY (SCALE 4-7) 8
TOTAL FM JUL 1 2432 CLOUDY (SCALE 8-10) 0
DPTR FM NORMAL M
[CDD (BASE 65) ]
TOTAL THIS MO. 62
DPTR FM NORMAL M [PRESSURE DATA]
TOTAL FM JAN 1 76 HIGHEST SLP M ON M
DPTR FM NORMAL M LOWEST SLP M ON M
[REMARKS]
#FINAL-04-21#