000
CXUS53 KMPX 011540
CF6EAU
PRELIMINARY LOCAL CLIMATOLOGICAL DATA (WS FORM: F-6)
STATION: EAU CLAIRE WI
MONTH: AUGUST
YEAR: 2020
LATITUDE: 44 52 N
LONGITUDE: 91 29 W
TEMPERATURE IN F: :PCPN: SNOW: WIND :SUNSHINE: SKY :PK WND
================================================================================
1 2 3 4 5 6A 6B 7 8 9 10 11 12 13 14 15 16 17 18
12Z AVG MX 2MIN
DY MAX MIN AVG DEP HDD CDD WTR SNW DPTH SPD SPD DIR MIN PSBL S-S WX SPD DR
================================================================================
1 85 56 71 0 0 6 T 0.0 0 3.9 15 310 M M 4 12 21 320
2 70 51 61 -10 4 0 0.00 0.0 0 8.4 17 360 M M 7 28 360
3 71 45 58 -13 7 0 0.00 0.0 0 5.0 16 60 M M 5 1 23 30
4 76 51 64 -7 1 0 0.00 0.0 0 2.2 10 320 M M 6 1 15 270
5 79 54 67 -4 0 2 0.00 0.0 0 3.7 13 220 M M 3 18 220
6 79 50 65 -6 0 0 0.00 0.0 0 6.1 16 180 M M 4 1 20 170
7 84 63 74 3 0 9 0.00 0.0 0 10.6 21 170 M M 5 28 150
8 86 65 76 6 0 11 0.33 0.0 0 7.8 32 230 M M 7 138 45 230
9 86 62 74 4 0 9 0.01 0.0 0 7.8 21 170 M M 2 1 29 180
10 78 58 68 -2 0 3 0.04 0.0 0 6.9 20 320 M M 2 26 310
11 86 54 70 0 0 5 0.00 0.0 0 4.9 14 220 M M 0 19 250
12 80 56 68 -2 0 3 0.03 0.0 0 5.3 15 80 M M 5 123 22 350
13 89 68 79 9 0 14 0.00 0.0 0 9.6 16 200 M M 5 23 200
14 88 63 76 6 0 11 0.16 0.0 0 8.4 24 330 M M 3 3 38 270
15 77 59 68 -2 0 3 0.00 0.0 0 5.7 16 330 M M 4 23 360
16 82 57 70 0 0 5 0.05 0.0 0 6.4 20 310 M M 2 123 33 300
17 77 54 66 -4 0 1 T 0.0 0 6.0 18 330 M M 3 25 360
18 79 49 64 -5 1 0 0.00 0.0 0 2.0 10 310 M M 1 12 17 280
19 84 53 69 0 0 4 0.00 0.0 0 7.1 17 210 M M 1 12 24 220
20 84 58 71 2 0 6 0.00 0.0 0 7.4 16 220 M M 1 22 200
21 89 66 78 9 0 13 0.30 0.0 0 8.1 17 210 M M 4 3 21 190
22 80 65 73 4 0 8 0.68 0.0 0 4.5 17 170 M M 5 13 23 160
23 89 62 76 8 0 11 0.00 0.0 0 3.0 12 270 M M 1 1 16 210
24 88 67 78 10 0 13 0.01 0.0 0 4.0 13 160 M M 3 13 18 220
25 84 69 77 9 0 12 0.25 0.0 0 8.4 16 150 M M 3 13 22 80
26 91 72 82 14 0 17 0.02 0.0 0 9.4 22 210 M M 1 30 210
27 87 70 79 11 0 14 0.00 0.0 M 5.1 9 80 M M 3 1 14 10
28 81 66 74 7 0 9 0.39 0.0 0 9.8 25 320 M M 5 13 35 320
29 77 54 66 -1 0 1 0.00 0.0 0 7.4 21 310 M M 0 1 27 310
30 77 49 63 -4 2 0 0.03 0.0 0 7.4 14 180 M M 2 1 25 180
31 72 54 63 -3 2 0 0.58 0.0 0 7.9 24 120 M M 5 1 32 130
================================================================================
SM 2535 1820 17 190 2.88 0.0 200.2 M 102
================================================================================
AV 81.8 58.7 6.5 FASTST M M 3 MAX(MPH)
MISC ----> 32 230 45 230
================================================================================
NOTES:
# LAST OF SEVERAL OCCURRENCES
COLUMN 17 PEAK WIND IN M.P.H.
PRELIMINARY LOCAL CLIMATOLOGICAL DATA (WS FORM: F-6) , PAGE 2
STATION: EAU CLAIRE WI
MONTH: AUGUST
YEAR: 2020
LATITUDE: 44 52 N
LONGITUDE: 91 29 W
[TEMPERATURE DATA] [PRECIPITATION DATA] SYMBOLS USED IN COLUMN 16
AVERAGE MONTHLY: 70.2 TOTAL FOR MONTH: 2.88 1 = FOG OR MIST
DPTR FM NORMAL: 0.9 DPTR FM NORMAL: -1.59 2 = FOG REDUCING VISIBILITY
HIGHEST: 91 ON 26 GRTST 24HR 0.98 ON 21-22 TO 1/4 MILE OR LESS
LOWEST: 45 ON 3 3 = THUNDER
SNOW, ICE PELLETS, HAIL 4 = ICE PELLETS
TOTAL MONTH: 0.0 INCH 5 = HAIL
GRTST 24HR 0.0 6 = FREEZING RAIN OR DRIZZLE
GRTST DEPTH: 0 7 = DUSTSTORM OR SANDSTORM:
VSBY 1/2 MILE OR LESS
8 = SMOKE OR HAZE
[NO. OF DAYS WITH] [WEATHER - DAYS WITH] 9 = BLOWING SNOW
X = TORNADO
MAX 32 OR BELOW: 0 0.01 INCH OR MORE: 14
MAX 90 OR ABOVE: 1 0.10 INCH OR MORE: 7
MIN 32 OR BELOW: 0 0.50 INCH OR MORE: 2
MIN 0 OR BELOW: 0 1.00 INCH OR MORE: 0
[HDD (BASE 65) ]
TOTAL THIS MO. 17 CLEAR (SCALE 0-3) 13
DPTR FM NORMAL -11 PTCLDY (SCALE 4-7) 18
TOTAL FM JUL 1 18 CLOUDY (SCALE 8-10) 0
DPTR FM NORMAL -21
[CDD (BASE 65) ]
TOTAL THIS MO. 190
DPTR FM NORMAL 29 [PRESSURE DATA]
TOTAL FM JAN 1 652 HIGHEST SLP 30.18 ON 3
DPTR FM NORMAL 125 LOWEST SLP 29.60 ON 31
[REMARKS]
#FINAL-08-20#