000
CXUS52 KTAE 010900
CF6ECP
PRELIMINARY LOCAL CLIMATOLOGICAL DATA (WS FORM: F-6)
STATION: PANAMA CITY NW
MONTH: FEBRUARY
YEAR: 2024
LATITUDE: 30 21 N
LONGITUDE: 85 48 W
TEMPERATURE IN F: :PCPN: SNOW: WIND :SUNSHINE: SKY :PK WND
================================================================================
1 2 3 4 5 6A 6B 7 8 9 10 11 12 13 14 15 16 17 18
12Z AVG MX 2MIN
DY MAX MIN AVG DEP HDD CDD WTR SNW DPTH SPD SPD DIR MIN PSBL S-S WX SPD DR
================================================================================
1 63 35 49 -5 16 0 0.00 0.0 0 2.7 14 170 M M 0 18 170
2 69 40 55 1 10 0 0.00 0.0 0 2.5 14 160 M M 0 18 160
3 73 39 56 2 9 0 0.00 0.0 0 5.2 15 160 M M 0 1 19 160
4 58 45 52 -2 13 0 0.97 M M 7.7 20 300 M M 7 13 25 320
5 60 45 53 -1 12 0 0.00 0.0 M 8.4 21 340 M M 8 29 350
6 69 41 55 1 10 0 0.00 0.0 0 5.4 13 340 M M 0 17 320
7 68 37 53 -2 12 0 0.00 0.0 M 4.1 13 90 M M 0 20 110
8 68 42 55 0 10 0 0.00 0.0 M 6.7 17 150 M M 0 24 140
9 71 50 61 6 4 0 0.00 0.0 M 6.5 20 150 M M 6 28 150
10 74 63 69 14 0 4 0.00 0.0 M 10.0 23 140 M M 9 1 33 160
11 73 66 70 15 0 5 0.66 0.0 M 9.5 17 160 M M 10 1 25 180
12 72 51 62 7 3 0 2.21 0.0 0 12.6 29 210 M M 8 123 41 230
13 64 43 54 -2 11 0 0.00 0.0 M 8.5 21 310 M M 2 28 310
14 68 37 53 -3 12 0 0.00 0.0 M 3.7 10 50 M M 0 14 20
15 65 48 57 1 8 0 0.00 0.0 0 2.2 8 170 M M 1 12 340
16 66 49 58 2 7 0 0.03 0.0 0 2.7 10 150 M M 5 13 140
17 63 45 54 -2 11 0 0.38 0.0 0 7.5 21 320 M M 10 1 28 320
18 52 38 45 -11 20 0 0.00 0.0 0 8.1 15 330 M M 1 20 360
19 66 33 50 -6 15 0 0.00 0.0 0 5.1 13 310 M M 0 1 16 340
20 66 33 50 -7 15 0 0.00 0.0 0 4.7 15 200 M M 0 1 20 200
21 72 38 55 -2 10 0 0.00 0.0 0 4.9 15 170 M M 0 1 17 170
22 70 41 56 -1 9 0 T 0.0 0 8.7 21 140 M M 3 1 28 140
23 78 52 65 8 0 0 0.04 0.0 0 10.3 23 300 M M 5 18 32 290
24 73 42 58 1 7 0 0.00 0.0 0 9.4 24 220 M M 0 33 230
25 71 39 55 -3 10 0 0.00 0.0 0 4.1 15 160 M M 0 17 170
26 74 41 58 0 7 0 0.00 0.0 0 8.1 16 140 M M 1 22 140
27 76 65 71 13 0 6 0.00 0.0 0 14.3 25 160 M M 7 35 140
28 80 60 70 12 0 5 0.00 0.0 0 11.5 24 330 M M 8 18 30 330
29 67 51 59 1 6 0 0.00 0.0 0 9.9 15 10 M M 3 25 360
================================================================================
SM 1989 1309 247 20 4.29 0.0 205.0 M 94
================================================================================
AV 68.6 45.1 7.1 FASTST M M 3 MAX(MPH)
MISC ----> 29 210 41 230
================================================================================
NOTES:
# LAST OF SEVERAL OCCURRENCES
COLUMN 17 PEAK WIND IN M.P.H.
PRELIMINARY LOCAL CLIMATOLOGICAL DATA (WS FORM: F-6) , PAGE 2
STATION: PANAMA CITY NW
MONTH: FEBRUARY
YEAR: 2024
LATITUDE: 30 21 N
LONGITUDE: 85 48 W
[TEMPERATURE DATA] [PRECIPITATION DATA] SYMBOLS USED IN COLUMN 16
AVERAGE MONTHLY: 56.9 TOTAL FOR MONTH: 4.29 1 = FOG OR MIST
DPTR FM NORMAL: 1.1 DPTR FM NORMAL: -0.48 2 = FOG REDUCING VISIBILITY
HIGHEST: 80 ON 28 GRTST 24HR 2.36 ON 11-12 TO 1/4 MILE OR LESS
LOWEST: 33 ON 20,19 3 = THUNDER
SNOW, ICE PELLETS, HAIL 4 = ICE PELLETS
TOTAL MONTH: 0.0 INCH 5 = HAIL
GRTST 24HR 0.0 6 = FREEZING RAIN OR DRIZZLE
GRTST DEPTH: 0 7 = DUSTSTORM OR SANDSTORM:
VSBY 1/2 MILE OR LESS
8 = SMOKE OR HAZE
[NO. OF DAYS WITH] [WEATHER - DAYS WITH] 9 = BLOWING SNOW
X = TORNADO
MAX 32 OR BELOW: 0 0.01 INCH OR MORE: 6
MAX 90 OR ABOVE: 0 0.10 INCH OR MORE: 4
MIN 32 OR BELOW: 0 0.50 INCH OR MORE: 3
MIN 0 OR BELOW: 0 1.00 INCH OR MORE: 1
[HDD (BASE 65) ]
TOTAL THIS MO. 247 CLEAR (SCALE 0-3) 18
DPTR FM NORMAL -21 PTCLDY (SCALE 4-7) 8
TOTAL FM JUL 1 1096 CLOUDY (SCALE 8-10) 3
DPTR FM NORMAL -121
[CDD (BASE 65) ]
TOTAL THIS MO. 20
DPTR FM NORMAL 10 [PRESSURE DATA]
TOTAL FM JAN 1 32 HIGHEST SLP 30.37 ON 21
DPTR FM NORMAL 12 LOWEST SLP 29.44 ON 4
[REMARKS]
#FINAL-02-24#