000
CXUS52 KTAE 240800
CF6ECP
PRELIMINARY LOCAL CLIMATOLOGICAL DATA (WS FORM: F-6)
STATION: PANAMA CITY NW
MONTH: APRIL
YEAR: 2024
LATITUDE: 30 21 N
LONGITUDE: 85 48 W
TEMPERATURE IN F: :PCPN: SNOW: WIND :SUNSHINE: SKY :PK WND
================================================================================
1 2 3 4 5 6A 6B 7 8 9 10 11 12 13 14 15 16 17 18
12Z AVG MX 2MIN
DY MAX MIN AVG DEP HDD CDD WTR SNW DPTH SPD SPD DIR MIN PSBL S-S WX SPD DR
================================================================================
1 79 64 72 8 0 7 0.00 0.0 M 7.9 17 180 M M 4 1 24 160
2 79 70 75 11 0 10 0.01 0.0 M 12.0 24 170 M M 9 1 33 180
3 76 55 66 2 0 1 0.33 0.0 M 12.2 28 210 M M 4 138 39 210
4 71 43 57 -8 8 0 0.00 0.0 0 9.2 22 210 M M 0 30 210
5 76 45 61 -4 4 0 0.00 0.0 0 5.6 18 200 M M 0 24 220
6 75 47 61 -4 4 0 0.00 0.0 M 4.1 13 220 M M 0 18 180
7 76 47 62 -3 3 0 0.00 0.0 M 5.8 15 180 M M 0 20 160
8 78 54 66 0 0 1 0.00 0.0 0 8.2 20 150 M M 1 26 160
9 78 58 68 2 0 3 0.00 0.0 0 9.2 24 120 M M 3 8 33 120
10 80 60 70 4 0 5 2.37 0.0 M 13.9 35 200 M M 6 13 53 150
11 73 54 64 -2 1 0 T 0.0 M 14.1 30 220 M M 5 41 230
12 79 53 66 0 0 1 0.00 0.0 M 8.9 20 290 M M 0 28 290
13 83 47 65 -1 0 0 0.01 M M 5.7 16 310 M M 0 22 300
14 82 51 67 0 0 2 0.00 0.0 M 4.4 15 190 M M 0 20 200
15 78 52 65 -2 0 0 0.01 0.0 0 3.9 14 180 M M 2 12 18 150
16 82 55 69 2 0 4 0.00 0.0 M 5.3 17 150 M M 0 1 23 150
17 81 60 71 4 0 6 0.00 0.0 0 6.3 17 180 M M 0 24 180
18 79 62 71 3 0 6 0.00 0.0 0 3.8 15 170 M M 3 128 18 180
19 84 64 74 6 0 9 0.00 0.0 0 5.1 17 180 M M 5 128 23 170
20 84 65 75 7 0 10 0.01 0.0 0 4.7 15 170 M M 4 128 20 180
21 74 54 64 -4 1 0 0.21 0.0 M 7.0 23 300 M M 6 138 30 300
22 73 49 61 -7 4 0 0.00 0.0 M 8.0 17 320 M M 0 27 330
23 75 47 61 -8 4 0 0.00 0.0 M 5.2 14 190 M M 0 21 200
================================================================================
SM 1795 1256 29 65 2.95 0.0 170.5 M 52
================================================================================
AV 78.0 54.6 7.4 FASTST M M 2 MAX(MPH)
MISC ----> 35 200 53 150
================================================================================
NOTES:
# LAST OF SEVERAL OCCURRENCES
COLUMN 17 PEAK WIND IN M.P.H.
PRELIMINARY LOCAL CLIMATOLOGICAL DATA (WS FORM: F-6) , PAGE 2
STATION: PANAMA CITY NW
MONTH: APRIL
YEAR: 2024
LATITUDE: 30 21 N
LONGITUDE: 85 48 W
[TEMPERATURE DATA] [PRECIPITATION DATA] SYMBOLS USED IN COLUMN 16
AVERAGE MONTHLY: 66.3 TOTAL FOR MONTH: 2.95 1 = FOG OR MIST
DPTR FM NORMAL: 0.0 DPTR FM NORMAL: -1.00 2 = FOG REDUCING VISIBILITY
HIGHEST: 84 ON 20,19 GRTST 24HR 2.37 ON 10-10 TO 1/4 MILE OR LESS
LOWEST: 43 ON 4 3 = THUNDER
SNOW, ICE PELLETS, HAIL 4 = ICE PELLETS
TOTAL MONTH: 0.0 INCH 5 = HAIL
GRTST 24HR 0.0 6 = FREEZING RAIN OR DRIZZLE
GRTST DEPTH: 0 7 = DUSTSTORM OR SANDSTORM:
VSBY 1/2 MILE OR LESS
8 = SMOKE OR HAZE
[NO. OF DAYS WITH] [WEATHER - DAYS WITH] 9 = BLOWING SNOW
X = TORNADO
MAX 32 OR BELOW: 0 0.01 INCH OR MORE: 7
MAX 90 OR ABOVE: 0 0.10 INCH OR MORE: 3
MIN 32 OR BELOW: 0 0.50 INCH OR MORE: 1
MIN 0 OR BELOW: 0 1.00 INCH OR MORE: 1
[HDD (BASE 65) ]
TOTAL THIS MO. 29 CLEAR (SCALE 0-3) 14
DPTR FM NORMAL -10 PTCLDY (SCALE 4-7) 8
TOTAL FM JUL 1 1200 CLOUDY (SCALE 8-10) 1
DPTR FM NORMAL -203
[CDD (BASE 65) ]
TOTAL THIS MO. 65
DPTR FM NORMAL -3 [PRESSURE DATA]
TOTAL FM JAN 1 158 HIGHEST SLP M ON M
DPTR FM NORMAL 32 LOWEST SLP 29.55 ON 10
[REMARKS]