000
CXUS54 KEWX 011110
CF6ECU
PRELIMINARY LOCAL CLIMATOLOGICAL DATA (WS FORM: F-6)
STATION: EDWARDS COUNTY AIRPORT
MONTH: DECEMBER
YEAR: 2022
LATITUDE: 29 57 N
LONGITUDE: 100 10 W
TEMPERATURE IN F: :PCPN: SNOW: WIND :SUNSHINE: SKY :PK WND
================================================================================
1 2 3 4 5 6A 6B 7 8 9 10 11 12 13 14 15 16 17 18
12Z AVG MX 2MIN
DY MAX MIN AVG DEP HDD CDD WTR SNW DPTH SPD SPD DIR MIN PSBL S-S WX SPD DR
================================================================================
1 54 37 46 M 19 0 0.00 M M 8.5 13 140 M M 10 12 18 170
2 64 50 57 M 8 0 0.00 M M 8.4 14 160 M M 8 12 17 160
3 61 48 55 M 10 0 0.00 M M 7.2 18 40 M M 8 12 26 40
4 59 48 54 M 11 0 0.00 M M 5.3 9 160 M M 10 12 M M
5 66 57 62 M 3 0 0.00 M M 8.0 13 160 M M 10 12 20 180
6 66 59 63 M 2 0 0.03 M M 6.5 12 160 M M 10 12 15 170
7 72 63 68 M 0 3 0.00 M M 8.2 15 150 M M 8 12 21 150
8 70 61 66 M 0 1 0.00 M M 7.9 16 160 M M 10 1 18 150
9 70 61 66 M 0 1 0.00 M M 9.4 15 150 M M 9 1 24 150
10 66 59 63 M 2 0 0.02 M M 8.4 18 170 M M 10 12 28 170
11 68 55 62 M 3 0 0.00 M M 6.2 9 120 M M 9 12 15 20
12 66 59 63 M 2 0 0.00 M M 14.6 22 150 M M 10 12 32 150
13 66 52 59 M 6 0 0.00 M M 10.1 18 150 M M 6 1 28 170
14 59 46 53 M 12 0 0.00 M M 14.5 30 300 M M 3 36 300
15 61 36 49 M 16 0 0.00 M M 7.5 15 250 M M 0 20 200
16 59 41 50 M 15 0 0.00 M M 8.7 14 300 M M 0 18 360
17 55 36 46 M 19 0 0.00 M M 4.8 10 20 M M 2 16 20
18 50 32 41 M 24 0 0.00 M M 11.9 18 150 M M 7 25 150
19 66 41 54 M 11 0 0.00 M M 4.4 15 150 M M 6 1 17 150
20 57 36 47 M 18 0 0.00 M M 7.9 14 20 M M 2 12 20 10
21 48 37 43 M 22 0 0.00 M M 8.2 13 190 M M 10 1 21 190
22 59 12 36 M 29 0 0.00 M M 14.0 25 10 M M 7 36 10
23 28 9 19 M 46 0 0.00 M M 9.8 15 360 M M 5 28 360
24 39 14 27 M 38 0 0.00 M M 5.2 8 30 M M 2 12 99
25 50 23 37 M 28 0 0.00 M M 5.6 9 170 M M 1 13 240
26 61 30 46 M 19 0 0.00 M M 7.9 14 350 M M 0 18 30
27 59 37 48 M 17 0 0.00 M M 10.3 18 170 M M 0 24 170
28 70 41 56 M 9 0 0.00 M M 11.1 15 160 M M 0 22 160
29 64 52 58 M 7 0 0.00 M M 5.7 12 150 M M 5 12 15 150
30 59 46 53 M 12 0 0.02 M M 3.5 9 250 M M 6 M M
31 73 46 60 M 5 0 M M M 8.3 15 200 M M 0 23 200
================================================================================
SM 1865 1324 413 5 0.07 M 258.0 M 174
================================================================================
AV 60.2 42.7 8.3 FASTST M M 6 MAX(MPH)
MISC ----> 30 300 # 36 300
================================================================================
NOTES:
# LAST OF SEVERAL OCCURRENCES
COLUMN 17 PEAK WIND IN M.P.H.
PRELIMINARY LOCAL CLIMATOLOGICAL DATA (WS FORM: F-6) , PAGE 2
STATION: EDWARDS COUNTY AIRPORT
MONTH: DECEMBER
YEAR: 2022
LATITUDE: 29 57 N
LONGITUDE: 100 10 W
[TEMPERATURE DATA] [PRECIPITATION DATA] SYMBOLS USED IN COLUMN 16
AVERAGE MONTHLY: 51.4 TOTAL FOR MONTH: 0.07 1 = FOG OR MIST
DPTR FM NORMAL: 0.0 DPTR FM NORMAL: M 2 = FOG REDUCING VISIBILITY
HIGHEST: 73 ON 31 GRTST 24HR 0.03 ON 6- 6 TO 1/4 MILE OR LESS
LOWEST: 9 ON 23 3 = THUNDER
SNOW, ICE PELLETS, HAIL 4 = ICE PELLETS
TOTAL MONTH: 0.0 INCH 5 = HAIL
GRTST 24HR M ON M 6 = FREEZING RAIN OR DRIZZLE
GRTST DEPTH: M ON M 7 = DUSTSTORM OR SANDSTORM:
VSBY 1/2 MILE OR LESS
8 = SMOKE OR HAZE
[NO. OF DAYS WITH] [WEATHER - DAYS WITH] 9 = BLOWING SNOW
X = TORNADO
MAX 32 OR BELOW: 1 0.01 INCH OR MORE: 3
MAX 90 OR ABOVE: 0 0.10 INCH OR MORE: 0
MIN 32 OR BELOW: 6 0.50 INCH OR MORE: 0
MIN 0 OR BELOW: 0 1.00 INCH OR MORE: 0
[HDD (BASE 65) ]
TOTAL THIS MO. 413 CLEAR (SCALE 0-3) 11
DPTR FM NORMAL M PTCLDY (SCALE 4-7) 8
TOTAL FM JUL 1 784 CLOUDY (SCALE 8-10) 12
DPTR FM NORMAL M
[CDD (BASE 65) ]
TOTAL THIS MO. 5
DPTR FM NORMAL M [PRESSURE DATA]
TOTAL FM JAN 1 2589 HIGHEST SLP M ON M
DPTR FM NORMAL M LOWEST SLP M ON M
[REMARKS]
#FINAL-12-22#