000
CXUS54 KEWX 011011
CF6ECU
PRELIMINARY LOCAL CLIMATOLOGICAL DATA (WS FORM: F-6)
STATION: Edwards County Airport
MONTH: AUGUST
YEAR: 2020
LATITUDE: 29 57 N
LONGITUDE: 100 10 W
TEMPERATURE IN F: :PCPN: SNOW: WIND :SUNSHINE: SKY :PK WND
================================================================================
1 2 3 4 5 6A 6B 7 8 9 10 11 12 13 14 15 16 17 18
12Z AVG MX 2MIN
DY MAX MIN AVG DEP HDD CDD WTR SNW DPTH SPD SPD DIR MIN PSBL S-S WX SPD DR
================================================================================
1 93 70 82 M 0 17 0.00 M M 4.7 9 140 M M 3 1 13 99
2 95 70 83 M 0 18 0.00 M M 5.3 14 160 M M 2 20 160
3 91 70 81 M 0 16 0.07 M M 6.8 10 160 M M 2 16 150
4 93 68 81 M 0 16 0.00 M M 10.0 16 150 M M 0 21 130
5 93 72 83 M 0 18 0.00 M M 11.5 17 160 M M 0 25 150
6 93 73 83 M 0 18 0.00 M M 12.2 15 140 M M 3 28 150
7 91 73 82 M 0 17 0.00 M M 13.9 17 150 M M 4 23 160
8 91 73 82 M 0 17 0.00 M M 12.8 18 150 M M 4 24 160
9 93 72 83 M 0 18 0.00 M M 14.5 20 150 M M 3 29 150
10 95 72 84 M 0 19 0.00 M M 16.1 22 150 M M 2 31 140
11 95 73 84 M 0 19 0.00 M M 12.5 17 160 M M 4 25 150
12 95 73 84 M 0 19 0.00 M M 12.3 16 150 M M 0 22 150
13 97 73 85 M 0 20 0.00 M M 10.5 14 170 M M 0 22 140
14 100 73 87 M 0 22 0.00 M M 9.8 14 160 M M 0 18 99
15 100 73 87 M 0 22 0.01 M M 9.6 14 320 M M 1 24 320
16 99 75 87 M 0 22 0.00 M M 7.4 13 130 M M 0 20 140
17 90 68 79 M 0 14 0.67 M M 5.4 14 60 M M 1 25 60
18 91 68 80 M 0 15 0.10 M M 5.5 12 190 M M 2 8 17 190
19 95 66 81 M 0 16 0.00 M M 4.0 12 350 M M 3 15 120
20 95 70 83 M 0 18 0.05 M M 6.3 10 160 M M 2 22 240
21 93 70 82 M 0 17 0.00 M M 7.1 14 140 M M 0 18 150
22 91 72 82 M 0 17 0.00 M M 9.4 14 140 M M 1 21 140
23 93 66 80 M 0 15 0.00 M M 8.0 13 110 M M 1 21 140
24 88 68 78 M 0 13 0.00 M M 5.3 12 360 M M 2 17 80
25 91 68 80 M 0 15 0.00 M M 4.0 9 10 M M 3 15 50
26 95 70 83 M 0 18 0.00 M M 5.0 10 100 M M 3 17 100
27 95 72 84 M 0 19 0.00 M M 6.2 12 180 M M 2 22 180
28 100 75 88 M 0 23 0.00 M M 9.9 13 160 M M 0 22 140
29 99 75 87 M 0 22 0.00 M M 10.0 16 150 M M 0 23 150
30 97 73 85 M 0 20 0.00 M M 11.7 14 140 M M 0 21 130
31 97 75 86 M 0 21 0.00 M M 12.6 17 150 M M 4 24 150
================================================================================
SM 2924 2209 0 561 0.90 M 280.3 M 52
================================================================================
AV 94.3 71.3 9.0 FASTST M M 2 MAX(MPH)
MISC ----> # 22 150 # 31 140
================================================================================
NOTES:
# LAST OF SEVERAL OCCURRENCES
COLUMN 17 PEAK WIND IN M.P.H.
PRELIMINARY LOCAL CLIMATOLOGICAL DATA (WS FORM: F-6) , PAGE 2
STATION: Edwards County Airport
MONTH: AUGUST
YEAR: 2020
LATITUDE: 29 57 N
LONGITUDE: 100 10 W
[TEMPERATURE DATA] [PRECIPITATION DATA] SYMBOLS USED IN COLUMN 16
AVERAGE MONTHLY: 82.8 TOTAL FOR MONTH: 0.90 1 = FOG OR MIST
DPTR FM NORMAL: M DPTR FM NORMAL: M 2 = FOG REDUCING VISIBILITY
HIGHEST: 100 ON 28,15 GRTST 24HR 0.67 ON 17-17 TO 1/4 MILE OR LESS
LOWEST: 66 ON 23,19 3 = THUNDER
SNOW, ICE PELLETS, HAIL 4 = ICE PELLETS
TOTAL MONTH: M 5 = HAIL
GRTST 24HR M ON M 6 = FREEZING RAIN OR DRIZZLE
GRTST DEPTH: M ON M 7 = DUSTSTORM OR SANDSTORM:
VSBY 1/2 MILE OR LESS
8 = SMOKE OR HAZE
[NO. OF DAYS WITH] [WEATHER - DAYS WITH] 9 = BLOWING SNOW
X = TORNADO
MAX 32 OR BELOW: 0 0.01 INCH OR MORE: 5
MAX 90 OR ABOVE: 30 0.10 INCH OR MORE: 2
MIN 32 OR BELOW: 0 0.50 INCH OR MORE: 1
MIN 0 OR BELOW: 0 1.00 INCH OR MORE: 0
[HDD (BASE 65) ]
TOTAL THIS MO. 0 CLEAR (SCALE 0-3) 26
DPTR FM NORMAL M PTCLDY (SCALE 4-7) 5
TOTAL FM JUL 1 0 CLOUDY (SCALE 8-10) 0
DPTR FM NORMAL M
[CDD (BASE 65) ]
TOTAL THIS MO. 561
DPTR FM NORMAL M [PRESSURE DATA]
TOTAL FM JAN 1 2084 HIGHEST SLP M ON M
DPTR FM NORMAL M LOWEST SLP M ON M
[REMARKS]
#FINAL-08-20#