000
CXUS55 KVEF 010910
CF6EED
PRELIMINARY LOCAL CLIMATOLOGICAL DATA (WS FORM: F-6)
STATION: NEEDLES CA
MONTH: OCTOBER
YEAR: 2023
LATITUDE: 34 46 N
LONGITUDE: 114 37 W
TEMPERATURE IN F: :PCPN: SNOW: WIND :SUNSHINE: SKY :PK WND
================================================================================
1 2 3 4 5 6A 6B 7 8 9 10 11 12 13 14 15 16 17 18
12Z AVG MX 2MIN
DY MAX MIN AVG DEP HDD CDD WTR SNW DPTH SPD SPD DIR MIN PSBL S-S WX SPD DR
================================================================================
1 81 60 71 -13 0 6 0.00 M M 7.7 18 110 M M 1 25 140
2 83 58 71 -12 0 6 0.00 M M 4.9 14 30 M M 0 20 30
3 88 62 75 -8 0 10 0.00 M M 6.7 17 360 M M 0 23 40
4 93 69 81 -1 0 16 0.00 M M 14.1 28 360 M M 0 36 10
5 97 74 86 4 0 21 0.00 M M 13.7 26 10 M M 0 33 360
6 100 77 89 8 0 24 0.00 M M 11.5 26 360 M M 0 32 10
7 101 74 88 7 0 23 0.00 M M 6.8 15 360 M M 0 20 10
8 101 71 86 6 0 21 0.00 M M 4.8 13 350 M M 0 16 360
9 101 71 86 6 0 21 0.00 M M 6.4 20 230 M M 0 25 230
10 98 71 85 5 0 20 0.00 M M 7.5 18 200 M M 0 28 180
11 89 71 80 1 0 15 0.00 M M 8.7 18 250 M M 0 25 350
12 83 68 76 -3 0 11 0.00 M M 13.7 28 10 M M 0 33 10
13 85 64 75 -3 0 10 0.00 M M 9.7 22 10 M M 0 30 350
14 89 57 73 -5 0 8 0.00 M M 4.5 13 20 M M 0 17 30
15 95 62 79 2 0 14 0.00 M M 7.8 15 10 M M 0 19 20
16 98 64 81 4 0 16 0.00 M M 5.2 15 360 M M 0 19 350
17 100 66 83 6 0 18 0.00 M M 4.0 12 230 M M 0 14 20
18 100 67 84 8 0 19 0.00 M M 5.4 15 240 M M 0 19 350
19 101 71 86 10 0 21 0.00 M M 7.6 18 360 M M 0 24 350
20 100 67 84 9 0 19 0.00 M M 4.9 13 230 M M 0 15 330
21 100 67 84 9 0 19 0.00 M M 3.9 14 230 M M 0 16 220
22 95 68 82 8 0 17 0.00 M M 8.0 21 180 M M 0 30 180
23 84 65 75 1 0 10 0.00 M M 4.8 20 260 M M 0 24 260
24 87 59 73 -1 0 8 0.00 M M 4.4 16 240 M M 0 20 230
25 85 62 74 1 0 9 0.00 M M 9.8 22 180 M M 0 29 180
26 85 66 76 3 0 11 0.00 M M 7.6 17 180 M M 0 24 200
27 85 59 72 0 0 7 0.00 M M 6.9 18 240 M M 0 23 230
28 81 59 70 -2 0 5 0.00 M M 8.4 26 350 M M 0 36 360
29 68 54 61 -11 4 0 0.00 M M 24.4 37 360 M M 0 50 340
30 73 55 64 -7 1 0 0.00 M M 20.3 32 10 M M 0 42 20
31 79 56 68 -3 0 3 0.00 M M 12.6 23 360 M M 0 31 330
================================================================================
SM 2805 2014 5 408 0.00 M 266.7 M 1
================================================================================
AV 90.5 65.0 8.6 FASTST M M 0 MAX(MPH)
MISC ----> 37 360 50 340
================================================================================
NOTES:
# LAST OF SEVERAL OCCURRENCES
COLUMN 17 PEAK WIND IN M.P.H.
PRELIMINARY LOCAL CLIMATOLOGICAL DATA (WS FORM: F-6) , PAGE 2
STATION: NEEDLES CA
MONTH: OCTOBER
YEAR: 2023
LATITUDE: 34 46 N
LONGITUDE: 114 37 W
[TEMPERATURE DATA] [PRECIPITATION DATA] SYMBOLS USED IN COLUMN 16
AVERAGE MONTHLY: 77.7 TOTAL FOR MONTH: 0.00 1 = FOG OR MIST
DPTR FM NORMAL: 0.7 DPTR FM NORMAL: -0.22 2 = FOG REDUCING VISIBILITY
HIGHEST: 101 ON 19, 9 GRTST 24HR T ON 22-22 TO 1/4 MILE OR LESS
LOWEST: 54 ON 29 3 = THUNDER
SNOW, ICE PELLETS, HAIL 4 = ICE PELLETS
TOTAL MONTH: M 5 = HAIL
GRTST 24HR M ON M 6 = FREEZING RAIN OR DRIZZLE
GRTST DEPTH: M ON M 7 = DUSTSTORM OR SANDSTORM:
VSBY 1/2 MILE OR LESS
8 = SMOKE OR HAZE
[NO. OF DAYS WITH] [WEATHER - DAYS WITH] 9 = BLOWING SNOW
X = TORNADO
MAX 32 OR BELOW: 0 0.01 INCH OR MORE: 0
MAX 90 OR ABOVE: 15 0.10 INCH OR MORE: 0
MIN 32 OR BELOW: 0 0.50 INCH OR MORE: 0
MIN 0 OR BELOW: 0 1.00 INCH OR MORE: 0
[HDD (BASE 65) ]
TOTAL THIS MO. 5 CLEAR (SCALE 0-3) 31
DPTR FM NORMAL 0 PTCLDY (SCALE 4-7) 0
TOTAL FM JUL 1 5 CLOUDY (SCALE 8-10) 0
DPTR FM NORMAL 3
[CDD (BASE 65) ]
TOTAL THIS MO. 408
DPTR FM NORMAL 29 [PRESSURE DATA]
TOTAL FM JAN 1 4651 HIGHEST SLP M ON M
DPTR FM NORMAL -326 LOWEST SLP 29.39 ON 10
[REMARKS]
#FINAL-10-23#