000
CXUS55 KGJT 011010
CF6EEO
PRELIMINARY LOCAL CLIMATOLOGICAL DATA (WS FORM: F-6)
STATION: MEEKER CO
MONTH: NOVEMBER
YEAR: 2021
LATITUDE: 40 2 N
LONGITUDE: 107 53 W
TEMPERATURE IN F: :PCPN: SNOW: WIND :SUNSHINE: SKY :PK WND
================================================================================
1 2 3 4 5 6A 6B 7 8 9 10 11 12 13 14 15 16 17 18
12Z AVG MX 2MIN
DY MAX MIN AVG DEP HDD CDD WTR SNW DPTH SPD SPD DIR MIN PSBL S-S WX SPD DR
================================================================================
1 54 32 43 4 22 0 T M M 2.3 13 30 M M 5 16 20
2 43 38 41 2 24 0 0.56 M M 2.2 8 90 M M 10 1 11 200
3 51 30 41 2 24 0 0.00 M M 3.0 12 270 M M 5 1 15 260
4 60 29 45 7 20 0 0.00 M M 4.3 14 210 M M 0 20 220
5 63 28 46 8 19 0 0.00 M M 4.0 15 260 M M 0 20 300
6 64 26 45 7 20 0 0.00 M M 5.3 23 220 M M 0 31 200
7 65 31 48 11 17 0 0.00 M M 8.3 24 190 M M 0 34 190
8 56 29 43 6 22 0 0.00 M M 2.8 10 240 M M 0 16 240
9 57 24 41 5 24 0 0.05 M M 7.4 30 260 M M 4 1 43 270
10 47 29 38 2 27 0 0.07 M M 4.3 23 300 M M 8 18 31 300
11 44 22 33 -3 32 0 T M M 2.4 9 190 M M 6 12 180
12 53 28 41 6 24 0 0.00 M M 2.5 14 300 M M 7 20 270
13 58 27 43 8 22 0 0.00 M M 3.0 16 270 M M 1 22 270
14 54 24 39 5 26 0 0.00 M M 2.1 8 30 M M 0 11 50
15 65 33 49 15 16 0 0.00 M M 5.2 17 220 M M 0 24 250
16 54 34 44 11 21 0 T M M 8.1 22 230 M M 3 30 250
17 39 13 26 -7 39 0 0.00 M M 5.0 15 50 M M 0 21 50
18 51 11 31 -2 34 0 0.00 M M 3.2 18 210 M M 1 26 200
19 52 38 45 13 20 0 T M M 7.8 18 210 M M 9 29 200
20 47 23 35 3 30 0 T M M 4.2 14 20 M M 8 21 270
21 44 15 30 -1 35 0 0.00 M M 2.8 10 100 M M 0 14 100
22 55 15 35 4 30 0 0.00 M M 2.2 8 40 M M 0 13 120
23 53 13 33 3 32 0 0.00 M M 6.8 21 230 M M 1 29 200
24 40 14 27 -3 38 0 T M M 5.1 17 10 M M 7 22 40
25 42 9 26 -4 39 0 0.00 M M 2.4 8 40 M M 0 11 90
26 53 13 33 4 32 0 0.00 M M 2.2 10 70 M M 0 13 300
27 50 15 33 4 32 0 0.00 M M 1.8 8 200 M M 0 11 290
28 56 17 37 9 28 0 0.00 M M 2.3 9 40 M M 0 11 80
29 60 19 40 12 25 0 0.00 M M 2.9 13 260 M M 0 19 260
30 51 16 34 7 31 0 0.00 M M 2.1 9 50 M M 0 12 50
================================================================================
SM 1581 695 805 0 0.68 M 118.0 M 75
================================================================================
AV 52.7 23.2 3.9 FASTST M M 3 MAX(MPH)
MISC ----> 30 260 43 270
================================================================================
NOTES:
# LAST OF SEVERAL OCCURRENCES
COLUMN 17 PEAK WIND IN M.P.H.
PRELIMINARY LOCAL CLIMATOLOGICAL DATA (WS FORM: F-6) , PAGE 2
STATION: MEEKER CO
MONTH: NOVEMBER
YEAR: 2021
LATITUDE: 40 2 N
LONGITUDE: 107 53 W
[TEMPERATURE DATA] [PRECIPITATION DATA] SYMBOLS USED IN COLUMN 16
AVERAGE MONTHLY: 37.9 TOTAL FOR MONTH: 0.68 1 = FOG OR MIST
DPTR FM NORMAL: 4.3 DPTR FM NORMAL: -0.46 2 = FOG REDUCING VISIBILITY
HIGHEST: 65 ON 15, 7 GRTST 24HR 0.56 ON 2- 2 TO 1/4 MILE OR LESS
LOWEST: 9 ON 25 3 = THUNDER
SNOW, ICE PELLETS, HAIL 4 = ICE PELLETS
TOTAL MONTH: M 5 = HAIL
GRTST 24HR M ON M 6 = FREEZING RAIN OR DRIZZLE
GRTST DEPTH: M ON M 7 = DUSTSTORM OR SANDSTORM:
VSBY 1/2 MILE OR LESS
8 = SMOKE OR HAZE
[NO. OF DAYS WITH] [WEATHER - DAYS WITH] 9 = BLOWING SNOW
X = TORNADO
MAX 32 OR BELOW: 0 0.01 INCH OR MORE: 3
MAX 90 OR ABOVE: 0 0.10 INCH OR MORE: 1
MIN 32 OR BELOW: 26 0.50 INCH OR MORE: 1
MIN 0 OR BELOW: 0 1.00 INCH OR MORE: 0
[HDD (BASE 65) ]
TOTAL THIS MO. 805 CLEAR (SCALE 0-3) 20
DPTR FM NORMAL -139 PTCLDY (SCALE 4-7) 8
TOTAL FM JUL 1 1631 CLOUDY (SCALE 8-10) 2
DPTR FM NORMAL -150
[CDD (BASE 65) ]
TOTAL THIS MO. 0
DPTR FM NORMAL 0 [PRESSURE DATA]
TOTAL FM JAN 1 319 HIGHEST SLP 30.78 ON 25
DPTR FM NORMAL 75 LOWEST SLP 29.76 ON 16
[REMARKS]
#FINAL-11-21#