000
CXUS55 KGJT 010910
CF6EEO
PRELIMINARY LOCAL CLIMATOLOGICAL DATA (WS FORM: F-6)
STATION: MEEKER CO
MONTH: AUGUST
YEAR: 2023
LATITUDE: 40 2 N
LONGITUDE: 107 53 W
TEMPERATURE IN F: :PCPN: SNOW: WIND :SUNSHINE: SKY :PK WND
================================================================================
1 2 3 4 5 6A 6B 7 8 9 10 11 12 13 14 15 16 17 18
12Z AVG MX 2MIN
DY MAX MIN AVG DEP HDD CDD WTR SNW DPTH SPD SPD DIR MIN PSBL S-S WX SPD DR
================================================================================
1 80 53 67 -2 0 2 0.73 M M 6.3 21 30 M M 4 13 26 100
2 83 53 68 -1 0 3 0.05 M M 6.6 44 280 M M 3 13 57 290
3 78 51 65 -4 0 0 0.10 M M 6.6 36 270 M M 5 38 51 260
4 81 47 64 -5 1 0 0.00 M M 5.7 20 270 M M 1 28 250
5 82 49 66 -3 0 1 0.02 M M 6.4 17 30 M M 3 3 25 30
6 82 46 64 -5 1 0 T M M 6.3 32 20 M M 2 3 44 40
7 84 45 65 -3 0 0 T M M 7.1 29 270 M M 1 8 38 230
8 79 48 64 -4 1 0 0.00 M M 5.1 30 20 M M 0 8 44 20
9 82 40 61 -7 4 0 0.00 M M 5.7 21 240 M M 0 31 260
10 84 46 65 -3 0 0 0.03 M M 6.0 21 250 M M 1 8 35 150
11 79 47 63 -5 2 0 0.01 M M 5.0 18 240 M M 2 38 27 220
12 83 52 68 0 0 3 0.00 M M 4.8 20 220 M M 2 25 220
13 85 48 67 -1 0 2 0.00 M M 7.0 23 30 M M 1 31 20
14 86 43 65 -2 0 0 0.00 M M 4.5 13 10 M M 0 8 19 320
15 89 44 67 0 0 2 0.00 M M 3.3 12 250 M M 1 8 16 220
16 91 50 71 4 0 6 0.02 M M 4.2 28 290 M M 1 38 38 290
17 91 51 71 4 0 6 0.02 M M 5.9 29 250 M M 2 38 41 240
18 83 57 70 3 0 5 0.21 M M 7.9 26 330 M M 3 38 40 270
19 88 52 70 4 0 5 T M M 4.7 18 230 M M 1 3 28 220
20 89 53 71 5 0 6 T M M 7.8 20 180 M M 0 3 29 190
21 89 48 69 3 0 4 0.00 M M 6.1 21 220 M M 0 8 29 220
22 87 53 70 4 0 5 0.06 M M 6.0 23 160 M M 3 38 39 150
23 84 50 67 1 0 2 0.06 M M 5.9 17 100 M M 2 1 27 280
24 80 56 68 3 0 3 0.55 M M 5.0 24 80 M M 7 13 34 100
25 73 54 64 -1 1 0 T M M 2.4 12 220 M M 7 12 15 280
26 82 50 66 1 0 1 0.01 M M 4.4 31 10 M M 1 3 43 20
27 85 54 70 5 0 5 T M M 4.2 17 230 M M 1 3 23 250
28 84 50 67 3 0 2 0.01 M M 4.0 16 30 M M 2 23 40
29 85 44 65 1 0 0 0.00 M M 3.4 13 110 M M 0 18 100
30 88 46 67 3 0 2 0.00 M M 8.1 28 230 M M 1 8 41 220
31 87 43 65 1 0 0 0.00 M M 7.3 25 200 M M 0 38 180
================================================================================
SM 2603 1523 10 65 1.88 M 173.7 M 57
================================================================================
AV 84.0 49.1 5.6 FASTST M M 2 MAX(MPH)
MISC ----> 44 280 57 290
================================================================================
NOTES:
# LAST OF SEVERAL OCCURRENCES
COLUMN 17 PEAK WIND IN M.P.H.
PRELIMINARY LOCAL CLIMATOLOGICAL DATA (WS FORM: F-6) , PAGE 2
STATION: MEEKER CO
MONTH: AUGUST
YEAR: 2023
LATITUDE: 40 2 N
LONGITUDE: 107 53 W
[TEMPERATURE DATA] [PRECIPITATION DATA] SYMBOLS USED IN COLUMN 16
AVERAGE MONTHLY: 66.5 TOTAL FOR MONTH: 1.88 1 = FOG OR MIST
DPTR FM NORMAL: -0.3 DPTR FM NORMAL: 0.55 2 = FOG REDUCING VISIBILITY
HIGHEST: 91 ON 17,16 GRTST 24HR 0.93 ON 31- 1 TO 1/4 MILE OR LESS
LOWEST: 40 ON 9 3 = THUNDER
SNOW, ICE PELLETS, HAIL 4 = ICE PELLETS
TOTAL MONTH: M 5 = HAIL
GRTST 24HR M ON M 6 = FREEZING RAIN OR DRIZZLE
GRTST DEPTH: M ON M 7 = DUSTSTORM OR SANDSTORM:
VSBY 1/2 MILE OR LESS
8 = SMOKE OR HAZE
[NO. OF DAYS WITH] [WEATHER - DAYS WITH] 9 = BLOWING SNOW
X = TORNADO
MAX 32 OR BELOW: 0 0.01 INCH OR MORE: 14
MAX 90 OR ABOVE: 2 0.10 INCH OR MORE: 4
MIN 32 OR BELOW: 0 0.50 INCH OR MORE: 2
MIN 0 OR BELOW: 0 1.00 INCH OR MORE: 0
[HDD (BASE 65) ]
TOTAL THIS MO. 10 CLEAR (SCALE 0-3) 26
DPTR FM NORMAL -15 PTCLDY (SCALE 4-7) 5
TOTAL FM JUL 1 16 CLOUDY (SCALE 8-10) 0
DPTR FM NORMAL -15
[CDD (BASE 65) ]
TOTAL THIS MO. 65
DPTR FM NORMAL -17 [PRESSURE DATA]
TOTAL FM JAN 1 184 HIGHEST SLP M ON M
DPTR FM NORMAL -51 LOWEST SLP 29.79 ON 31
[REMARKS]
#FINAL-08-23#