000
CXUS51 KRLX 011909
CF6EKN
PRELIMINARY LOCAL CLIMATOLOGICAL DATA (WS FORM: F-6)
STATION: ELKINS WV
MONTH: MARCH
YEAR: 2023
LATITUDE: 38 52 N
LONGITUDE: 79 51 W
TEMPERATURE IN F: :PCPN: SNOW: WIND :SUNSHINE: SKY :PK WND
================================================================================
1 2 3 4 5 6A 6B 7 8 9 10 11 12 13 14 15 16 17 18
12Z AVG MX 2MIN
DY MAX MIN AVG DEP HDD CDD WTR SNW DPTH SPD SPD DIR MIN PSBL S-S WX SPD DR
================================================================================
1 73 27 50 13 15 0 0.00 0.0 0 6.9 18 200 M M 2 12 27 210
2 62 32 47 10 18 0 0.44 0.0 0 6.0 23 290 M M 5 13 33 290
3 59 33 46 9 19 0 0.21 0.0 0 9.2 29 160 M M 7 1 45 140
4 59 28 44 7 21 0 0.03 T 0 10.8 33 260 M M 7 1 53 250
5 56 24 40 2 25 0 0.00 0.0 0 3.6 18 300 M M 0 1 24 320
6 70 24 47 9 18 0 T 0.0 0 4.2 20 230 M M 2 27 260
7 64 30 47 9 18 0 0.03 T 0 9.7 23 290 M M 7 8 33 270
8 45 19 32 -6 33 0 0.00 0.0 0 3.9 14 290 M M 0 20 320
9 54 19 37 -2 28 0 0.00 0.0 0 1.5 13 270 M M 0 16 340
10 49 33 41 2 24 0 0.33 0.6 0 11.2 25 300 M M 9 1 36 300
11 33 27 30 -9 35 0 0.03 0.2 T 7.3 22 300 M M 10 1 29 310
12 36 26 31 -9 34 0 0.09 1.0 T 2.7 14 150 M M 7 12 20 170
13 38 27 33 -7 32 0 0.04 0.9 0 6.1 23 290 M M 9 18 31 310
14 27 23 25 -15 40 0 0.16 2.8 1 11.5 21 300 M M 10 12 29 280
15 42 21 32 -8 33 0 T 0.2 2 6.6 17 300 M M 2 26 320
16 61 20 41 0 24 0 0.00 0.0 T 1.4 12 240 M M 1 16 230
17 55 34 45 4 20 0 0.33 T 0 6.7 22 270 M M 7 1 30 240
18 42 24 33 -9 32 0 T T 0 11.6 25 240 M M 9 39 240
19 32 14 23 -19 42 0 T T 0 8.3 21 280 M M 4 28 280
20 49 13 31 -11 34 0 0.00 0.0 0 1.7 12 310 M M 0 15 310
21 62 16 39 -3 26 0 0.00 0.0 0 2.6 12 160 M M 0 16 170
22 58 40 49 6 16 0 0.00 0.0 0 5.3 14 210 M M 10 19 170
23 75 50 63 20 2 0 0.34 0.0 0 11.3 29 250 M M 8 13 42 250
24 62 50 56 13 9 0 0.86 0.0 0 3.2 15 340 M M 10 12 23 260
25 73 50 62 18 3 0 0.16 0.0 0 14.1 30 250 M M 4 123 46 210
26 62 32 47 3 18 0 0.00 0.0 0 3.9 16 300 M M 0 24 310
27 66 30 48 4 17 0 T 0.0 0 6.3 22 290 M M 4 31 250
28 54 35 45 0 20 0 T 0.0 0 5.8 16 300 M M 8 22 300
29 54 27 41 -4 24 0 T 0.0 0 6.5 22 290 M M 4 12 28 300
30 56 28 42 -4 23 0 0.00 0.0 0 4.0 16 270 M M 1 21 330
31 61 30 46 0 19 0 0.65 0.0 0 4.8 18 210 M M 8 13 26 190
================================================================================
SM 1689 886 722 0 3.70 5.7 198.7 M 155
================================================================================
AV 54.5 28.6 6.4 FASTST M M 5 MAX(MPH)
MISC ----> 33 260 53 250
================================================================================
NOTES:
# LAST OF SEVERAL OCCURRENCES
COLUMN 17 PEAK WIND IN M.P.H.
PRELIMINARY LOCAL CLIMATOLOGICAL DATA (WS FORM: F-6) , PAGE 2
STATION: ELKINS WV
MONTH: MARCH
YEAR: 2023
LATITUDE: 38 52 N
LONGITUDE: 79 51 W
[TEMPERATURE DATA] [PRECIPITATION DATA] SYMBOLS USED IN COLUMN 16
AVERAGE MONTHLY: 41.5 TOTAL FOR MONTH: 3.70 1 = FOG OR MIST
DPTR FM NORMAL: 0.5 DPTR FM NORMAL: -0.28 2 = FOG REDUCING VISIBILITY
HIGHEST: 75 ON 23 GRTST 24HR 1.17 ON 23-24 TO 1/4 MILE OR LESS
LOWEST: 13 ON 20 3 = THUNDER
SNOW, ICE PELLETS, HAIL 4 = ICE PELLETS
TOTAL MONTH: 5.7 INCHES 5 = HAIL
GRTST 24HR 2.8 ON 14-14 6 = FREEZING RAIN OR DRIZZLE
GRTST DEPTH: 2 ON 15 7 = DUSTSTORM OR SANDSTORM:
VSBY 1/2 MILE OR LESS
8 = SMOKE OR HAZE
[NO. OF DAYS WITH] [WEATHER - DAYS WITH] 9 = BLOWING SNOW
X = TORNADO
MAX 32 OR BELOW: 2 0.01 INCH OR MORE: 14
MAX 90 OR ABOVE: 0 0.10 INCH OR MORE: 9
MIN 32 OR BELOW: 23 0.50 INCH OR MORE: 2
MIN 0 OR BELOW: 0 1.00 INCH OR MORE: 0
[HDD (BASE 65) ]
TOTAL THIS MO. 722 CLEAR (SCALE 0-3) 11
DPTR FM NORMAL -22 PTCLDY (SCALE 4-7) 12
TOTAL FM JUL 1 4361 CLOUDY (SCALE 8-10) 8
DPTR FM NORMAL -447
[CDD (BASE 65) ]
TOTAL THIS MO. 0
DPTR FM NORMAL 0 [PRESSURE DATA]
TOTAL FM JAN 1 0 HIGHEST SLP 30.49 ON 21
DPTR FM NORMAL 0 LOWEST SLP 29.24 ON 3
[REMARKS]
#FINAL-03-23#