000
CXUS55 KLKN 022137
CLSELY
CLIMATE REPORT
NATIONAL WEATHER SERVICE ELKO, NV
237 PM PDT FRI JUN 02 2023
...................................
...THE ELY AIRPORT NV CLIMATE SUMMARY FOR THE SEASON, FROM
3/1/2023 TO 5/31/2023...
CLIMATE NORMAL PERIOD 1991 TO 2020
CLIMATE RECORD PERIOD 1893 TO 2023
WEATHER OBSERVED NORMAL DEPART LAST YEAR`S
VALUE DATE(S) VALUE FROM VALUE
NORMAL
..............................................................
TEMPERATURE (F)
RECORD
HIGH 95 05/31/1910
LOW -13 03/03/1952
HIGHEST 79 04/29 82 -3 86
LOWEST -5 03/02 3 -8 7
AVG. MAXIMUM 54.0 60.1 -6.1 60.1
AVG. MINIMUM 25.6 28.1 -2.5 26.1
MEAN 39.8 44.1 -4.3 43.1
DAYS MAX >= 90 0 0.2 -0.2 0
DAYS MAX <= 32 8 0.9 7.1 3
DAYS MIN <= 32 64 66.2 -2.2 74
DAYS MIN <= 0 3 0.4 2.6 0
PRECIPITATION (INCHES)
RECORD
MAXIMUM 8.69 2019
MINIMUM 0.50 1910
TOTALS 3.42 3.10 0.32 1.43
DAILY AVG. 0.04 0.03 0.01 0.02
DAYS >= .01 32 22.5 9.5 16
DAYS >= .10 16 9.8 6.2 3
DAYS >= .50 1 1.1 -0.1 1
DAYS >= 1.00 0 0.2 -0.2 0
SNOWFALL (INCHES)
RECORDS
TOTAL 50.0 1964
TOTALS 33.0 16.8 16.2 11.1
DAYS >= 1.0 12 5.3 6.7 5
GREATEST
SNOW DEPTH 23R 03/06 3
03/07
DEGREE DAYS
HEATING TOTAL 2296 1924 372 1986
COOLING TOTAL 0 2 -2 0
..............................................................
WIND (MPH)
AVERAGE WIND SPEED 10.2
HIGHEST WIND SPEED/DIRECTION 41/140 DATE 05/03
HIGHEST GUST SPEED/DIRECTION 58/210 DATE 04/17
AVERAGE RH (PERCENT) 58
WEATHER CONDITIONS. NUMBER OF DAYS WITH
THUNDERSTORM 8 MIXED PRECIP 0
HEAVY RAIN 2 RAIN 3
LIGHT RAIN 24 FREEZING RAIN 0
LT FREEZING RAIN 0 HAIL 0
HEAVY SNOW 6 SNOW 10
LIGHT SNOW 24 SLEET 0
FOG 29 FOG W/VIS <= 1/4 MILE 9
HAZE 8
- INDICATES NEGATIVE NUMBERS.
R INDICATES RECORD WAS SET OR TIED.
MM INDICATES DATA IS MISSING.
T INDICATES TRACE AMOUNT.
=====================================================================
...COLDER THAN NORMAL METEOROLOGICAL WINTER IN ELY...
...WETTER THAN NORMAL METEOROLOGICAL WINTER IN ELY...
...SNOWIER THAN NORMAL METEOROLOGICAL WINTER IN ELY...
...10TH SNOWIEST METEORLOGICAL SPRING ON RECORD FOR ELY...
$$