000
CXUS56 KOTX 011010
CF6EPH
PRELIMINARY LOCAL CLIMATOLOGICAL DATA (WS FORM: F-6)
STATION: EPHRATA WA AIRPORT
MONTH: FEBRUARY
YEAR: 2022
LATITUDE: 47 18 N
LONGITUDE: 119 31 W
TEMPERATURE IN F: :PCPN: SNOW: WIND :SUNSHINE: SKY :PK WND
================================================================================
1 2 3 4 5 6A 6B 7 8 9 10 11 12 13 14 15 16 17 18
12Z AVG MX 2MIN
DY MAX MIN AVG DEP HDD CDD WTR SNW DPTH SPD SPD DIR MIN PSBL S-S WX SPD DR
================================================================================
1 39 10 25 -7 40 0 0.00 M M 5.8 21 20 M M 4 23 10
2 28 19 24 -8 41 0 0.00 M M 7.0 17 330 M M 7 20 330
3 31 21 26 -6 39 0 0.00 M M 8.5 15 310 M M 4 17 300
4 31 19 25 -7 40 0 0.00 M M 5.8 14 310 M M 6 18 16 320
5 35 20 28 -5 37 0 0.00 M M 5.2 12 360 M M 5 12 13 330
6 38 19 29 -4 36 0 0.00 M M 7.3 15 310 M M 1 17 310
7 44 20 32 -1 33 0 0.00 M M 5.4 22 280 M M 4 12 25 280
8 37 21 29 -4 36 0 0.00 M M 5.7 13 10 M M 2 1 14 10
9 43 26 35 1 30 0 0.00 M M 6.8 14 10 M M 0 15 10
10 43 24 34 0 31 0 0.00 M M 5.5 17 40 M M 0 1 20 30
11 46 28 37 3 28 0 0.00 M M 7.6 20 350 M M 0 23 350
12 44 22 33 -1 32 0 0.00 M M 6.5 10 310 M M 0 14 350
13 44 21 33 -1 32 0 0.00 M M 6.0 13 300 M M 0 14 300
14 44 30 37 2 28 0 T M M 5.0 13 310 M M 4 15 310
15 53 29 41 6 24 0 0.00 M M 6.3 17 270 M M 2 23 280
16 51 27 39 4 26 0 0.00 M M 8.1 24 350 M M 0 29 350
17 46 24 35 0 30 0 0.00 M M 4.6 9 50 M M 0 13 40
18 53 26 40 4 25 0 0.00 M M 4.8 12 20 M M 0 13 30
19 54 30 42 6 23 0 0.00 M M 8.7 25 240 M M 0 33 240
20 49 30 40 4 25 0 0.00 M M 7.3 22 280 M M 3 28 290
21 38 21 30 -6 35 0 0.03 M M 12.7 25 70 M M 9 1 30 60
22 27 14 21 -16 44 0 0.00 M M 13.2 24 50 M M 3 29 60
23 27 9 18 -19 47 0 T M M 6.3 13 170 M M 3 15 210
24 30 11 21 -16 44 0 0.05 M M 5.1 10 230 M M 4 1 12 220
25 30 7 19 -19 46 0 0.00 M M 5.3 10 310 M M 0 12 320
26 39 18 29 -9 36 0 0.00 M M 7.8 17 300 M M 2 20 310
27 41 31 36 -2 29 0 0.06 M M 3.0 12 290 M M 9 1 14 300
28 50 33 42 3 23 0 0.01 M M 4.0 10 350 M M 9 12 12 310
================================================================================
SM 1135 610 940 0 0.15 M 185.3 M 81
================================================================================
AV 40.5 21.8 6.6 FASTST M M 3 MAX(MPH)
MISC ----> # 25 240 33 240
================================================================================
NOTES:
# LAST OF SEVERAL OCCURRENCES
COLUMN 17 PEAK WIND IN M.P.H.
PRELIMINARY LOCAL CLIMATOLOGICAL DATA (WS FORM: F-6) , PAGE 2
STATION: EPHRATA WA AIRPORT
MONTH: FEBRUARY
YEAR: 2022
LATITUDE: 47 18 N
LONGITUDE: 119 31 W
[TEMPERATURE DATA] [PRECIPITATION DATA] SYMBOLS USED IN COLUMN 16
AVERAGE MONTHLY: 31.2 TOTAL FOR MONTH: 0.15 1 = FOG OR MIST
DPTR FM NORMAL: -3.7 DPTR FM NORMAL: -0.49 2 = FOG REDUCING VISIBILITY
HIGHEST: 54 ON 19 GRTST 24HR 0.07 ON 27-28 TO 1/4 MILE OR LESS
LOWEST: 7 ON 25 3 = THUNDER
SNOW, ICE PELLETS, HAIL 4 = ICE PELLETS
TOTAL MONTH: M 5 = HAIL
GRTST 24HR M ON M 6 = FREEZING RAIN OR DRIZZLE
GRTST DEPTH: M ON M 7 = DUSTSTORM OR SANDSTORM:
VSBY 1/2 MILE OR LESS
8 = SMOKE OR HAZE
[NO. OF DAYS WITH] [WEATHER - DAYS WITH] 9 = BLOWING SNOW
X = TORNADO
MAX 32 OR BELOW: 7 0.01 INCH OR MORE: 4
MAX 90 OR ABOVE: 0 0.10 INCH OR MORE: 0
MIN 32 OR BELOW: 27 0.50 INCH OR MORE: 0
MIN 0 OR BELOW: 0 1.00 INCH OR MORE: 0
[HDD (BASE 65) ]
TOTAL THIS MO. 940 CLEAR (SCALE 0-3) 17
DPTR FM NORMAL 99 PTCLDY (SCALE 4-7) 8
TOTAL FM JUL 1 4557 CLOUDY (SCALE 8-10) 3
DPTR FM NORMAL 147
[CDD (BASE 65) ]
TOTAL THIS MO. 0
DPTR FM NORMAL 0 [PRESSURE DATA]
TOTAL FM JAN 1 0 HIGHEST SLP M ON M
DPTR FM NORMAL 0 LOWEST SLP 29.78 ON 20
[REMARKS]
#FINAL-02-22#