779
CXUS51 KOKX 090552
CLAEWR
NYCCLAEWR 000
TTAA00 OKX 090409
CLIMATE REPORT...CORRECTED
NATIONAL WEATHER SERVICE NEW YORK, NY
1043 PM EST FRI JAN 08 2021
...................................
...THE NEWARK NJ CLIMATE SUMMARY FOR THE YEAR OF 2020...
CLIMATE NORMAL PERIOD 1981 TO 2010
CLIMATE RECORD PERIOD 1893 TO 2021
WEATHER OBSERVED NORMAL DEPART LAST YEAR`S
VALUE DATE(S) VALUE FROM VALUE DATE(S)
NORMAL
................................................................
TEMPERATURE (F)
RECORD
HIGH 108 07/22/2011
LOW -14 02/09/1934
HIGHEST 96 07/19 MM MM 99 07/21
07/20
07/27
LOWEST 12 02/15 MM MM 2 01/31
AVG. MAXIMUM 65.7 63.2 2.5 63.8
AVG. MINIMUM 48.9 46.6 2.3 47.6
MEAN 57.3 54.9 2.4 55.7
DAYS MAX >= 90 31 20.9 10.1 27
DAYS MAX <= 32 3 15.6 -12.6 9
DAYS MIN <= 32 57 81.9 -24.9 93
DAYS MIN <= 0 0 0.4 -0.4 0
PRECIPITATION (INCHES)
RECORD
MAXIMUM 69.91 2011
MINIMUM 26.09 1965
TOTALS 47.18 46.25 0.93 58.56
DAILY AVG. 0.13 0.13 0.00 0.16
DAYS >= .01 122 122.2 -0.2 138
DAYS >= .10 82 75.7 6.3 89
DAYS >= .50 34 32.0 2.0 53
DAYS >= 1.00 12 12.5 -0.5 17
GREATEST
24 HR. TOTAL 2.78 07/10 TO 07/10 2.13
STORM TOTAL MM MM
(MM/DD(HH)) MM
SNOWFALL (INCHES)
RECORDS
TOTAL 65.8 1978
24 HR TOTAL 25.9 12/26/1947
SNOW DEPTH 31 01/11/1996
TOTALS 14.6 28.5 -13.9 19.8
LIQUID EQUIV 1.50 2.80 -1.30 2.00
SINCE 7/1 11.9 5.8 6.1 MM
LIQUID 7/1 1.19 0.50 0.69 MM
SNOWDEPTH AVG. 0 0
DAYS >= TRACE 22 14.5 7.5 31
DAYS >= 1.0 3 6.8 -3.8 7
GREATEST
SNOW DEPTH 11 12/17 4 03/04
03/02
24 HR TOTAL 11.4 12/16 TO 12/17 4.5 03/02 TO 03/02
STORM TOTAL 11.4 MM
(MM/DD(HH)) MM
DEGREE DAYS
HEATING TOTAL 4145 4870 -725 4649
SINCE 7/1 1483 1749 -266 MM
COOLING TOTAL 1420 1190 230 1400
SINCE 1/1 1420 1192 228 1400
................................................................
WIND (MPH)
AVERAGE WIND SPEED 9.3
RESULTANT WIND SPEED/DIRECTION 3/280
HIGHEST WIND SPEED/DIRECTION 49/350 DATE 08/27
HIGHEST GUST SPEED/DIRECTION 71/340 DATE 08/27
SKY COVER
POSSIBLE SUNSHINE (PERCENT) MM
AVERAGE SKY COVER 0.66
NUMBER OF DAYS FAIR 40
NUMBER OF DAYS PC 181
NUMBER OF DAYS CLOUDY 145
AVERAGE RH (PERCENT) 63
WEATHER CONDITIONS. NUMBER OF DAYS WITH
THUNDERSTORM 41 MIXED PRECIP 1
HEAVY RAIN 44 RAIN 58
LIGHT RAIN 174 FREEZING RAIN 0
LT FREEZING RAIN 1 HAIL 0
HEAVY SNOW 1 SNOW 10
LIGHT SNOW 13 SLEET 7
FOG 139 FOG W/VIS <= 1/4 MILE 11
HAZE 36
- INDICATES NEGATIVE NUMBERS.
R INDICATES RECORD WAS SET OR TIED.
MM INDICATES DATA IS MISSING.
T INDICATES TRACE AMOUNT.
$$