000
CXUS53 KIND 010600
CF6EYE
PRELIMINARY LOCAL CLIMATOLOGICAL DATA (WS FORM: F-6)
STATION: INDIANAPOLIS EAGLE CREEK IN
MONTH: AUGUST
YEAR: 2022
LATITUDE: 39 49 N
LONGITUDE: 86 18 W
TEMPERATURE IN F: :PCPN: SNOW: WIND :SUNSHINE: SKY :PK WND
================================================================================
1 2 3 4 5 6A 6B 7 8 9 10 11 12 13 14 15 16 17 18
12Z AVG MX 2MIN
DY MAX MIN AVG DEP HDD CDD WTR SNW DPTH SPD SPD DIR MIN PSBL S-S WX SPD DR
================================================================================
1 88 68 78 2 0 13 0.11 M M 7.5 24 290 M M 6 13 33 280
2 86 70 78 2 0 13 0.00 M M 3.7 15 280 M M 0 33 260
3 93 69 81 5 0 16 T M M 6.1 24 320 M M 1 35 340
4 85 73 79 3 0 14 T M M 4.2 10 200 M M 4 8 16 170
5 87 70 79 4 0 14 0.00 M M 4.6 13 200 M M 3 23 190
6 90 74 82 7 0 17 0.39 M M 4.2 10 200 M M 5 13 16 160
7 91 73 82 7 0 17 0.00 M M 5.8 14 270 M M 1 8 21 270
8 92 74 83 8 0 18 0.02 M M 6.4 18 300 M M 3 3 27 260
9 76 68 72 -3 0 7 1.09 M M 5.0 12 360 M M 9 13 16 320
10 83 68 76 1 0 11 0.00 M M 5.0 10 340 M M 5 14 350
11 84 64 74 -1 0 9 T M M 6.4 15 10 M M 1 3 20 10
12 78 61 70 -5 0 5 0.00 M M 5.6 14 360 M M 0 19 10
13 79 55 67 -8 0 2 T M M 3.7 12 200 M M 1 16 200
14 75 66 71 -4 0 6 0.08 M M 4.8 12 190 M M 9 138 17 240
15 80 67 74 -1 0 9 0.00 M M 6.5 14 10 M M 7 1 20 360
16 84 63 74 -1 0 9 0.00 M M 5.8 15 10 M M 1 21 10
17 82 62 72 -2 0 7 0.00 M M 5.8 15 360 M M 1 22 360
18 84 61 73 -1 0 8 0.00 M M 3.3 10 340 M M 1 14 350
19 85 61 73 -1 0 8 0.00 M M 2.7 10 210 M M 2 17 210
20 85 65 75 1 0 10 T M M 3.5 12 210 M M 2 3 19 210
21 81 67 74 0 0 9 0.17 M M 6.4 14 340 M M 5 13 19 290
22 81 65 73 -1 0 8 0.00 M M 6.5 12 330 M M 5 1 20 320
23 83 63 73 -1 0 8 0.00 M M 4.1 12 330 M M 0 15 340
24 84 61 73 -1 0 8 0.00 M M 2.9 10 330 M M 4 14 340
25 84 62 73 0 0 8 0.00 M M 3.1 12 210 M M 3 18 260
26 85 67 76 3 0 11 T M M 5.1 14 330 M M 2 18 18 340
27 86 63 75 2 0 10 0.00 M M 4.5 13 90 M M 1 16 100
28 91 69 80 7 0 15 T M M 7.2 15 270 M M 2 3 25 140
29 89 65 77 4 0 12 1.61 M M 5.9 28 350 M M 6 13 39 280
30 82 64 73 1 0 8 0.13 M M 8.3 18 310 M M 3 1 27 280
31 81 62 72 0 0 7 0.00 M M 6.1 13 300 M M 0 20 300
================================================================================
SM 2614 2040 0 317 3.60 M 160.7 M 93
================================================================================
AV 84.3 65.8 5.2 FASTST M M 3 MAX(MPH)
MISC ----> 28 350 39 280
================================================================================
NOTES:
# LAST OF SEVERAL OCCURRENCES
COLUMN 17 PEAK WIND IN M.P.H.
PRELIMINARY LOCAL CLIMATOLOGICAL DATA (WS FORM: F-6) , PAGE 2
STATION: INDIANAPOLIS EAGLE CREEK IN
MONTH: AUGUST
YEAR: 2022
LATITUDE: 39 49 N
LONGITUDE: 86 18 W
[TEMPERATURE DATA] [PRECIPITATION DATA] SYMBOLS USED IN COLUMN 16
AVERAGE MONTHLY: 75.1 TOTAL FOR MONTH: 3.60 1 = FOG OR MIST
DPTR FM NORMAL: 0.7 DPTR FM NORMAL: 0.36 2 = FOG REDUCING VISIBILITY
HIGHEST: 93 ON 3 GRTST 24HR 1.61 ON 29-29 TO 1/4 MILE OR LESS
LOWEST: 55 ON 13 3 = THUNDER
SNOW, ICE PELLETS, HAIL 4 = ICE PELLETS
TOTAL MONTH: M 5 = HAIL
GRTST 24HR M ON M 6 = FREEZING RAIN OR DRIZZLE
GRTST DEPTH: M ON M 7 = DUSTSTORM OR SANDSTORM:
VSBY 1/2 MILE OR LESS
8 = SMOKE OR HAZE
[NO. OF DAYS WITH] [WEATHER - DAYS WITH] 9 = BLOWING SNOW
X = TORNADO
MAX 32 OR BELOW: 0 0.01 INCH OR MORE: 8
MAX 90 OR ABOVE: 5 0.10 INCH OR MORE: 6
MIN 32 OR BELOW: 0 0.50 INCH OR MORE: 2
MIN 0 OR BELOW: 0 1.00 INCH OR MORE: 2
[HDD (BASE 65) ]
TOTAL THIS MO. 0 CLEAR (SCALE 0-3) 19
DPTR FM NORMAL -2 PTCLDY (SCALE 4-7) 10
TOTAL FM JUL 1 0 CLOUDY (SCALE 8-10) 2
DPTR FM NORMAL -1
[CDD (BASE 65) ]
TOTAL THIS MO. 317
DPTR FM NORMAL 25 [PRESSURE DATA]
TOTAL FM JAN 1 1218 HIGHEST SLP M ON M
DPTR FM NORMAL 243 LOWEST SLP 29.84 ON 3
[REMARKS]
#FINAL-08-22#