185
CXUS52 KRAH 010945
CF6FAY
PRELIMINARY LOCAL CLIMATOLOGICAL DATA (WS FORM: F-6)
STATION: FAYETTEVILLE REGL AIRPORT NC
MONTH: FEBRUARY
YEAR: 2021
LATITUDE: 35 0 N
LONGITUDE: 78 53 W
TEMPERATURE IN F: :PCPN: SNOW: WIND :SUNSHINE: SKY :PK WND
================================================================================
1 2 3 4 5 6A 6B 7 8 9 10 11 12 13 14 15 16 17 18
12Z AVG MX 2MIN
DY MAX MIN AVG DEP HDD CDD WTR SNW DPTH SPD SPD DIR MIN PSBL S-S WX SPD DR
================================================================================
1 48 35 42 -3 23 0 0.04 M M 8.8 20 10 M M 10 1 23 10
2 47 35 41 -4 24 0 0.00 M M 13.2 23 290 M M 6 32 290
3 53 29 41 -5 24 0 0.00 M M 10.6 21 310 M M 0 27 320
4 51 23 37 -9 28 0 T M M 5.3 10 160 M M 1 13 160
5 53 43 48 2 17 0 0.22 M M 6.8 13 230 M M 7 12 17 180
6 53 35 44 -2 21 0 0.11 M M 4.2 10 100 M M 4 1 12 20
7 51 32 42 -4 23 0 0.17 M M 7.4 20 340 M M 7 1 27 320
8 57 28 43 -3 22 0 0.00 M M 4.6 10 110 M M 2 1 13 100
9 68 40 54 8 11 0 0.00 M M 2.3 10 260 M M 4 1 12 270
10 60 47 54 8 11 0 0.00 M M 6.5 16 80 M M 9 1 21 90
11 58 43 51 4 14 0 0.60 M M 5.5 16 90 M M 10 138 22 30
12 43 35 39 -8 26 0 0.10 M M 12.7 21 30 M M 10 1 29 20
13 40 34 37 -10 28 0 0.88 M M 10.4 17 10 M M 10 1 24 10
14 40 36 38 -9 27 0 0.38 M M 9.6 15 20 M M 10 1 20 20
15 49 38 44 -3 21 0 0.77 M M 7.2 16 30 M M 10 13 19 20
16 64 41 53 6 12 0 T M M 13.5 30 250 M M 5 12 39 250
17 47 32 40 -8 25 0 0.00 M M 9.5 16 20 M M 5 20 20
18 43 34 39 -9 26 0 0.97 M M 10.8 20 30 M M 10 1 25 20
19 47 35 41 -7 24 0 0.73 M M 8.6 18 360 M M 8 1 23 10
20 49 29 39 -9 26 0 0.00 M M 7.5 21 320 M M 0 26 330
21 47 25 36 -12 29 0 0.00 M M 5.8 13 50 M M 1 18 80
22 67 36 52 3 13 0 0.29 M M 8.6 26 310 M M 7 12 35 200
23 66 40 53 4 12 0 0.00 M M 8.3 22 220 M M 5 12 27 230
24 75 35 55 6 10 0 0.00 M M 8.2 24 220 M M 0 32 220
25 72 43 58 9 7 0 0.00 M M 5.8 13 20 M M 1 17 20
26 55 43 49 0 16 0 0.04 M M 8.5 17 30 M M 7 1 22 40
27 74 44 59 9 6 0 0.01 M M 6.4 16 240 M M 5 1 21 220
28 83 51 67 17 0 2 T M M 10.0 25 210 M M 5 12 33 210
================================================================================
SM 1560 1021 526 2 5.31 M 226.6 M 159
================================================================================
AV 55.7 36.5 8.1 FASTST M M 6 MAX(MPH)
MISC ----> 30 250 39 250
================================================================================
NOTES:
# LAST OF SEVERAL OCCURRENCES
COLUMN 17 PEAK WIND IN M.P.H.
PRELIMINARY LOCAL CLIMATOLOGICAL DATA (WS FORM: F-6) , PAGE 2
STATION: FAYETTEVILLE REGL AIRPORT NC
MONTH: FEBRUARY
YEAR: 2021
LATITUDE: 35 0 N
LONGITUDE: 78 53 W
[TEMPERATURE DATA] [PRECIPITATION DATA] SYMBOLS USED IN COLUMN 16
AVERAGE MONTHLY: 46.1 TOTAL FOR MONTH: 5.31 1 = FOG OR MIST
DPTR FM NORMAL: -1.2 DPTR FM NORMAL: 2.55 2 = FOG REDUCING VISIBILITY
HIGHEST: 83 ON 28 GRTST 24HR 1.46 ON 18-19 TO 1/4 MILE OR LESS
LOWEST: 23 ON 4 3 = THUNDER
SNOW, ICE PELLETS, HAIL 4 = ICE PELLETS
TOTAL MONTH: M 5 = HAIL
GRTST 24HR M ON M 6 = FREEZING RAIN OR DRIZZLE
GRTST DEPTH: M ON M 7 = DUSTSTORM OR SANDSTORM:
VSBY 1/2 MILE OR LESS
8 = SMOKE OR HAZE
[NO. OF DAYS WITH] [WEATHER - DAYS WITH] 9 = BLOWING SNOW
X = TORNADO
MAX 32 OR BELOW: 0 0.01 INCH OR MORE: 14
MAX 90 OR ABOVE: 0 0.10 INCH OR MORE: 11
MIN 32 OR BELOW: 7 0.50 INCH OR MORE: 5
MIN 0 OR BELOW: 0 1.00 INCH OR MORE: 0
[HDD (BASE 65) ]
TOTAL THIS MO. 526 CLEAR (SCALE 0-3) 7
DPTR FM NORMAL 27 PTCLDY (SCALE 4-7) 12
TOTAL FM JUL 1 2054 CLOUDY (SCALE 8-10) 9
DPTR FM NORMAL -172
[CDD (BASE 65) ]
TOTAL THIS MO. 2
DPTR FM NORMAL 0 [PRESSURE DATA]
TOTAL FM JAN 1 2 HIGHEST SLP 30.60 ON 21
DPTR FM NORMAL 0 LOWEST SLP 29.65 ON 16
[REMARKS]
#FINAL-02-21#