000
CXUS52 KRAH 011433
CLMFAY
CLIMATE REPORT
NATIONAL WEATHER SERVICE RALEIGH NC
1033 AM EDT SAT JUL 01 2023
...................................
...THE FAYETTEVILLE NC CLIMATE SUMMARY FOR THE MONTH OF JUNE 2023...
CLIMATE NORMAL PERIOD 1991 TO 2020
CLIMATE RECORD PERIOD 1910 TO 2023
WEATHER OBSERVED NORMAL DEPART LAST YEAR`S
VALUE DATE(S) VALUE FROM VALUE
NORMAL
..............................................................
TEMPERATURE (F)
RECORD
HIGH 106 06/29/2012
LOW 44 06/12/1972
06/02/1966
06/16/1933
HIGHEST 92 06/25 101
06/26
LOWEST 54 06/10 55
AVG. MAXIMUM 86.2 88.5 -2.3 92.4
AVG. MINIMUM 65.0 68.2 -3.2 67.9
MEAN 75.6 78.3 -2.7 80.2
DAYS MAX >= 90 9 21
DAYS MAX <= 32 0 0
DAYS MIN <= 32 0 0
DAYS MIN <= 0 0 0
PRECIPITATION (INCHES)
RECORD
MAXIMUM 15.94 1995
TOTALS 5.72 4.89 0.83 2.10
DAYS >= .01 12
DAYS >= .10 10
DAYS >= .50 5
DAYS >= 1.00 2
GREATEST
24 HR. TOTAL 2.11 06/26 TO 06/27
DEGREE DAYS
HEATING TOTAL 0 0 0 0
SINCE 7/1 2142 2733 -591 MM
COOLING TOTAL 325 401 -76 462
SINCE 1/1 605 700 -95 MM
..............................................................
WIND (MPH)
AVERAGE WIND SPEED 6.9
HIGHEST WIND SPEED/DIRECTION 32/110 DATE 06/19
HIGHEST GUST SPEED/DIRECTION 42/100 DATE 06/19
SKY COVER
POSSIBLE SUNSHINE (PERCENT) MM
AVERAGE SKY COVER 0.35
NUMBER OF DAYS FAIR 19
NUMBER OF DAYS PC 9
NUMBER OF DAYS CLOUDY 2
AVERAGE RH (PERCENT) 70
WEATHER CONDITIONS. NUMBER OF DAYS WITH
THUNDERSTORM 9 MIXED PRECIP 0
HEAVY RAIN 5 RAIN 6
LIGHT RAIN 12 FREEZING RAIN 0
LT FREEZING RAIN 0 HAIL 0
HEAVY SNOW 0 SNOW 0
LIGHT SNOW 0 SLEET 0
FOG 17 FOG W/VIS <= 1/4 MILE 1
HAZE 9
- INDICATES NEGATIVE NUMBERS.
R INDICATES RECORD WAS SET OR TIED.
MM INDICATES DATA IS MISSING.
T INDICATES TRACE AMOUNT.
$$