000
CXUS53 KLMK 010710
CF6FFT
PRELIMINARY LOCAL CLIMATOLOGICAL DATA (WS FORM: F-6)
STATION: FRANKFORT KY
MONTH: APRIL
YEAR: 2021
LATITUDE: 38 10 N
LONGITUDE: 84 54 W
TEMPERATURE IN F: :PCPN: SNOW: WIND :SUNSHINE: SKY :PK WND
================================================================================
1 2 3 4 5 6A 6B 7 8 9 10 11 12 13 14 15 16 17 18
12Z AVG MX 2MIN
DY MAX MIN AVG DEP HDD CDD WTR SNW DPTH SPD SPD DIR MIN PSBL S-S WX SPD DR
================================================================================
1 42 30 36 -14 29 0 T M M 9.3 21 330 M M 4 32 340
2 50 21 36 -15 29 0 0.00 M M 3.5 10 30 M M 0 17 20
3 64 26 45 -6 20 0 0.00 M M 5.5 16 200 M M 0 24 240
4 74 39 57 6 8 0 0.00 M M 6.6 15 230 M M 0 20 210
5 77 40 59 7 6 0 0.00 M M 4.8 18 220 M M 0 23 220
6 78 44 61 9 4 0 0.00 M M 4.4 15 240 M M 1 26 230
7 82 51 67 15 0 2 0.00 M M 5.0 18 200 M M 2 25 210
8 71 61 66 13 0 1 0.10 M M 8.9 20 160 M M 7 1 29 160
9 83 54 69 16 0 4 0.00 M M 10.1 25 200 M M 2 34 190
10 67 54 61 7 4 0 0.77 M M 9.2 18 190 M M 4 138 28 190
11 56 50 53 -1 12 0 0.12 M M 9.6 23 230 M M 8 32 230
12 69 44 57 3 8 0 0.00 M M 6.6 18 300 M M 4 1 34 280
13 70 48 59 5 6 0 0.01 M M 2.8 10 290 M M 6 8 16 290
14 57 45 51 -4 14 0 0.33 M M 4.3 10 10 M M 8 1 16 30
15 57 38 48 -7 17 0 0.00 M M 6.0 16 320 M M 3 31 330
16 62 32 47 -8 18 0 0.00 M M 1.9 12 310 M M 1 17 300
17 61 39 50 -6 15 0 T M M 3.5 14 230 M M 6 20 220
18 65 35 50 -6 15 0 0.00 M M 1.9 13 300 M M 4 1 18 290
19 69 44 57 1 8 0 0.00 M M 5.6 17 230 M M 3 25 240
20 72 39 56 -1 9 0 T M M 8.1 22 320 M M 3 18 31 310
21 46 31 39 -18 26 0 0.22 M M 6.6 17 270 M M 7 1 28 270
22 55 31 43 -14 22 0 0.00 M M 5.0 17 320 M M 5 28 330
23 63 31 47 -11 18 0 0.00 M M 5.4 17 210 M M 6 23 190
24 54 48 51 -7 14 0 0.57 M M 6.0 13 60 M M 8 1 19 40
25 65 41 53 -5 12 0 0.00 M M 3.3 10 300 M M 7 128 16 330
26 76 35 56 -2 9 0 0.00 M M 4.5 14 160 M M 0 128 18 170
27 82 57 70 11 0 5 0.00 M M 13.3 23 200 M M 0 32 180
28 81 66 74 15 0 9 0.60 M M 8.3 17 210 M M 7 13 23 240
29 70 55 63 4 2 0 0.57 M M 9.9 21 210 M M 8 1 31 220
30 74 45 60 0 5 0 0.00 M M 9.1 22 330 M M 0 1 35 290
================================================================================
SM 1992 1274 330 21 3.29 M 189.0 M 114
================================================================================
AV 66.4 42.5 6.3 FASTST M M 4 MAX(MPH)
MISC ----> 25 200 35 290
================================================================================
NOTES:
# LAST OF SEVERAL OCCURRENCES
COLUMN 17 PEAK WIND IN M.P.H.
PRELIMINARY LOCAL CLIMATOLOGICAL DATA (WS FORM: F-6) , PAGE 2
STATION: FRANKFORT KY
MONTH: APRIL
YEAR: 2021
LATITUDE: 38 10 N
LONGITUDE: 84 54 W
[TEMPERATURE DATA] [PRECIPITATION DATA] SYMBOLS USED IN COLUMN 16
AVERAGE MONTHLY: 54.4 TOTAL FOR MONTH: 3.29 1 = FOG OR MIST
DPTR FM NORMAL: -0.8 DPTR FM NORMAL: -0.40 2 = FOG REDUCING VISIBILITY
HIGHEST: 83 ON 9 GRTST 24HR 1.04 ON 28-29 TO 1/4 MILE OR LESS
LOWEST: 21 ON 2 3 = THUNDER
SNOW, ICE PELLETS, HAIL 4 = ICE PELLETS
TOTAL MONTH: M 5 = HAIL
GRTST 24HR M ON M 6 = FREEZING RAIN OR DRIZZLE
GRTST DEPTH: M ON M 7 = DUSTSTORM OR SANDSTORM:
VSBY 1/2 MILE OR LESS
8 = SMOKE OR HAZE
[NO. OF DAYS WITH] [WEATHER - DAYS WITH] 9 = BLOWING SNOW
X = TORNADO
MAX 32 OR BELOW: 0 0.01 INCH OR MORE: 9
MAX 90 OR ABOVE: 0 0.10 INCH OR MORE: 8
MIN 32 OR BELOW: 7 0.50 INCH OR MORE: 4
MIN 0 OR BELOW: 0 1.00 INCH OR MORE: 0
[HDD (BASE 65) ]
TOTAL THIS MO. 330 CLEAR (SCALE 0-3) 13
DPTR FM NORMAL 16 PTCLDY (SCALE 4-7) 16
TOTAL FM JUL 1 4252 CLOUDY (SCALE 8-10) 1
DPTR FM NORMAL -327
[CDD (BASE 65) ]
TOTAL THIS MO. 21
DPTR FM NORMAL 3 [PRESSURE DATA]
TOTAL FM JAN 1 21 HIGHEST SLP M ON M
DPTR FM NORMAL 1 LOWEST SLP 29.46 ON 10
[REMARKS]
#FINAL-04-21#