000
CXUS55 KLMK 011922
CLMFFT
CLIMATE REPORT
NATIONAL WEATHER SERVICE LOUISVILLE KY
322 PM EDT WED NOV 01 2023
...................................
...THE FRANKFORT KY CLIMATE SUMMARY FOR THE MONTH OF OCTOBER 2023...
CLIMATE NORMAL PERIOD 1991 TO 2020
CLIMATE RECORD PERIOD 1895 TO 2023
WEATHER OBSERVED NORMAL DEPART LAST YEAR`S
VALUE DATE(S) VALUE FROM VALUE DATE(S)
NORMAL
................................................................
TEMPERATURE (F)
RECORD
HIGH 98 10/01/1953
LOW 20 10/23/1952
10/22/1952
10/29/1925
HIGHEST 89 10/03 MM MM 81 10/12
LOWEST 28 10/31 MM MM 27 10/20
AVG. MAXIMUM 69.9 69.5 0.4 69.5
AVG. MINIMUM 46.9 45.7 1.2 40.3
MEAN 58.4 57.6 0.8 54.9
DAYS MAX >= 90 0 0.2 -0.2 0
DAYS MAX <= 32 0 0.0 0.0 0
DAYS MIN <= 32 1 2.7 -1.7 5
DAYS MIN <= 0 0 0.0 0.0 0
PRECIPITATION (INCHES)
RECORD
MAXIMUM 9.14 1919
MINIMUM 0.08 1963
TOTALS 2.70 3.64 -0.94 1.08
DAILY AVG. 0.09 0.12 -0.03 0.03
DAYS >= .01 10 10.1 -0.1 6
DAYS >= .10 8 5.8 2.2 3
DAYS >= .50 1 2.7 -1.7 1
DAYS >= 1.00 0 1.1 -1.1 0
GREATEST
24 HR. TOTAL 0.93 10/29 TO 10/30
DEGREE DAYS
HEATING TOTAL 232 261 -29 308
SINCE 7/1 239 302 -63 MM
COOLING TOTAL 34 31 3 3
SINCE 1/1 1126 1328 -202 MM
................................................................
WIND (MPH)
AVERAGE WIND SPEED 5.0
HIGHEST WIND SPEED/DIRECTION 23/220 DATE 10/21
HIGHEST GUST SPEED/DIRECTION 32/330 DATE 10/06
32/220 10/21
SKY COVER
POSSIBLE SUNSHINE (PERCENT) MM
AVERAGE SKY COVER 0.40
NUMBER OF DAYS FAIR 16
NUMBER OF DAYS PC 6
NUMBER OF DAYS CLOUDY 9
AVERAGE RH (PERCENT) 70
WEATHER CONDITIONS. NUMBER OF DAYS WITH
THUNDERSTORM 0 MIXED PRECIP 0
HEAVY RAIN 2 RAIN 6
LIGHT RAIN 11 FREEZING RAIN 0
LT FREEZING RAIN 0 HAIL 0
HEAVY SNOW 0 SNOW 0
LIGHT SNOW 0 SLEET 0
FOG 13 FOG W/VIS <= 1/4 MILE 2
HAZE 3
- INDICATES NEGATIVE NUMBERS.
R INDICATES RECORD WAS SET OR TIED.
MM INDICATES DATA IS MISSING.
T INDICATES TRACE AMOUNT.
$$