000
CXUS53 KMKX 010910
CF6FLD
PRELIMINARY LOCAL CLIMATOLOGICAL DATA (WS FORM: F-6)
STATION: FOND_DU_LAC WI
MONTH: FEBRUARY
YEAR: 2023
LATITUDE: 43 46 N
LONGITUDE: 88 29 W
TEMPERATURE IN F: :PCPN: SNOW: WIND :SUNSHINE: SKY :PK WND
================================================================================
1 2 3 4 5 6A 6B 7 8 9 10 11 12 13 14 15 16 17 18
12Z AVG MX 2MIN
DY MAX MIN AVG DEP HDD CDD WTR SNW DPTH SPD SPD DIR MIN PSBL S-S WX SPD DR
================================================================================
1 22 3 13 -6 52 0 0.00 0.0 M 10.8 16 210 M M 3 23 220
2 24 2 13 -6 52 0 0.00 0.0 M 13.4 23 320 M M 1 30 330
3 7 -8 0 -19 65 0 0.00 M M 8.7 17 310 M M 4 22 320
4 34 7 21 2 44 0 0.00 M M 12.5 22 190 M M 2 30 190
5 33 15 24 5 41 0 0.00 M M 6.9 14 340 M M 1 1 19 320
6 42 5 24 4 41 0 T M M 11.8 32 170 M M 1 18 47 180
7 43 30 37 17 28 0 0.02 M M 11.2 25 190 M M 7 36 200
8 45 24 35 15 30 0 0.00 M M 6.6 17 190 M M 0 21 190
9 38 32 35 15 30 0 0.27 M M 11.8 28 10 M M 8 128 37 20
10 36 16 26 6 39 0 0.00 M M 9.8 21 320 M M 1 27 300
11 41 17 29 8 36 0 0.00 M M 12.7 23 210 M M 0 35 210
12 43 28 36 15 29 0 0.00 M M 7.9 13 210 M M 0 19 200
13 43 28 36 15 29 0 0.00 M M 7.3 16 320 M M 0 23 300
14 48 32 40 18 25 0 0.08 M M 14.3 24 140 M M 4 34 140
15 48 31 40 18 25 0 0.00 M M 14.5 26 250 M M 10 40 260
16 31 20 26 4 39 0 0.01 M M 14.6 23 20 M M 9 128 31 20
17 22 6 14 -8 51 0 T M M 11.0 22 200 M M 2 32 200
18 37 17 27 4 38 0 0.00 M M 9.7 18 210 M M 0 25 210
19 46 29 38 15 27 0 0.00 M M 12.9 21 320 M M 1 31 210
20 40 22 31 7 34 0 0.00 M M 8.1 21 270 M M 3 1 32 260
21 35 19 27 3 38 0 0.26 M M 11.1 30 290 M M 5 1 43 260
22 30 24 27 3 38 0 0.14 M M 15.3 26 50 M M 10 128 35 50
23 29 17 23 -2 42 0 0.02 M M 11.5 21 70 M M 10 168 29 60
24 20 -3 9 -16 56 0 0.02 M M 3.8 12 310 M M 4 1 15 310
25 30 17 24 -1 41 0 0.03 M M 8.5 21 210 M M 5 18 28 200
26 37 11 24 -2 41 0 0.00 M M 5.2 13 130 M M 0 1 18 130
27 37 30 34 8 31 0 1.27 M M 13.3 28 110 M M 9 1 41 100
28 41 32 37 11 28 0 T M M 6.4 18 310 M M 5 27 300
================================================================================
SM 982 503 1070 0 2.12 0.0 291.6 M 105
================================================================================
AV 35.1 18.0 10.4 FASTST M M 4 MAX(MPH)
MISC ----> 32 170 47 180
================================================================================
NOTES:
# LAST OF SEVERAL OCCURRENCES
COLUMN 17 PEAK WIND IN M.P.H.
PRELIMINARY LOCAL CLIMATOLOGICAL DATA (WS FORM: F-6) , PAGE 2
STATION: FOND_DU_LAC WI
MONTH: FEBRUARY
YEAR: 2023
LATITUDE: 43 46 N
LONGITUDE: 88 29 W
[TEMPERATURE DATA] [PRECIPITATION DATA] SYMBOLS USED IN COLUMN 16
AVERAGE MONTHLY: 26.5 TOTAL FOR MONTH: 2.12 1 = FOG OR MIST
DPTR FM NORMAL: 4.5 DPTR FM NORMAL: 1.43 2 = FOG REDUCING VISIBILITY
HIGHEST: 48 ON 15,14 GRTST 24HR 1.27 ON 27-27 TO 1/4 MILE OR LESS
LOWEST: -8 ON 3 3 = THUNDER
SNOW, ICE PELLETS, HAIL 4 = ICE PELLETS
TOTAL MONTH: 0.0 INCH 5 = HAIL
GRTST 24HR 0.0 6 = FREEZING RAIN OR DRIZZLE
GRTST DEPTH: M ON M 7 = DUSTSTORM OR SANDSTORM:
VSBY 1/2 MILE OR LESS
8 = SMOKE OR HAZE
[NO. OF DAYS WITH] [WEATHER - DAYS WITH] 9 = BLOWING SNOW
X = TORNADO
MAX 32 OR BELOW: 9 0.01 INCH OR MORE: 10
MAX 90 OR ABOVE: 0 0.10 INCH OR MORE: 4
MIN 32 OR BELOW: 28 0.50 INCH OR MORE: 1
MIN 0 OR BELOW: 2 1.00 INCH OR MORE: 1
[HDD (BASE 65) ]
TOTAL THIS MO. 1070 CLEAR (SCALE 0-3) 15
DPTR FM NORMAL -132 PTCLDY (SCALE 4-7) 7
TOTAL FM JUL 1 4802 CLOUDY (SCALE 8-10) 6
DPTR FM NORMAL -578
[CDD (BASE 65) ]
TOTAL THIS MO. 0
DPTR FM NORMAL 0 [PRESSURE DATA]
TOTAL FM JAN 1 0 HIGHEST SLP 30.72 ON 24
DPTR FM NORMAL 0 LOWEST SLP 29.18 ON 27
[REMARKS]
#FINAL-02-23#