000
CXUS54 KLZK 011410
CF6FLP
PRELIMINARY LOCAL CLIMATOLOGICAL DATA (WS FORM: F-6)
STATION: FLIPPIN
MONTH: JULY
YEAR: 2022
LATITUDE: 36 17 N
LONGITUDE: 92 28 W
TEMPERATURE IN F: :PCPN: SNOW: WIND :SUNSHINE: SKY :PK WND
================================================================================
1 2 3 4 5 6A 6B 7 8 9 10 11 12 13 14 15 16 17 18
12Z AVG MX 2MIN
DY MAX MIN AVG DEP HDD CDD WTR SNW DPTH SPD SPD DIR MIN PSBL S-S WX SPD DR
================================================================================
1 97 69 83 M 0 18 0.01 M M 2.1 8 120 M M 1 M M
2 97 70 84 M 0 19 0.00 M M 2.3 7 70 M M 1 8 M M
3 96 74 85 M 0 20 0.00 M M 2.6 6 140 M M 2 M M
4 99 72 86 M 0 21 T M M 2.7 10 270 M M 1 M M
5 102 75 89 M 0 24 0.00 M M 4.7 15 240 M M 0 18 240
6 104 77 91 M 0 26 0.00 M M 4.0 12 260 M M 0 M M
7 103 75 89 M 0 24 0.00 M M 4.7 9 230 M M 1 M M
8 104 78 91 M 0 26 0.01 M M 4.3 12 350 M M 1 38 18 99
9 93 73 83 M 0 18 0.00 M M 7.2 15 20 M M 3 18 340
10 95 69 82 M 0 17 0.00 M M 3.8 8 60 M M 2 M M
11 101 66 84 M 0 19 0.00 M M 1.9 8 10 M M 0 M M
12 93 73 83 M 0 18 T M M 3.4 8 360 M M 1 M M
13 97 73 85 M 0 20 0.00 M M 2.5 7 99 M M 4 M M
14 100 68 84 M 0 19 0.00 M M 2.8 10 60 M M 1 M M
15 97 67 82 M 0 17 0.00 M M 2.5 8 100 M M 0 16 160
16 103 73 88 M 0 23 T M M 3.7 12 240 M M 1 8 16 240
17 101 72 87 M 0 22 0.22 M M 6.5 24 30 M M 2 33 30
18 92 71 82 M 0 17 0.00 M M 2.6 8 20 M M 6 18 M M
19 101 73 87 M 0 22 0.00 M M 3.0 7 90 M M 2 M M
20 108 79 94 M 0 29 0.00 M M 6.1 16 280 M M 0 23 280
21 103 70 87 M 0 22 0.00 M M 4.0 10 240 M M 0 8 M M
22 103 69 86 M 0 21 0.00 M M 3.1 9 260 M M 0 M M
23 103 68 86 M 0 21 0.00 M M 4.1 10 160 M M 1 16 210
24 104 74 89 M 0 24 0.00 M M 4.5 15 240 M M 1 21 240
25 97 77 87 M 0 22 0.00 M M 3.9 9 30 M M 1 M M
26 106 78 92 M 0 27 0.00 M M 5.9 12 240 M M 2 16 210
27 101 73 87 M 0 22 1.41 M M 4.7 20 340 M M 3 13 30 330
28 90 72 81 M 0 16 0.13 M M 2.9 14 250 M M 5 M M
29 87 71 79 M 0 14 0.38 M M 3.4 9 240 M M 8 13 M M
30 75 68 72 M 0 7 0.56 M M 3.7 10 40 M M 10 1 M M
31 84 69 77 M 0 12 T M M 4.1 9 210 M M 6 1 M M
================================================================================
SM 3036 2236 0 627 2.72 M 117.6 M 66
================================================================================
AV 97.9 72.1 3.8 FASTST M M 2 MAX(MPH)
MISC ----> 24 30 33 30
================================================================================
NOTES:
# LAST OF SEVERAL OCCURRENCES
COLUMN 17 PEAK WIND IN M.P.H.
PRELIMINARY LOCAL CLIMATOLOGICAL DATA (WS FORM: F-6) , PAGE 2
STATION: FLIPPIN
MONTH: JULY
YEAR: 2022
LATITUDE: 36 17 N
LONGITUDE: 92 28 W
[TEMPERATURE DATA] [PRECIPITATION DATA] SYMBOLS USED IN COLUMN 16
AVERAGE MONTHLY: 85.0 TOTAL FOR MONTH: 2.72 1 = FOG OR MIST
DPTR FM NORMAL: 0.0 DPTR FM NORMAL: M 2 = FOG REDUCING VISIBILITY
HIGHEST: 108 ON 20 GRTST 24HR 1.47 ON 27-28 TO 1/4 MILE OR LESS
LOWEST: 66 ON 11 3 = THUNDER
SNOW, ICE PELLETS, HAIL 4 = ICE PELLETS
TOTAL MONTH: M 5 = HAIL
GRTST 24HR M ON M 6 = FREEZING RAIN OR DRIZZLE
GRTST DEPTH: M ON M 7 = DUSTSTORM OR SANDSTORM:
VSBY 1/2 MILE OR LESS
8 = SMOKE OR HAZE
[NO. OF DAYS WITH] [WEATHER - DAYS WITH] 9 = BLOWING SNOW
X = TORNADO
MAX 32 OR BELOW: 0 0.01 INCH OR MORE: 7
MAX 90 OR ABOVE: 28 0.10 INCH OR MORE: 5
MIN 32 OR BELOW: 0 0.50 INCH OR MORE: 2
MIN 0 OR BELOW: 0 1.00 INCH OR MORE: 1
[HDD (BASE 65) ]
TOTAL THIS MO. 0 CLEAR (SCALE 0-3) 25
DPTR FM NORMAL M PTCLDY (SCALE 4-7) 5
TOTAL FM JUL 1 0 CLOUDY (SCALE 8-10) 1
DPTR FM NORMAL M
[CDD (BASE 65) ]
TOTAL THIS MO. 627
DPTR FM NORMAL M [PRESSURE DATA]
TOTAL FM JAN 1 1222 HIGHEST SLP 30.19 ON 30
DPTR FM NORMAL M LOWEST SLP 29.70 ON 20
[REMARKS]
#FINAL-07-22#