000
CXUS52 KTBW 020310
CLMFMY
CLIMATE REPORT
NATIONAL WEATHER SERVICE TAMPA BAY FL
1010 PM EST THU FEB 01 2024
...................................
...THE FORT MYERS CLIMATE SUMMARY FOR THE MONTH OF JANUARY 2024...
CLIMATE NORMAL PERIOD: 1991 TO 2020
CLIMATE RECORD PERIOD: 1902 TO 2024
WEATHER OBSERVED NORMAL DEPART LAST YEAR`S
VALUE DATE(S) VALUE FROM VALUE DATE(S)
NORMAL
................................................................
TEMPERATURE (F)
ALL-TIME JANUARY RECORD
HIGH 88 01/12/2020
01/09/2013
01/19/1990
01/02/1982
01/22/1962
LOW 27 01/26/1905
JANUARY 2024
HIGHEST 85 01/27 MM MM 87 01/02
01/29
01/30
LOWEST 43 01/21 MM MM 40 01/15
AVG. MAXIMUM 73.9 75.0 -1.1 79.2
AVG. MINIMUM 57.1 54.3 2.8 58.6
MEAN 65.5 64.7 0.8 68.9
DAYS MAX >= 90 0 0.0 0.0 0
DAYS MAX <= 32 0 0.0 0.0 0
DAYS MIN <= 32 0 0.1 -0.1 0
DAYS MIN <= 0 0 0.0 0.0 0
PRECIPITATION (INCHES)
ALL-TIME JANUARY RECORD
MAXIMUM 12.98 2016
MINIMUM 0.00 1950
JANUARY 2024
TOTALS 4.86 2.43 2.43 1.33
DAILY AVG. 0.16 0.08 0.08 0.04
DAYS >= .01 8 5.8 2.2 3
DAYS >= .10 6 3.3 2.7 2
DAYS >= .50 2 1.5 0.5 1
DAYS >= 1.00 1 0.7 0.3 1
GREATEST
24 HR. TOTAL 3.15 01/15 TO 01/16
DEGREE DAYS
HEATING TOTAL 66 98 -32 42
SINCE 7/1 110 174 -64 MM
COOLING TOTAL 89 87 2 169
SINCE 1/1 89 87 2 MM
................................................................
WIND (MPH)
AVERAGE WIND SPEED 8.4
HIGHEST WIND SPEED/DIRECTION 35/280 DATE 01/09
HIGHEST GUST SPEED/DIRECTION 52/260 DATE 01/09
SKY COVER (DOES NOT INCLUDE ANY CLOUDS ABOVE 12000 FEET)
POSSIBLE SUNSHINE (PERCENT) MM
AVERAGE SKY COVER 0.46
NUMBER OF DAYS FAIR 13
NUMBER OF DAYS PC 11
NUMBER OF DAYS CLOUDY 7
AVERAGE RH (PERCENT) 77
WEATHER CONDITIONS. NUMBER OF DAYS WITH
THUNDERSTORM 4 MIXED PRECIP 0
HEAVY RAIN 5 RAIN 7
LIGHT RAIN 10 FREEZING RAIN 0
LT FREEZING RAIN 0 HAIL 0
HEAVY SNOW 0 SNOW 0
LIGHT SNOW 0 SLEET 0
FOG 10 FOG W/VIS <= 1/4 MILE 0
HAZE 0
- INDICATES NEGATIVE NUMBERS.
R INDICATES RECORD WAS SET OR TIED.
MM INDICATES DATA IS MISSING.
T INDICATES TRACE AMOUNT.
$$