126
CXUS54 KTSA 021224
CF6FSM
PRELIMINARY LOCAL CLIMATOLOGICAL DATA (WS FORM: F-6)
STATION: FORT SMITH ARKANSAS
MONTH: JANUARY
YEAR: 2021
LATITUDE: 35 19 N
LONGITUDE: 94 22 W
TEMPERATURE IN F: :PCPN: SNOW: WIND :SUNSHINE: SKY :PK WND
================================================================================
1 2 3 4 5 6A 6B 7 8 9 10 11 12 13 14 15 16 17 18
12Z AVG MX 2MIN
DY MAX MIN AVG DEP HDD CDD WTR SNW DPTH SPD SPD DIR MIN PSBL S-S WX SPD DR
================================================================================
1 47 37 42 3 23 0 0.06 0.0 0 9.8 26 60 M M 10 1 35 60
2 43 29 36 -3 29 0 0.01 0.0 0 6.6 20 270 M M 8 23 270
3 56 28 42 3 23 0 0.00 0.0 0 6.5 17 60 M M 0 1 24 210
4 61 29 45 6 20 0 0.00 0.0 0 5.7 22 260 M M 0 26 260
5 61 28 45 6 20 0 0.00 0.0 0 5.4 15 50 M M 0 18 50
6 42 37 40 1 25 0 0.83 0.0 0 13.1 20 80 M M 8 1 26 70
7 46 38 42 3 23 0 0.38 0.0 0 7.3 18 60 M M 10 1 25 70
8 45 29 37 -2 28 0 0.00 0.0 0 8.2 16 10 M M 7 20 20
9 47 25 36 -3 29 0 0.00 0.0 0 4.1 12 300 M M 0 1 15 340
10 39 30 35 -4 30 0 0.00 0.0 0 5.0 12 350 M M 3 15 10
11 47 27 37 -2 28 0 0.00 0.0 0 5.2 14 260 M M 3 18 240
12 51 23 37 -2 28 0 0.00 0.0 0 1.9 13 270 M M 0 1 17 260
13 58 24 41 2 24 0 0.00 0.0 0 3.4 15 210 M M 0 19 190
14 58 30 44 5 21 0 0.00 0.0 0 10.0 26 320 M M 1 37 330
15 45 36 41 2 24 0 T T 0 15.7 30 280 M M 5 44 290
16 47 29 38 -1 27 0 0.00 0.0 0 8.5 20 260 M M 3 26 250
17 56 26 41 2 24 0 0.00 0.0 0 9.0 24 280 M M 1 33 300
18 63 26 45 6 20 0 0.00 0.0 0 3.3 18 210 M M 2 24 200
19 58 36 47 8 18 0 0.00 0.0 0 6.9 15 340 M M 3 20 350
20 44 29 37 -2 28 0 0.08 0.0 0 3.7 10 40 M M 7 1 12 40
21 52 42 47 7 18 0 0.00 0.0 0 2.8 9 110 M M 6 1 12 120
22 58 35 47 7 18 0 0.00 0.0 0 6.0 17 60 M M 1 1 22 60
23 43 35 39 -1 26 0 T 0.0 0 11.6 17 70 M M 7 25 80
24 54 39 47 7 18 0 0.05 0.0 0 8.6 18 80 M M 10 1 23 70
25 67 42 55 15 10 0 0.48 0.0 0 8.9 24 290 M M 6 13 31 280
26 47 34 41 1 24 0 0.00 0.0 0 7.6 18 290 M M 3 25 290
27 38 33 36 -4 29 0 0.05 0.0 0 9.3 17 340 M M 9 1 24 330
28 48 33 41 1 24 0 0.00 0.0 0 6.5 10 70 M M 5 17 130
29 56 30 43 3 22 0 0.00 0.0 0 6.5 12 110 M M 0 16 110
30 67 44 56 15 9 0 0.33 0.0 0 10.2 25 240 M M 5 1 36 250
31 52 40 46 5 19 0 0.00 0.0 0 13.1 22 300 M M 10 32 310
================================================================================
SM 1596 1003 709 0 2.27 T 230.4 M 133
================================================================================
AV 51.5 32.4 7.4 FASTST M M 4 MAX(MPH)
MISC ----> 30 280 44 290
================================================================================
NOTES:
# LAST OF SEVERAL OCCURRENCES
COLUMN 17 PEAK WIND IN M.P.H.
PRELIMINARY LOCAL CLIMATOLOGICAL DATA (WS FORM: F-6) , PAGE 2
STATION: FORT SMITH ARKANSAS
MONTH: JANUARY
YEAR: 2021
LATITUDE: 35 19 N
LONGITUDE: 94 22 W
[TEMPERATURE DATA] [PRECIPITATION DATA] SYMBOLS USED IN COLUMN 16
AVERAGE MONTHLY: 41.9 TOTAL FOR MONTH: 2.27 1 = FOG OR MIST
DPTR FM NORMAL: 2.5 DPTR FM NORMAL: -0.54 2 = FOG REDUCING VISIBILITY
HIGHEST: 67 ON 25,30 GRTST 24HR 1.77 ON 31- 1 TO 1/4 MILE OR LESS
LOWEST: 23 ON 12 3 = THUNDER
SNOW, ICE PELLETS, HAIL 4 = ICE PELLETS
TOTAL MONTH: T 5 = HAIL
GRTST 24HR T ON 15-15 6 = FREEZING RAIN OR DRIZZLE
GRTST DEPTH: 0 7 = DUSTSTORM OR SANDSTORM:
VSBY 1/2 MILE OR LESS
8 = SMOKE OR HAZE
[NO. OF DAYS WITH] [WEATHER - DAYS WITH] 9 = BLOWING SNOW
X = TORNADO
MAX 32 OR BELOW: 0 0.01 INCH OR MORE: 9
MAX 90 OR ABOVE: 0 0.10 INCH OR MORE: 4
MIN 32 OR BELOW: 16 0.50 INCH OR MORE: 1
MIN 0 OR BELOW: 0 1.00 INCH OR MORE: 0
[HDD (BASE 65) ]
TOTAL THIS MO. 709 CLEAR (SCALE 0-3) 14
DPTR FM NORMAL -83 PTCLDY (SCALE 4-7) 11
TOTAL FM JUL 1 1867 CLOUDY (SCALE 8-10) 6
DPTR FM NORMAL -225
[CDD (BASE 65) ]
TOTAL THIS MO. 0
DPTR FM NORMAL 0 [PRESSURE DATA]
TOTAL FM JAN 1 0 HIGHEST SLP 30.67 ON 28
DPTR FM NORMAL 0 LOWEST SLP 29.53 ON 30
[REMARKS]
#FINAL-01-21#