000
CXUS54 KMAF 011933
CF6FST
PRELIMINARY LOCAL CLIMATOLOGICAL DATA (WS FORM: F-6)
STATION: FORT STOCKTON
MONTH: SEPTEMBER
YEAR: 2021
LATITUDE: 30 55 N
LONGITUDE: 102 55 W
TEMPERATURE IN F: :PCPN: SNOW: WIND :SUNSHINE: SKY :PK WND
================================================================================
1 2 3 4 5 6A 6B 7 8 9 10 11 12 13 14 15 16 17 18
12Z AVG MX 2MIN
DY MAX MIN AVG DEP HDD CDD WTR SNW DPTH SPD SPD DIR MIN PSBL S-S WX SPD DR
================================================================================
1 94 73 84 5 0 19 0.03 M M 11.6 21 210 M M 1 3 24 210
2 93 70 82 3 0 17 T M M 6.5 30 170 M M 2 38 38 180
3 94 73 84 5 0 19 0.00 M M 10.3 17 170 M M 2 8 23 160
4 96 71 84 6 0 19 0.00 M M 8.9 15 110 M M 0 19 120
5 94 67 81 3 0 16 0.00 M M 7.2 21 60 M M 1 28 50
6 94 64 79 1 0 14 0.00 M M 4.9 15 140 M M 1 20 130
7 97 67 82 4 0 17 0.00 M M 8.3 15 180 M M 0 20 160
8 94 69 82 5 0 17 0.00 M M 9.2 28 120 M M 1 8 35 120
9 94 66 80 3 0 15 0.00 M M 7.1 16 110 M M 0 23 70
10 97 64 81 4 0 16 0.00 M M 7.8 15 110 M M 0 18 110
11 94 66 80 3 0 15 0.00 M M 9.7 21 120 M M 0 24 120
12 91 65 78 2 0 13 0.00 M M 10.7 17 130 M M 0 26 130
13 91 66 79 3 0 14 0.00 M M 11.0 17 170 M M 0 21 110
14 96 68 82 6 0 17 0.00 M M 10.7 17 160 M M 0 22 160
15 90 69 80 4 0 15 0.00 M M 10.9 18 140 M M 0 27 120
16 94 67 81 5 0 16 0.00 M M 11.1 22 310 M M 0 30 320
17 99 65 82 7 0 17 T M M 8.3 25 40 M M 0 3 32 30
18 95 68 82 7 0 17 0.00 M M 9.4 23 110 M M 0 26 120
19 97 66 82 7 0 17 0.00 M M 6.9 15 160 M M 0 20 160
20 100 69 85 10 0 20 T M M 9.9 18 230 M M 1 3 24 240
21 85 63 74 0 0 9 0.00 M M 12.1 24 20 M M 0 29 20
22 80 55 68 -6 0 3 0.00 M M 7.5 18 130 M M 0 23 120
23 88 55 72 -2 0 7 0.00 M M 12.0 20 160 M M 0 27 160
24 88 65 77 3 0 12 0.00 M M 11.5 21 160 M M 1 25 160
25 87 63 75 1 0 10 0.00 M M 12.5 22 120 M M 0 27 110
26 91 66 79 6 0 14 0.00 M M 12.4 21 150 M M 0 27 140
27 90 64 77 4 0 12 0.13 M M 7.4 18 150 M M 4 13 23 230
28 85 63 74 1 0 9 0.06 M M 7.5 20 180 M M 2 3 24 240
29 90 63 77 4 0 12 0.00 M M 8.9 18 310 M M 1 24 270
30 82 63 73 1 0 8 T M M 9.8 20 340 M M 2 26 340
================================================================================
SM 2760 1973 0 426 0.22 M 282.0 M 19
================================================================================
AV 92.0 65.8 9.4 FASTST M M 1 MAX(MPH)
MISC ----> 30 170 38 180
================================================================================
NOTES:
# LAST OF SEVERAL OCCURRENCES
COLUMN 17 PEAK WIND IN M.P.H.
PRELIMINARY LOCAL CLIMATOLOGICAL DATA (WS FORM: F-6) , PAGE 2
STATION: FORT STOCKTON
MONTH: SEPTEMBER
YEAR: 2021
LATITUDE: 30 55 N
LONGITUDE: 102 55 W
[TEMPERATURE DATA] [PRECIPITATION DATA] SYMBOLS USED IN COLUMN 16
AVERAGE MONTHLY: 78.9 TOTAL FOR MONTH: 0.22 1 = FOG OR MIST
DPTR FM NORMAL: 3.2 DPTR FM NORMAL: -1.50 2 = FOG REDUCING VISIBILITY
HIGHEST: 100 ON 20 GRTST 24HR 0.13 ON 27-27 TO 1/4 MILE OR LESS
LOWEST: 55 ON 23,22 3 = THUNDER
SNOW, ICE PELLETS, HAIL 4 = ICE PELLETS
TOTAL MONTH: M 5 = HAIL
GRTST 24HR M ON M 6 = FREEZING RAIN OR DRIZZLE
GRTST DEPTH: M ON M 7 = DUSTSTORM OR SANDSTORM:
VSBY 1/2 MILE OR LESS
8 = SMOKE OR HAZE
[NO. OF DAYS WITH] [WEATHER - DAYS WITH] 9 = BLOWING SNOW
X = TORNADO
MAX 32 OR BELOW: 0 0.01 INCH OR MORE: 3
MAX 90 OR ABOVE: 23 0.10 INCH OR MORE: 1
MIN 32 OR BELOW: 0 0.50 INCH OR MORE: 0
MIN 0 OR BELOW: 0 1.00 INCH OR MORE: 0
[HDD (BASE 65) ]
TOTAL THIS MO. 0 CLEAR (SCALE 0-3) 29
DPTR FM NORMAL -5 PTCLDY (SCALE 4-7) 1
TOTAL FM JUL 1 0 CLOUDY (SCALE 8-10) 0
DPTR FM NORMAL 0
[CDD (BASE 65) ]
TOTAL THIS MO. 426
DPTR FM NORMAL 98 [PRESSURE DATA]
TOTAL FM JAN 1 2398 HIGHEST SLP 30.36 ON 22
DPTR FM NORMAL -40 LOWEST SLP 29.64 ON 1
[REMARKS]
#FINAL-09-21#