000
CXUS54 KFWD 072148
CF6FTW
PRELIMINARY LOCAL CLIMATOLOGICAL DATA (WS FORM: F-6)
STATION: FORT WORTH MEACHAM
MONTH: JUNE
YEAR: 2022
LATITUDE: 32 49 N
LONGITUDE: 97 21 W
TEMPERATURE IN F: :PCPN: SNOW: WIND :SUNSHINE: SKY :PK WND
================================================================================
1 2 3 4 5 6A 6B 7 8 9 10 11 12 13 14 15 16 17 18
12Z AVG MX 2MIN
DY MAX MIN AVG DEP HDD CDD WTR SNW DPTH SPD SPD DIR MIN PSBL S-S WX SPD DR
================================================================================
1 89 75 82 4 0 17 0.21 M M 8.5 21 160 M M 5 13 27 60
2 83 64 74 -5 0 9 0.23 M M 8.8 25 340 M M 3 1 40 350
3 82 65 74 -5 0 9 1.92 M M 6.8 24 30 M M 5 123 31 20
4 87 66 77 -2 0 12 0.00 M M 6.9 15 130 M M 2 19 110
5 92 70 81 1 0 16 0.00 M M 15.7 26 130 M M 0 37 140
6 94 72 83 3 0 18 0.00 M M 15.2 25 180 M M 0 34 170
7 93 74 84 4 0 19 0.00 M M 13.9 22 130 M M 1 28 140
8 89 72 81 1 0 16 0.00 M M 13.4 30 360 M M 1 41 360
9 94 71 83 3 0 18 0.00 M M 7.4 14 140 M M 3 19 130
10 98 73 86 5 0 21 0.00 M M 7.2 18 20 M M 0 27 20
11 103 77 90 9 0 25 0.00 M M 10.4 20 140 M M 0 26 140
12 105 79 92 11 0 27 0.00 M M 14.0 22 150 M M 0 31 150
13 99 79 89 8 0 24 0.00 M M 16.1 28 140 M M 0 36 150
14 97 76 87 6 0 22 0.00 M M 19.6 31 170 M M 1 48 190
15 96 78 87 5 0 22 0.00 M M 16.5 26 170 M M 1 34 180
16 99 80 90 8 0 25 0.00 M M 10.7 20 220 M M 0 29 220
17 100 73 87 5 0 22 0.00 M M 6.6 22 90 M M 1 3 31 100
18 98 76 87 5 0 22 0.00 M M 9.6 20 140 M M 1 33 120
19 98 79 89 7 0 24 0.00 M M 9.0 28 110 M M 1 37 110
20 101 76 89 7 0 24 0.00 M M 10.1 20 140 M M 0 25 130
21 100 81 91 9 0 26 0.00 M M 9.7 17 130 M M 1 26 120
22 99 77 88 6 0 23 0.00 M M 6.6 14 130 M M 0 21 120
23 102 78 90 7 0 25 0.00 M M 6.5 15 140 M M 1 21 130
24 103 79 91 8 0 26 0.00 M M 10.9 22 130 M M 0 31 160
25 102 79 91 8 0 26 0.00 M M 9.5 15 140 M M 0 24 150
26 101 78 90 7 0 25 0.00 M M 11.2 24 20 M M 0 3 31 10
27 94 71 83 0 0 18 0.00 M M 11.2 18 40 M M 2 25 20
28 91 76 84 1 0 19 0.00 M M 9.3 15 350 M M 3 23 10
29 94 73 84 1 0 19 0.00 M M 6.9 14 70 M M 0 22 80
30 99 74 87 4 0 22 0.00 M M 7.9 24 140 M M 0 29 140
================================================================================
SM 2882 2241 0 621 2.36 M 316.1 M 32
================================================================================
AV 96.1 74.7 10.5 FASTST M M 1 MAX(MPH)
MISC ----> 31 170 48 190
================================================================================
NOTES:
# LAST OF SEVERAL OCCURRENCES
COLUMN 17 PEAK WIND IN M.P.H.
PRELIMINARY LOCAL CLIMATOLOGICAL DATA (WS FORM: F-6) , PAGE 2
STATION: FORT WORTH MEACHAM
MONTH: JUNE
YEAR: 2022
LATITUDE: 32 49 N
LONGITUDE: 97 21 W
[TEMPERATURE DATA] [PRECIPITATION DATA] SYMBOLS USED IN COLUMN 16
AVERAGE MONTHLY: 85.4 TOTAL FOR MONTH: 2.36 1 = FOG OR MIST
DPTR FM NORMAL: 4.0 DPTR FM NORMAL: -1.66 2 = FOG REDUCING VISIBILITY
HIGHEST: 105 ON 12 GRTST 24HR 1.92 ON 3- 3 TO 1/4 MILE OR LESS
LOWEST: 64 ON 2 3 = THUNDER
SNOW, ICE PELLETS, HAIL 4 = ICE PELLETS
TOTAL MONTH: M 5 = HAIL
GRTST 24HR M ON M 6 = FREEZING RAIN OR DRIZZLE
GRTST DEPTH: M ON M 7 = DUSTSTORM OR SANDSTORM:
VSBY 1/2 MILE OR LESS
8 = SMOKE OR HAZE
[NO. OF DAYS WITH] [WEATHER - DAYS WITH] 9 = BLOWING SNOW
X = TORNADO
MAX 32 OR BELOW: 0 0.01 INCH OR MORE: 3
MAX 90 OR ABOVE: 25 0.10 INCH OR MORE: 3
MIN 32 OR BELOW: 0 0.50 INCH OR MORE: 1
MIN 0 OR BELOW: 0 1.00 INCH OR MORE: 1
[HDD (BASE 65) ]
TOTAL THIS MO. 0 CLEAR (SCALE 0-3) 27
DPTR FM NORMAL 0 PTCLDY (SCALE 4-7) 3
TOTAL FM JUL 1 1992 CLOUDY (SCALE 8-10) 0
DPTR FM NORMAL -349
[CDD (BASE 65) ]
TOTAL THIS MO. 621
DPTR FM NORMAL 130 [PRESSURE DATA]
TOTAL FM JAN 1 1153 HIGHEST SLP 30.18 ON 27
DPTR FM NORMAL 262 LOWEST SLP 29.58 ON 6
[REMARKS]
#FINAL-06-22#