000
CXUS54 KFWD 010830
CF6FTW
PRELIMINARY LOCAL CLIMATOLOGICAL DATA (WS FORM: F-6)
STATION: FORT WORTH MEACHAM
MONTH: FEBRUARY
YEAR: 2021
LATITUDE: 32 49 N
LONGITUDE: 97 21 W
TEMPERATURE IN F: :PCPN: SNOW: WIND :SUNSHINE: SKY :PK WND
================================================================================
1 2 3 4 5 6A 6B 7 8 9 10 11 12 13 14 15 16 17 18
12Z AVG MX 2MIN
DY MAX MIN AVG DEP HDD CDD WTR SNW DPTH SPD SPD DIR MIN PSBL S-S WX SPD DR
================================================================================
1 58 31 45 -2 20 0 0.00 M M 5.8 14 360 M M 0 19 330
2 65 38 52 5 13 0 0.00 M M 7.6 16 130 M M 0 22 170
3 71 42 57 10 8 0 0.00 M M 15.0 25 170 M M 0 34 160
4 63 41 52 4 13 0 0.00 M M 14.5 26 310 M M 0 37 300
5 59 36 48 0 17 0 0.00 M M 6.0 15 150 M M 4 20 160
6 60 41 51 3 14 0 0.00 M M 11.7 24 300 M M 5 31 300
7 59 35 47 -1 18 0 0.00 M M 9.8 18 130 M M 3 25 120
8 66 35 51 3 14 0 0.00 M M 12.9 21 320 M M 6 1 29 320
9 35 28 32 -16 33 0 0.00 M M 10.2 15 320 M M 10 1 20 330
10 31 26 29 -19 36 0 0.00 M M 12.6 20 360 M M 10 1 26 10
11 28 23 26 -23 39 0 T 0.0 0 14.3 21 350 M M 10 16 31 350
12 27 20 24 -25 41 0 0.00 0.0 0 14.3 22 360 M M 10 1 30 350
13 33 18 26 -23 39 0 T M M 13.9 20 350 M M 9 16 31 10
14 22 7 15 -34 50 0 T M M 16.2 25 350 M M 10 128 34 350
15 12 2 7 -42 58 0 T M M 15.3 23 300 M M 3 19 33 350
16 18 -2 8 -42 57 0 T M M 6.8 18 120 M M 4 1 22 130
17 25 17 21 -29 44 0 T M M 9.2 16 360 M M 10 1 21 360
18 30 20 25 -25 40 0 0.00 M M 13.2 21 340 M M 4 28 340
19 40 15 28 -22 37 0 0.00 M M 6.2 13 160 M M 0 16 150
20 57 24 41 -9 24 0 0.00 M M 12.0 23 160 M M 0 1 32 170
21 73 45 59 8 6 0 0.00 M M 16.1 30 170 M M 4 41 170
22 71 35 53 2 12 0 0.00 M M 7.0 18 230 M M 0 25 190
23 81 44 63 12 2 0 0.00 0.0 M 13.3 28 180 M M 0 38 210
24 70 50 60 9 5 0 0.00 M M 13.1 22 300 M M 0 32 170
25 50 43 47 -5 18 0 1.19 M M 9.8 18 20 M M 7 13 24 20
26 57 44 51 -1 14 0 0.97 M M 4.6 14 330 M M 8 13 18 330
27 70 50 60 8 5 0 0.01 M M 6.8 18 170 M M 7 12 26 160
28 73 50 62 10 3 0 T M M 12.1 22 300 M M 8 1 29 300
================================================================================
SM 1404 858 680 0 2.17 0.0 310.3 M 132
================================================================================
AV 50.1 30.6 11.1 FASTST M M 5 MAX(MPH)
MISC ----> 30 170 41 170
================================================================================
NOTES:
# LAST OF SEVERAL OCCURRENCES
COLUMN 17 PEAK WIND IN M.P.H.
PRELIMINARY LOCAL CLIMATOLOGICAL DATA (WS FORM: F-6) , PAGE 2
STATION: FORT WORTH MEACHAM
MONTH: FEBRUARY
YEAR: 2021
LATITUDE: 32 49 N
LONGITUDE: 97 21 W
[TEMPERATURE DATA] [PRECIPITATION DATA] SYMBOLS USED IN COLUMN 16
AVERAGE MONTHLY: 40.4 TOTAL FOR MONTH: 2.17 1 = FOG OR MIST
DPTR FM NORMAL: -9.0 DPTR FM NORMAL: -0.48 2 = FOG REDUCING VISIBILITY
HIGHEST: 81 ON 23 GRTST 24HR 2.16 ON 25-26 TO 1/4 MILE OR LESS
LOWEST: -2 ON 16 3 = THUNDER
SNOW, ICE PELLETS, HAIL 4 = ICE PELLETS
TOTAL MONTH: 0.0 INCH 5 = HAIL
GRTST 24HR 0.0 6 = FREEZING RAIN OR DRIZZLE
GRTST DEPTH: 0 7 = DUSTSTORM OR SANDSTORM:
VSBY 1/2 MILE OR LESS
8 = SMOKE OR HAZE
[NO. OF DAYS WITH] [WEATHER - DAYS WITH] 9 = BLOWING SNOW
X = TORNADO
MAX 32 OR BELOW: 8 0.01 INCH OR MORE: 3
MAX 90 OR ABOVE: 0 0.10 INCH OR MORE: 2
MIN 32 OR BELOW: 13 0.50 INCH OR MORE: 2
MIN 0 OR BELOW: 1 1.00 INCH OR MORE: 1
[HDD (BASE 65) ]
TOTAL THIS MO. 680 CLEAR (SCALE 0-3) 11
DPTR FM NORMAL 239 PTCLDY (SCALE 4-7) 10
TOTAL FM JUL 1 2072 CLOUDY (SCALE 8-10) 7
DPTR FM NORMAL 85
[CDD (BASE 65) ]
TOTAL THIS MO. 0
DPTR FM NORMAL -5 [PRESSURE DATA]
TOTAL FM JAN 1 0 HIGHEST SLP 30.57 ON 19
DPTR FM NORMAL -2 LOWEST SLP 29.62 ON 4
[REMARKS]
#FINAL-02-21#