000
CXUS56 KSGX 011245
CF6FUL
PRELIMINARY LOCAL CLIMATOLOGICAL DATA (WS FORM: F-6)
STATION: FULLERTON AIRPORT CA
MONTH: SEPTEMBER
YEAR: 2020
LATITUDE: 33 52 N
LONGITUDE: 117 58 W
TEMPERATURE IN F: :PCPN: SNOW: WIND :SUNSHINE: SKY :PK WND
================================================================================
1 2 3 4 5 6A 6B 7 8 9 10 11 12 13 14 15 16 17 18
12Z AVG MX 2MIN
DY MAX MIN AVG DEP HDD CDD WTR SNW DPTH SPD SPD DIR MIN PSBL S-S WX SPD DR
================================================================================
1 82 65 74 -1 0 9 0.00 0.0 0 2.7 12 180 M M 3 16 220
2 86 64 75 0 0 10 0.00 0.0 0 2.9 10 210 M M 0 15 240
3 87 66 77 2 0 12 0.00 0.0 0 2.6 10 210 M M 1 8 15 210
4 94 67 81 6 0 16 0.00 0.0 0 2.3 12 210 M M 0 8 15 200
5 110 71 91 16 0 26 0.00 0.0 0 2.3 10 190 M M 0 14 270
6 110 75 93 18 0 28 0.00 0.0 0 2.8 10 140 M M 0 8 13 160
7 85 73 79 4 0 14 0.00 0.0 0 3.0 10 210 M M 3 14 230
8 80 70 75 0 0 10 0.00 0.0 0 3.6 9 200 M M 8 12 190
9 89 67 78 3 0 13 0.00 0.0 0 2.0 9 290 M M 3 18 14 270
10 87 61 74 0 0 9 0.00 0.0 0 1.5 8 290 M M 1 18 11 280
11 91 60 76 2 0 11 0.00 0.0 0 1.2 9 290 M M 2 8 13 290
12 91 59 75 1 0 10 0.00 0.0 0 1.9 9 280 M M 3 8 12 280
13 89 62 76 2 0 11 0.00 0.0 0 2.3 9 290 M M 1 8 13 190
14 90 62 76 2 0 11 0.00 0.0 0 2.6 9 190 M M 0 8 12 190
15 94 61 78 4 0 13 0.00 0.0 0 1.8 9 280 M M 0 8 12 290
16 99 62 81 7 0 16 0.00 0.0 0 M M M M M M M M
17 100 61 81 8 0 16 0.00 0.0 0 1.3 10 200 M M 0 8 13 210
18 97 66 82 9 0 17 0.00 0.0 0 2.5 9 290 M M 0 14 300
19 87 67 77 4 0 12 0.00 0.0 0 4.6 10 190 M M 0 13 190
20 84 64 74 1 0 9 0.00 0.0 0 3.7 10 210 M M 3 8 13 210
21 84 67 76 3 0 11 0.00 0.0 0 2.9 12 180 M M 4 16 200
22 88 67 78 6 0 13 0.00 0.0 0 2.3 12 210 M M 3 8 15 200
23 90 63 77 5 0 12 0.00 0.0 0 2.4 10 210 M M 0 8 14 210
24 89 63 76 4 0 11 0.00 0.0 0 2.3 10 200 M M 0 18 13 200
25 83 68 76 4 0 11 0.00 0.0 0 3.8 10 190 M M 4 18 14 220
26 83 68 76 4 0 11 0.00 0.0 0 3.6 10 190 M M 5 14 220
27 83 69 76 4 0 11 0.00 0.0 0 3.2 10 220 M M 6 14 210
28 93 66 80 9 0 15 0.00 0.0 0 2.3 10 200 M M 1 8 13 160
29 97 67 82 11 0 17 0.00 0.0 0 2.5 9 200 M M 2 128 12 200
30 110 65 88 17 0 23 0.00 0.0 0 1.3 12 290 M M 0 17 280
================================================================================
SM 2732 1966 0 408 0.00 0.0 74.2 M 53
================================================================================
AV 91.1 65.5 2.6 FASTST M M 2 MAX(MPH)
MISC ----> # 12 180 # 17 280
================================================================================
NOTES:
# LAST OF SEVERAL OCCURRENCES
COLUMN 17 PEAK WIND IN M.P.H.
PRELIMINARY LOCAL CLIMATOLOGICAL DATA (WS FORM: F-6) , PAGE 2
STATION: FULLERTON AIRPORT CA
MONTH: SEPTEMBER
YEAR: 2020
LATITUDE: 33 52 N
LONGITUDE: 117 58 W
[TEMPERATURE DATA] [PRECIPITATION DATA] SYMBOLS USED IN COLUMN 16
AVERAGE MONTHLY: 78.3 TOTAL FOR MONTH: 0.00 1 = FOG OR MIST
DPTR FM NORMAL: 4.8 DPTR FM NORMAL: -0.24 2 = FOG REDUCING VISIBILITY
HIGHEST: 110 ON 30, 6 GRTST 24HR 0.00 ON 30-30 TO 1/4 MILE OR LESS
LOWEST: 59 ON 12 3 = THUNDER
SNOW, ICE PELLETS, HAIL 4 = ICE PELLETS
TOTAL MONTH: 0.0 INCH 5 = HAIL
GRTST 24HR 0.0 6 = FREEZING RAIN OR DRIZZLE
GRTST DEPTH: 0 7 = DUSTSTORM OR SANDSTORM:
VSBY 1/2 MILE OR LESS
8 = SMOKE OR HAZE
[NO. OF DAYS WITH] [WEATHER - DAYS WITH] 9 = BLOWING SNOW
X = TORNADO
MAX 32 OR BELOW: 0 0.01 INCH OR MORE: 0
MAX 90 OR ABOVE: 14 0.10 INCH OR MORE: 0
MIN 32 OR BELOW: 0 0.50 INCH OR MORE: 0
MIN 0 OR BELOW: 0 1.00 INCH OR MORE: 0
[HDD (BASE 65) ]
TOTAL THIS MO. 0 CLEAR (SCALE 0-3) 22
DPTR FM NORMAL -1 PTCLDY (SCALE 4-7) 7
TOTAL FM JUL 1 0 CLOUDY (SCALE 8-10) 0
DPTR FM NORMAL -1
[CDD (BASE 65) ]
TOTAL THIS MO. 408
DPTR FM NORMAL 153 [PRESSURE DATA]
TOTAL FM JAN 1 1741 HIGHEST SLP 29.98 ON 16
DPTR FM NORMAL 623 LOWEST SLP 29.60 ON 8
[REMARKS]
#FINAL-09-20#