000
CXUS51 KCAR 010600
CF6FVE
PRELIMINARY LOCAL CLIMATOLOGICAL DATA (WS FORM: F-6)
STATION: FRENCHVILLE ME
MONTH: APRIL
YEAR: 2020
LATITUDE: 47 16 N
LONGITUDE: 68 19 W
TEMPERATURE IN F: :PCPN: SNOW: WIND :SUNSHINE: SKY :PK WND
================================================================================
1 2 3 4 5 6A 6B 7 8 9 10 11 12 13 14 15 16 17 18
12Z AVG MX 2MIN
DY MAX MIN AVG DEP HDD CDD WTR SNW DPTH SPD SPD DIR MIN PSBL S-S WX SPD DR
================================================================================
1 35 31 33 3 32 0 0.09 M M 9.4 15 350 M M 10 16 21 20
2 44 33 39 9 26 0 0.33 M M 16.5 29 50 M M 10 16 40 50
3 42 32 37 6 28 0 T M M 16.6 32 50 M M 10 47 50
4 44 31 38 7 27 0 0.00 M M 3.6 16 50 M M 10 22 60
5 51 34 43 11 22 0 T M M 7.1 24 320 M M 9 31 320
6 40 29 35 3 30 0 T M M 17.0 31 320 M M 5 46 310
7 34 24 29 -3 36 0 0.00 M M 10.0 20 320 M M 6 25 290
8 36 22 29 -4 36 0 0.00 M M 7.7 16 30 M M 1 25 10
9 38 19 29 -5 36 0 0.07 M M 8.2 20 150 M M 5 1 25 150
10 32 29 31 -3 34 0 0.05 M M 19.2 30 340 M M 9 128 42 30
11 38 31 35 1 30 0 T M M 16.2 25 290 M M 8 34 280
12 47 27 37 2 28 0 0.00 M M 9.1 20 220 M M 5 30 230
13 47 36 42 6 23 0 0.71 M M 15.9 30 150 M M 10 12 39 150
14 48 33 41 5 24 0 0.01 M M 16.9 35 240 M M 4 12 44 250
15 41 27 34 -3 31 0 T M M 11.4 31 240 M M 8 1 42 230
16 35 24 30 -7 35 0 0.00 M M 12.4 24 290 M M 5 30 290
17 37 22 30 -8 35 0 T M M 10.6 24 250 M M 4 1 33 280
18 42 20 31 -7 34 0 0.00 M M 5.8 15 180 M M 0 20 170
19 52 25 39 0 26 0 0.03 M M 8.0 18 260 M M 4 1 26 250
20 38 22 30 -9 35 0 0.07 M M 11.7 28 310 M M 4 1 37 310
21 45 19 32 -8 33 0 0.03 M M 11.7 25 190 M M 3 12 39 190
22 32 20 26 -14 39 0 0.05 M M 14.3 28 270 M M 9 18 34 250
23 37 18 28 -13 37 0 T M M 16.7 31 280 M M 6 42 260
24 47 26 37 -4 28 0 0.00 M M 9.8 18 290 M M 0 24 280
25 48 28 38 -4 27 0 0.00 M M 9.8 22 280 M M 0 27 290
26 52 27 40 -2 25 0 0.00 M M 7.0 16 340 M M 0 20 300
27 47 35 41 -2 24 0 0.00 M M 14.2 22 70 M M 1 32 60
28 54 35 45 2 20 0 0.00 M M 9.8 18 50 M M 0 27 40
29 58 35 47 3 18 0 0.00 M M 9.1 15 140 M M 0 21 100
30 49 35 42 -2 23 0 T M M 12.8 24 160 M M 8 32 160
================================================================================
SM 1290 829 882 0 1.44 M 348.5 M 154
================================================================================
AV 43.0 27.6 11.6 FASTST M M 5 MAX(MPH)
MISC ----> # 35 240 # 47 50
================================================================================
NOTES:
# LAST OF SEVERAL OCCURRENCES
COLUMN 17 PEAK WIND IN M.P.H.
PRELIMINARY LOCAL CLIMATOLOGICAL DATA (WS FORM: F-6) , PAGE 2
STATION: FRENCHVILLE ME
MONTH: APRIL
YEAR: 2020
LATITUDE: 47 16 N
LONGITUDE: 68 19 W
[TEMPERATURE DATA] [PRECIPITATION DATA] SYMBOLS USED IN COLUMN 16
AVERAGE MONTHLY: 35.3 TOTAL FOR MONTH: 1.44 1 = FOG OR MIST
DPTR FM NORMAL: -1.7 DPTR FM NORMAL: -1.37 2 = FOG REDUCING VISIBILITY
HIGHEST: 58 ON 29 GRTST 24HR 0.71 ON 13-13 TO 1/4 MILE OR LESS
LOWEST: 18 ON 23 3 = THUNDER
SNOW, ICE PELLETS, HAIL 4 = ICE PELLETS
TOTAL MONTH: M 5 = HAIL
GRTST 24HR M ON M 6 = FREEZING RAIN OR DRIZZLE
GRTST DEPTH: M ON M 7 = DUSTSTORM OR SANDSTORM:
VSBY 1/2 MILE OR LESS
8 = SMOKE OR HAZE
[NO. OF DAYS WITH] [WEATHER - DAYS WITH] 9 = BLOWING SNOW
X = TORNADO
MAX 32 OR BELOW: 2 0.01 INCH OR MORE: 10
MAX 90 OR ABOVE: 0 0.10 INCH OR MORE: 2
MIN 32 OR BELOW: 22 0.50 INCH OR MORE: 1
MIN 0 OR BELOW: 0 1.00 INCH OR MORE: 0
[HDD (BASE 65) ]
TOTAL THIS MO. 882 CLEAR (SCALE 0-3) 9
DPTR FM NORMAL 41 PTCLDY (SCALE 4-7) 12
TOTAL FM JUL 1 8812 CLOUDY (SCALE 8-10) 9
DPTR FM NORMAL -320
[CDD (BASE 65) ]
TOTAL THIS MO. 0
DPTR FM NORMAL 0 [PRESSURE DATA]
TOTAL FM JAN 1 0 HIGHEST SLP 30.41 ON 29
DPTR FM NORMAL 0 LOWEST SLP 28.91 ON 10
[REMARKS]
#FINAL-04-20#