000
CXUS53 KUNR 011549
CLMGCC
CLIMATE REPORT
NATIONAL WEATHER SERVICE RAPID CITY SD
849 AM MST MON JAN 01 2024
...................................
...THE GILLETTE AIRPORT WY CLIMATE SUMMARY FOR THE MONTH OF DECEMBER 2023...
CLIMATE NORMAL PERIOD 1991 TO 2020
CLIMATE RECORD PERIOD 9999 TO 9999
WEATHER OBSERVED NORMAL DEPART LAST YEAR`S
VALUE DATE(S) VALUE FROM VALUE DATE(S)
NORMAL
................................................................
TEMPERATURE (F)
HIGHEST 60 12/06 53 12/11
12/16
LOWEST 12/25 -29 12/21
12/22
AVG. MAXIMUM 46.0 36.2 9.8 31.8
AVG. MINIMUM 21.0 14.7 6.3 9.8
MEAN 33.5 25.4 8.1 20.8
DAYS MAX >= 90 0 0
DAYS MAX <= 32 2 11
DAYS MIN <= 32 30 28
DAYS MIN <= 0 2 6
PRECIPITATION (INCHES)
TOTALS 0.19R 0.36 -0.17 0.58
DAILY AVG. 0.01 0.01 -0.00 0.02
DAYS >= .01 4 7
DAYS >= .10 1 2
DAYS >= .50 0 0
DAYS >= 1.00 0 0
GREATEST
24 HR. TOTAL 0.12 12/04 TO 12/04 0.35
DEGREE DAYS
HEATING TOTAL 970 1226 -256 1362
SINCE 7/1 2360 3041 -681 MM
COOLING TOTAL 0 0 0 0
SINCE 1/1 479 519 -40 MM
................................................................
WIND (MPH)
AVERAGE WIND SPEED 9.9
HIGHEST WIND SPEED/DIRECTION 36/210 DATE 12/06
HIGHEST GUST SPEED/DIRECTION 48/220 DATE 12/06
AVERAGE RH (PERCENT) 60
WEATHER CONDITIONS. NUMBER OF DAYS WITH
THUNDERSTORM 0 MIXED PRECIP 0
HEAVY RAIN 0 RAIN 0
LIGHT RAIN 1 FREEZING RAIN 0
LT FREEZING RAIN 0 HAIL 0
HEAVY SNOW 0 SNOW 1
LIGHT SNOW 7 SLEET 0
FOG 6 FOG W/VIS <= 1/4 MILE 0
HAZE 2
- INDICATES NEGATIVE NUMBERS.
R INDICATES RECORD WAS SET OR TIED.
MM INDICATES DATA IS MISSING.
T INDICATES TRACE AMOUNT.
$$