000
CXUS53 KUNR 011525
CLMGCC
CLIMATE REPORT
NATIONAL WEATHER SERVICE RAPID CITY SD
925 AM MDT WED NOV 01 2023
...................................
...THE GILLETTE AIRPORT WY CLIMATE SUMMARY FOR THE MONTH OF OCTOBER 2023...
CLIMATE NORMAL PERIOD 1991 TO 2020
CLIMATE RECORD PERIOD 9999 TO 9999
WEATHER OBSERVED NORMAL DEPART LAST YEAR`S
VALUE DATE(S) VALUE FROM VALUE DATE(S)
NORMAL
................................................................
TEMPERATURE (F)
HIGHEST 78 10/10 79 10/20
LOWEST -2 10/27 21 10/27
AVG. MAXIMUM 59.3 58.5 0.8 62.8
AVG. MINIMUM 34.6 32.4 2.2 32.7
MEAN 46.9 45.5 1.4 47.8
DAYS MAX >= 90 0 0
DAYS MAX <= 32 3 0
DAYS MIN <= 32 7 16
DAYS MIN <= 0 2 0
PRECIPITATION (INCHES)
TOTALS 1.70 1.38 0.32 0.53
DAILY AVG. 0.06 0.04 0.02 0.02
DAYS >= .01 5 5
DAYS >= .10 3 2
DAYS >= .50 1 0
DAYS >= 1.00 1 0
GREATEST
24 HR. TOTAL 1.47 10/11 TO 10/12 0.27
DEGREE DAYS
HEATING TOTAL 497 609 -112 525
SINCE 7/1 618 879 -261 MM
COOLING TOTAL 0 3 -3 0
SINCE 1/1 479 519 -40 MM
................................................................
WIND (MPH)
AVERAGE WIND SPEED 9.3
HIGHEST WIND SPEED/DIRECTION 32/340 DATE 10/17
HIGHEST GUST SPEED/DIRECTION 44/340 DATE 10/17
AVERAGE RH (PERCENT) 64
WEATHER CONDITIONS. NUMBER OF DAYS WITH
THUNDERSTORM 1 MIXED PRECIP 0
HEAVY RAIN 0 RAIN 1
LIGHT RAIN 4 FREEZING RAIN 0
LT FREEZING RAIN 0 HAIL 0
HEAVY SNOW 0 SNOW 1
LIGHT SNOW 2 SLEET 0
FOG 8 FOG W/VIS <= 1/4 MILE 1
HAZE 2
- INDICATES NEGATIVE NUMBERS.
R INDICATES RECORD WAS SET OR TIED.
MM INDICATES DATA IS MISSING.
T INDICATES TRACE AMOUNT.
$$