000
CXUS54 KMAF 011110
CF6GDP
PRELIMINARY LOCAL CLIMATOLOGICAL DATA (WS FORM: F-6)
STATION: GUADALUPE PASS
MONTH: APRIL
YEAR: 2021
LATITUDE: 31 49 N
LONGITUDE: 104 48 W
TEMPERATURE IN F: :PCPN: SNOW: WIND :SUNSHINE: SKY :PK WND
================================================================================
1 2 3 4 5 6A 6B 7 8 9 10 11 12 13 14 15 16 17 18
12Z AVG MX 2MIN
DY MAX MIN AVG DEP HDD CDD WTR SNW DPTH SPD SPD DIR MIN PSBL S-S WX SPD DR
================================================================================
1 59 37 48 -8 17 0 0.00 M M 27.8 47 50 M M 0 8 54 40
2 79 46 63 6 2 0 0.00 M M 13.5 38 50 M M 1 40 70
3 M M M M M M 0.07 M M 9.7 29 50 M M 5 32 50
4 M M M M M M M M M M M M M M M M M
5 M M M M M M M M M M M M M M M M M
6 M M M M M M M M M M M M M M M M M
7 M M M M M M M M M M M M M M M M M
8 M M M M M M M M M M M M M M M M M
9 M M M M M M M M M M M M M M M M M
10 M M M M M M M M M M M M M M M M M
11 M M M M M M M M M M M M M M M M M
12 M M M M M M M M M M M M M M M M M
13 M M M M M M M M M M M M M M M M M
14 M M M M M M M M M M M M M M M M M
15 74 M M M M M M M M 10.9 36 270 M M 1 8 43 270
16 67 39 53 -7 12 0 0.00 M M 22.6 56 40 M M 5 60 40
17 42 34 38 -22 27 0 T M M 38.5 52 50 M M 7 8 55 50
18 48 34 41 -20 24 0 T M M 32.5 45 40 M M 7 8 48 40
19 67 42 55 -6 10 0 0.00 M M 18.6 32 250 M M 3 40 250
20 55 37 46 -15 19 0 0.00 M M 32.4 46 70 M M 0 8 52 60
21 53 30 42 -20 23 0 0.00 M M 38.8 53 50 M M 0 8 60 50
22 73 35 54 -8 11 0 0.00 M M 17.6 40 230 M M 0 46 250
23 70 51 61 -1 4 0 0.00 M M 24.4 53 240 M M 0 63 240
24 79 52 66 4 0 1 0.00 M M 15.0 36 230 M M 0 41 240
25 85 59 72 9 0 7 0.00 M M 16.7 40 230 M M 0 48 240
26 75 58 67 4 0 2 0.00 M M 25.3 47 240 M M 0 55 240
27 79 59 69 6 0 4 0.00 M M 21.0 38 280 M M 3 8 48 290
28 65 48 57 -7 8 0 T M M 17.7 38 260 M M 7 8 47 270
29 51 43 47 -17 18 0 0.12 M M 21.9 43 40 M M 7 128 49 40
30 61 45 53 -11 12 0 T M M 27.6 46 50 M M 6 56 50
================================================================================
SM 1182 749 187 14 0.19 M 432.5 M 52
================================================================================
AV 65.7 44.1 22.8 FASTST M M 3 MAX(MPH)
MISC ----> 56 40 63 240
================================================================================
NOTES:
# LAST OF SEVERAL OCCURRENCES
COLUMN 17 PEAK WIND IN M.P.H.
PRELIMINARY LOCAL CLIMATOLOGICAL DATA (WS FORM: F-6) , PAGE 2
STATION: GUADALUPE PASS
MONTH: APRIL
YEAR: 2021
LATITUDE: 31 49 N
LONGITUDE: 104 48 W
[TEMPERATURE DATA] [PRECIPITATION DATA] SYMBOLS USED IN COLUMN 16
AVERAGE MONTHLY: 54.9 TOTAL FOR MONTH: 0.19 1 = FOG OR MIST
DPTR FM NORMAL: -5.3 DPTR FM NORMAL: -0.37 2 = FOG REDUCING VISIBILITY
HIGHEST: 85 ON 25 GRTST 24HR 0.12 ON 29-29 TO 1/4 MILE OR LESS
LOWEST: 30 ON 21 3 = THUNDER
SNOW, ICE PELLETS, HAIL 4 = ICE PELLETS
TOTAL MONTH: M 5 = HAIL
GRTST 24HR M ON M 6 = FREEZING RAIN OR DRIZZLE
GRTST DEPTH: M ON M 7 = DUSTSTORM OR SANDSTORM:
VSBY 1/2 MILE OR LESS
8 = SMOKE OR HAZE
[NO. OF DAYS WITH] [WEATHER - DAYS WITH] 9 = BLOWING SNOW
X = TORNADO
MAX 32 OR BELOW: 0 0.01 INCH OR MORE: 2
MAX 90 OR ABOVE: 0 0.10 INCH OR MORE: 1
MIN 32 OR BELOW: 1 0.50 INCH OR MORE: 0
MIN 0 OR BELOW: 0 1.00 INCH OR MORE: 0
[HDD (BASE 65) ]
TOTAL THIS MO. 187 CLEAR (SCALE 0-3) 12
DPTR FM NORMAL 8 PTCLDY (SCALE 4-7) 7
TOTAL FM JUL 1 2669 CLOUDY (SCALE 8-10) 11
DPTR FM NORMAL -571
[CDD (BASE 65) ]
TOTAL THIS MO. 14
DPTR FM NORMAL -22 [PRESSURE DATA]
TOTAL FM JAN 1 17 HIGHEST SLP 30.38 ON 1
DPTR FM NORMAL -25 LOWEST SLP 29.57 ON 27
[REMARKS]
#FINAL-04-21#