000
CXUS51 KPHI 010815
CF6GED
PRELIMINARY LOCAL CLIMATOLOGICAL DATA (WS FORM: F-6)
STATION: GEORGETOWN DE
MONTH: MARCH
YEAR: 2021
LATITUDE: 38 41 N
LONGITUDE: 75 22 W
TEMPERATURE IN F: :PCPN: SNOW: WIND :SUNSHINE: SKY :PK WND
================================================================================
1 2 3 4 5 6A 6B 7 8 9 10 11 12 13 14 15 16 17 18
12Z AVG MX 2MIN
DY MAX MIN AVG DEP HDD CDD WTR SNW DPTH SPD SPD DIR MIN PSBL S-S WX SPD DR
================================================================================
1 55 43 49 9 16 0 0.31 M M 6.2 21 310 M M 7 12 29 300
2 43 28 36 -5 29 0 0.00 M M 7.7 17 320 M M 1 27 350
3 56 29 43 2 22 0 0.00 M M 7.1 14 240 M M 0 19 230
4 54 36 45 4 20 0 0.00 M M 7.1 17 340 M M 1 28 300
5 42 30 36 -5 29 0 0.00 M M 9.9 23 290 M M 0 33 290
6 45 27 36 -6 29 0 0.00 M M 5.2 17 280 M M 2 24 270
7 46 26 36 -6 29 0 0.00 M M 3.1 12 340 M M 0 17 360
8 49 24 37 -5 28 0 0.00 M M 3.3 15 300 M M 0 20 300
9 70 33 52 10 13 0 0.00 M M 7.2 16 230 M M 1 25 230
10 72 39 56 13 9 0 0.00 M M 8.7 18 160 M M 0 23 160
11 77 47 62 19 3 0 0.00 M M 13.7 29 230 M M 0 38 230
12 74 58 66 23 0 1 T M M 8.2 16 240 M M 2 23 230
13 61 38 50 6 15 0 0.00 M M 7.3 17 30 M M 0 25 360
14 67 33 50 6 15 0 0.00 M M 9.6 23 300 M M 0 35 330
15 46 31 39 -5 26 0 0.00 M M 7.1 17 340 M M 0 26 340
16 47 37 42 -3 23 0 0.00 M M 5.0 14 130 M M 10 18 17 160
17 50 43 47 2 18 0 0.01 M M 6.5 14 50 M M 10 1 16 30
18 60 46 53 8 12 0 1.04 M M 6.8 22 30 M M 10 13 29 40
19 49 30 40 -6 25 0 0.03 M M 12.3 28 30 M M 4 1 39 40
20 54 28 41 -5 24 0 0.00 M M 4.3 17 50 M M 0 22 180
21 62 29 46 0 19 0 0.00 M M 3.9 14 70 M M 0 18 70
22 62 33 48 2 17 0 0.00 M M 8.3 18 50 M M 0 1 23 50
23 62 44 53 6 12 0 0.00 M M 9.1 17 50 M M 6 12 23 40
24 63 50 57 10 8 0 1.52 M M 7.4 16 140 M M 10 1 21 130
25 77 58 68 21 0 3 0.00 M M 6.9 16 230 M M 6 12 21 220
26 86 63 75 27 0 10 0.01 M M 14.9 32 230 M M 2 42 230
27 74 47 61 13 4 0 T M M 5.4 17 180 M M 1 21 180
28 78 53 66 18 0 1 0.73 M M 11.5 31 200 M M 7 13 43 210
29 59 38 49 0 16 0 0.00 M M 9.3 23 280 M M 0 33 290
30 67 34 51 2 14 0 0.00 M M 8.5 22 150 M M 0 30 200
31 76 56 66 17 0 1 0.70 M M 9.8 21 180 M M 7 1 29 180
================================================================================
SM 1883 1211 475 16 4.35 M 241.3 M 87
================================================================================
AV 60.7 39.1 7.8 FASTST M M 3 MAX(MPH)
MISC ----> 32 230 43 210
================================================================================
NOTES:
# LAST OF SEVERAL OCCURRENCES
COLUMN 17 PEAK WIND IN M.P.H.
PRELIMINARY LOCAL CLIMATOLOGICAL DATA (WS FORM: F-6) , PAGE 2
STATION: GEORGETOWN DE
MONTH: MARCH
YEAR: 2021
LATITUDE: 38 41 N
LONGITUDE: 75 22 W
[TEMPERATURE DATA] [PRECIPITATION DATA] SYMBOLS USED IN COLUMN 16
AVERAGE MONTHLY: 49.9 TOTAL FOR MONTH: 4.35 1 = FOG OR MIST
DPTR FM NORMAL: 5.2 DPTR FM NORMAL: 0.30 2 = FOG REDUCING VISIBILITY
HIGHEST: 86 ON 26 GRTST 24HR 1.52 ON 24-24 TO 1/4 MILE OR LESS
LOWEST: 24 ON 8 3 = THUNDER
SNOW, ICE PELLETS, HAIL 4 = ICE PELLETS
TOTAL MONTH: M 5 = HAIL
GRTST 24HR M ON M 6 = FREEZING RAIN OR DRIZZLE
GRTST DEPTH: M ON M 7 = DUSTSTORM OR SANDSTORM:
VSBY 1/2 MILE OR LESS
8 = SMOKE OR HAZE
[NO. OF DAYS WITH] [WEATHER - DAYS WITH] 9 = BLOWING SNOW
X = TORNADO
MAX 32 OR BELOW: 0 0.01 INCH OR MORE: 8
MAX 90 OR ABOVE: 0 0.10 INCH OR MORE: 5
MIN 32 OR BELOW: 10 0.50 INCH OR MORE: 4
MIN 0 OR BELOW: 0 1.00 INCH OR MORE: 2
[HDD (BASE 65) ]
TOTAL THIS MO. 475 CLEAR (SCALE 0-3) 21
DPTR FM NORMAL -157 PTCLDY (SCALE 4-7) 6
TOTAL FM JUL 1 3246 CLOUDY (SCALE 8-10) 4
DPTR FM NORMAL -666
[CDD (BASE 65) ]
TOTAL THIS MO. 16
DPTR FM NORMAL 14 [PRESSURE DATA]
TOTAL FM JAN 1 16 HIGHEST SLP 30.60 ON 20
DPTR FM NORMAL 14 LOWEST SLP 29.52 ON 28
[REMARKS]
#FINAL-03-21#