000
CXUS56 KOTX 070134
CF6GEG
PRELIMINARY LOCAL CLIMATOLOGICAL DATA (WS FORM: F-6)
STATION: SPOKANE WA AIRPORT
MONTH: SEPTEMBER
YEAR: 2020
LATITUDE: 47 37 N
LONGITUDE: 117 32 W
TEMPERATURE IN F: :PCPN: SNOW: WIND :SUNSHINE: SKY :PK WND
================================================================================
1 2 3 4 5 6A 6B 7 8 9 10 11 12 13 14 15 16 17 18
12Z AVG MX 2MIN
DY MAX MIN AVG DEP HDD CDD WTR SNW DPTH SPD SPD DIR MIN PSBL S-S WX SPD DR
================================================================================
1 85 53 69 4 0 4 0.00 0.0 0 9.7 20 220 M M 2 8 24 220
2 87 60 74 9 0 9 0.00 0.0 0 13.0 25 260 M M 3 29 270
3 88 56 72 7 0 7 0.00 0.0 0 4.1 13 260 M M 2 16 260
4 94 60 77 13 0 12 0.00 0.0 0 5.1 13 70 M M 4 17 60
5 89 62 76 12 0 11 0.00 0.0 0 9.2 20 240 M M 5 24 240
6 90 59 75 11 0 10 0.00 0.0 0 8.5 17 220 M M 2 22 250
7 74 52 63 0 2 0 0.00 0.0 0 19.3 36 40 M M 4 78 44 20
8 69 44 57 -6 8 0 0.00 0.0 0 4.9 14 40 M M 2 20 20
9 80 49 65 2 0 0 0.00 0.0 0 5.1 13 40 M M 1 17 40
10 86 53 70 8 0 5 0.00 0.0 0 3.3 10 70 M M 1 13 60
11 85 54 70 8 0 5 0.00 0.0 0 5.5 13 210 M M 5 8 17 220
12 79 55 67 5 0 2 0.00 0.0 0 6.0 12 190 M M 10 8 15 210
13 67 51 59 -2 6 0 0.00 0.0 0 3.4 7 40 M M 10 8 9 140
14 73 53 63 2 2 0 0.00 0.0 0 2.9 8 50 M M 10 8 11 160
15 79 51 65 5 0 0 0.00 0.0 0 1.6 7 70 M M 10 8 8 110
16 76 54 65 5 0 0 0.00 0.0 0 4.4 12 70 M M 10 8 15 70
17 77 51 64 4 1 0 0.00 0.0 0 4.2 13 50 M M 10 8 14 50
18 74 50 62 3 3 0 0.00 0.0 0 4.6 13 170 M M 10 8 16 170
19 67 53 60 1 5 0 T 0.0 0 10.7 18 210 M M 8 8 22 210
20 72 51 62 3 3 0 T 0.0 0 8.1 16 220 M M 6 21 210
21 75 48 62 4 3 0 0.00 0.0 0 3.4 10 50 M M 6 8 14 30
22 73 53 63 5 2 0 0.00 0.0 0 6.1 16 200 M M 6 19 200
23 74 56 65 8 0 0 0.17 0.0 0 10.5 23 260 M M 10 1 27 270
24 66 51 59 2 6 0 0.01 0.0 0 17.3 28 210 M M 6 41 230
25 61 45 53 -4 12 0 0.15 0.0 0 14.1 32 230 M M 7 138 41 260
26 64 40 52 -4 13 0 0.00 0.0 0 11.7 26 260 M M 5 33 240
27 65 39 52 -4 13 0 0.00 0.0 0 3.2 8 230 0 0 0 M M
28 73 42 58 3 7 0 0.00 0.0 0 1.9 8 220 M M 2 8 11 210
29 79 47 63 8 2 0 0.00 0.0 0 4.4 10 50 M M 0 8 12 50
30 80 50 65 11 0 0 0.00 0.0 0 3.8 10 70 M M 2 8 14 50
================================================================================
SM 2301 1542 88 65 0.33 0.0 210.0 0 159
================================================================================
AV 76.7 51.4 7.0 FASTST 0 0 5 MAX(MPH)
MISC ----> # 36 40 # 44 20
================================================================================
NOTES:
# LAST OF SEVERAL OCCURRENCES
COLUMN 17 PEAK WIND IN M.P.H.
PRELIMINARY LOCAL CLIMATOLOGICAL DATA (WS FORM: F-6) , PAGE 2
STATION: SPOKANE WA AIRPORT
MONTH: SEPTEMBER
YEAR: 2020
LATITUDE: 47 37 N
LONGITUDE: 117 32 W
[TEMPERATURE DATA] [PRECIPITATION DATA] SYMBOLS USED IN COLUMN 16
AVERAGE MONTHLY: 64.1 TOTAL FOR MONTH: 0.33 1 = FOG OR MIST
DPTR FM NORMAL: 3.9 DPTR FM NORMAL: -0.34 2 = FOG REDUCING VISIBILITY
HIGHEST: 94 ON 4 GRTST 24HR 0.17 ON 23-23 TO 1/4 MILE OR LESS
LOWEST: 39 ON 27 3 = THUNDER
SNOW, ICE PELLETS, HAIL 4 = ICE PELLETS
TOTAL MONTH: 0.0 INCH 5 = HAIL
GRTST 24HR 0.0 6 = FREEZING RAIN OR DRIZZLE
GRTST DEPTH: 0 7 = DUSTSTORM OR SANDSTORM:
VSBY 1/2 MILE OR LESS
8 = SMOKE OR HAZE
[NO. OF DAYS WITH] [WEATHER - DAYS WITH] 9 = BLOWING SNOW
X = TORNADO
MAX 32 OR BELOW: 0 0.01 INCH OR MORE: 3
MAX 90 OR ABOVE: 2 0.10 INCH OR MORE: 2
MIN 32 OR BELOW: 0 0.50 INCH OR MORE: 0
MIN 0 OR BELOW: 0 1.00 INCH OR MORE: 0
[HDD (BASE 65) ]
TOTAL THIS MO. 88 CLEAR (SCALE 0-3) 10
DPTR FM NORMAL -95 PTCLDY (SCALE 4-7) 11
TOTAL FM JUL 1 120 CLOUDY (SCALE 8-10) 9
DPTR FM NORMAL -128
[CDD (BASE 65) ]
TOTAL THIS MO. 65
DPTR FM NORMAL 27 [PRESSURE DATA]
TOTAL FM JAN 1 553 HIGHEST SLP 30.51 ON 8
DPTR FM NORMAL 104 LOWEST SLP 29.68 ON 25
[REMARKS]
#FINAL-09-20#