000
CXUS55 KRIW 011010
CF6GEY
PRELIMINARY LOCAL CLIMATOLOGICAL DATA (WS FORM: F-6)
STATION: GREYBULL WY
MONTH: JULY
YEAR: 2023
LATITUDE: 44 30 N
LONGITUDE: 108 4 W
TEMPERATURE IN F: :PCPN: SNOW: WIND :SUNSHINE: SKY :PK WND
================================================================================
1 2 3 4 5 6A 6B 7 8 9 10 11 12 13 14 15 16 17 18
12Z AVG MX 2MIN
DY MAX MIN AVG DEP HDD CDD WTR SNW DPTH SPD SPD DIR MIN PSBL S-S WX SPD DR
================================================================================
1 88 57 73 1 0 8 0.06 M M 6.9 41 330 M M 1 3 59 320
2 90 54 72 0 0 7 0.00 M M 5.8 14 180 M M 0 20 190
3 81 59 70 -2 0 5 0.18 M M 10.4 46 320 M M 2 13 61 320
4 68 53 61 -12 4 0 0.52 M M 11.7 32 340 M M 6 13 40 340
5 76 56 66 -7 0 1 0.00 M M 2.6 10 260 M M 4 14 180
6 83 53 68 -5 0 3 0.16 M M 8.0 48 330 M M 1 3 66 330
7 77 50 64 -10 1 0 0.00 M M 3.4 16 90 M M 1 3 22 90
8 82 55 69 -5 0 4 0.00 M M 5.1 20 230 M M 0 25 230
9 88 55 72 -2 0 7 T M M 3.0 13 290 M M 0 18 290
10 93 63 78 4 0 13 T M M 5.7 22 300 M M 1 3 27 300
11 93 61 77 3 0 12 0.00 M M 7.8 22 340 M M 0 29 330
12 88 60 74 -1 0 9 0.00 M M 6.1 23 330 M M 0 31 330
13 90 55 73 -2 0 8 T M M 8.6 26 320 M M 0 37 320
14 85 60 73 -2 0 8 0.02 M M 8.8 23 330 M M 1 8 31 330
15 89 53 71 -4 0 6 0.00 M M 5.8 16 340 M M 0 22 330
16 93 58 76 1 0 11 0.00 M M 5.1 17 350 M M 0 23 350
17 97 61 79 3 0 14 0.00 M M 7.2 39 340 M M 0 49 340
18 94 60 77 1 0 12 0.00 M M 7.8 22 330 M M 0 28 330
19 88 61 75 -1 0 10 0.00 M M 9.6 22 340 M M 0 30 350
20 87 57 72 -4 0 7 T M M 4.8 40 310 M M 0 54 300
21 93 58 76 0 0 11 0.00 M M 4.4 17 350 M M 0 3 21 360
22 98 60 79 3 0 14 T M M 4.3 16 10 M M 0 3 20 10
23 101 58 80 4 0 15 T M M 3.7 30 320 M M 1 41 320
24 98 68 83 7 0 18 T M M 6.3 31 210 M M 1 43 200
25 98 64 81 5 0 16 T M M 7.8 32 270 M M 1 47 270
26 99 56 78 2 0 13 0.00 M M 6.4 18 300 M M 0 25 300
27 86 60 73 -3 0 8 T M M 8.8 22 130 M M 1 31 130
28 91 57 74 -2 0 9 0.01 M M 6.6 37 230 M M 0 3 54 220
29 97 59 78 2 0 13 0.00 M M 3.9 15 290 M M 0 20 290
30 96 61 79 3 0 14 T M M 6.5 39 300 M M 1 3 52 300
31 94 60 77 1 0 12 T M M 7.4 31 220 M M 1 45 220
================================================================================
SM 2781 1802 5 288 0.95 M 200.3 M 23
================================================================================
AV 89.7 58.1 6.5 FASTST M M 1 MAX(MPH)
MISC ----> 48 330 66 330
================================================================================
NOTES:
# LAST OF SEVERAL OCCURRENCES
COLUMN 17 PEAK WIND IN M.P.H.
PRELIMINARY LOCAL CLIMATOLOGICAL DATA (WS FORM: F-6) , PAGE 2
STATION: GREYBULL WY
MONTH: JULY
YEAR: 2023
LATITUDE: 44 30 N
LONGITUDE: 108 4 W
[TEMPERATURE DATA] [PRECIPITATION DATA] SYMBOLS USED IN COLUMN 16
AVERAGE MONTHLY: 73.9 TOTAL FOR MONTH: 0.95 1 = FOG OR MIST
DPTR FM NORMAL: -1.0 DPTR FM NORMAL: 0.79 2 = FOG REDUCING VISIBILITY
HIGHEST: 101 ON 23 GRTST 24HR 0.63 ON 3- 4 TO 1/4 MILE OR LESS
LOWEST: 50 ON 7 3 = THUNDER
SNOW, ICE PELLETS, HAIL 4 = ICE PELLETS
TOTAL MONTH: M 5 = HAIL
GRTST 24HR M ON M 6 = FREEZING RAIN OR DRIZZLE
GRTST DEPTH: M ON M 7 = DUSTSTORM OR SANDSTORM:
VSBY 1/2 MILE OR LESS
8 = SMOKE OR HAZE
[NO. OF DAYS WITH] [WEATHER - DAYS WITH] 9 = BLOWING SNOW
X = TORNADO
MAX 32 OR BELOW: 0 0.01 INCH OR MORE: 6
MAX 90 OR ABOVE: 17 0.10 INCH OR MORE: 3
MIN 32 OR BELOW: 0 0.50 INCH OR MORE: 1
MIN 0 OR BELOW: 0 1.00 INCH OR MORE: 0
[HDD (BASE 65) ]
TOTAL THIS MO. 5 CLEAR (SCALE 0-3) 29
DPTR FM NORMAL 1 PTCLDY (SCALE 4-7) 2
TOTAL FM JUL 1 5 CLOUDY (SCALE 8-10) 0
DPTR FM NORMAL 5
[CDD (BASE 65) ]
TOTAL THIS MO. 288
DPTR FM NORMAL -21 [PRESSURE DATA]
TOTAL FM JAN 1 389 HIGHEST SLP 30.18 ON 4
DPTR FM NORMAL -66 LOWEST SLP 29.68 ON 11
[REMARKS]
#FINAL-07-23#