000
CXUS55 KRIW 011010
CF6GEY
PRELIMINARY LOCAL CLIMATOLOGICAL DATA (WS FORM: F-6)
STATION: GREYBULL WY
MONTH: APRIL
YEAR: 2023
LATITUDE: 44 30 N
LONGITUDE: 108 4 W
TEMPERATURE IN F: :PCPN: SNOW: WIND :SUNSHINE: SKY :PK WND
================================================================================
1 2 3 4 5 6A 6B 7 8 9 10 11 12 13 14 15 16 17 18
12Z AVG MX 2MIN
DY MAX MIN AVG DEP HDD CDD WTR SNW DPTH SPD SPD DIR MIN PSBL S-S WX SPD DR
================================================================================
1 M 26 M M M M 0.01 M M 8.9 39 330 M M 2 1 52 330
2 M 31 M M M M T M M 7.7 21 320 M M 2 28 320
3 M 30 M M M M 0.00 M M 3.4 13 260 M M 5 18 260
4 M 27 M M M M 0.00 M M 18.8 37 340 M M 7 48 340
5 M M M M M M M M M 7.8 21 340 M M 4 29 340
6 M M M M M M 0.00 M M 5.4 15 140 M M 0 8 23 160
7 M M M M M M 0.00 M M 6.5 18 160 M M 0 26 170
8 M M M M M M 0.00 M M 6.3 21 270 M M 0 27 270
9 M M M M M M 0.00 M M 6.3 14 210 M M 0 22 160
10 M M M M M M 0.00 M M 7.7 17 160 M M 0 24 170
11 M M M M M M 0.00 M M 9.7 25 160 M M 0 35 170
12 M M M M M M 0.00 M M 9.8 20 310 M M 1 26 300
13 M M M M M M T M M 13.7 24 290 M M 6 31 290
14 49 M M M M M 0.00 M M 10.1 18 310 M M 3 25 330
15 54 29 42 -4 23 0 0.00 M M 5.6 17 300 M M 2 22 290
16 66 25 46 -1 19 0 0.00 M M 5.8 16 130 M M 0 23 120
17 72 37 55 8 10 0 0.00 M M 6.6 24 210 M M 2 37 220
18 59 37 48 1 17 0 T M M 9.8 37 300 M M 8 46 300
19 46 32 39 -8 26 0 0.00 M M 12.3 24 350 M M 9 35 350
20 44 29 37 -11 28 0 T M M 13.5 28 350 M M 8 38 340
21 45 21 33 -15 32 0 0.00 M M 12.1 29 330 M M 3 36 340
22 50 21 36 -12 29 0 0.00 M M 5.1 16 310 M M 5 25 290
23 59 25 42 -6 23 0 0.00 M M 4.2 12 150 M M 2 16 150
24 68 30 49 0 16 0 0.00 M M 5.3 22 330 M M 1 31 310
25 69 38 54 5 11 0 T M M 10.1 23 150 M M 3 31 170
26 69 35 52 2 13 0 0.00 M M 4.5 15 320 M M 1 22 360
27 62 39 51 1 14 0 0.03 M M 17.8 48 340 M M 3 3 64 340
28 67 28 48 -2 17 0 0.00 M M 5.1 13 350 M M 0 18 10
29 76 33 55 5 10 0 0.00 M M 5.5 16 350 M M 0 22 340
30 77 40 59 8 6 0 0.00 M M 4.9 15 350 M M 0 22 360
================================================================================
SM 1032 613 294 0 0.04 M 250.3 M 77
================================================================================
AV 60.7 30.7 8.3 FASTST M M 3 MAX(MPH)
MISC ----> 48 340 64 340
================================================================================
NOTES:
# LAST OF SEVERAL OCCURRENCES
COLUMN 17 PEAK WIND IN M.P.H.
PRELIMINARY LOCAL CLIMATOLOGICAL DATA (WS FORM: F-6) , PAGE 2
STATION: GREYBULL WY
MONTH: APRIL
YEAR: 2023
LATITUDE: 44 30 N
LONGITUDE: 108 4 W
[TEMPERATURE DATA] [PRECIPITATION DATA] SYMBOLS USED IN COLUMN 16
AVERAGE MONTHLY: 45.7 TOTAL FOR MONTH: 0.04 1 = FOG OR MIST
DPTR FM NORMAL: -1.0 DPTR FM NORMAL: -0.49 2 = FOG REDUCING VISIBILITY
HIGHEST: 77 ON 30 GRTST 24HR 0.03 ON 27-27 TO 1/4 MILE OR LESS
LOWEST: 21 ON 22,21 3 = THUNDER
SNOW, ICE PELLETS, HAIL 4 = ICE PELLETS
TOTAL MONTH: M 5 = HAIL
GRTST 24HR M ON M 6 = FREEZING RAIN OR DRIZZLE
GRTST DEPTH: M ON M 7 = DUSTSTORM OR SANDSTORM:
VSBY 1/2 MILE OR LESS
8 = SMOKE OR HAZE
[NO. OF DAYS WITH] [WEATHER - DAYS WITH] 9 = BLOWING SNOW
X = TORNADO
MAX 32 OR BELOW: 0 0.01 INCH OR MORE: 2
MAX 90 OR ABOVE: 0 0.10 INCH OR MORE: 0
MIN 32 OR BELOW: 13 0.50 INCH OR MORE: 0
MIN 0 OR BELOW: 0 1.00 INCH OR MORE: 0
[HDD (BASE 65) ]
TOTAL THIS MO. 294 CLEAR (SCALE 0-3) 21
DPTR FM NORMAL -256 PTCLDY (SCALE 4-7) 7
TOTAL FM JUL 1 7588 CLOUDY (SCALE 8-10) 2
DPTR FM NORMAL 375
[CDD (BASE 65) ]
TOTAL THIS MO. 0
DPTR FM NORMAL -1 [PRESSURE DATA]
TOTAL FM JAN 1 0 HIGHEST SLP 30.35 ON 22
DPTR FM NORMAL -1 LOWEST SLP 29.40 ON 18
[REMARKS]
#FINAL-04-23#