000
CXUS55 KALY 010710
CF6GFL
PRELIMINARY LOCAL CLIMATOLOGICAL DATA (WS FORM: F-6)
STATION: GLENS FALLS NY
MONTH: MARCH
YEAR: 2022
LATITUDE: 43 20 N
LONGITUDE: 73 37 W
TEMPERATURE IN F: :PCPN: SNOW: WIND :SUNSHINE: SKY :PK WND
================================================================================
1 2 3 4 5 6A 6B 7 8 9 10 11 12 13 14 15 16 17 18
12Z AVG MX 2MIN
DY MAX MIN AVG DEP HDD CDD WTR SNW DPTH SPD SPD DIR MIN PSBL S-S WX SPD DR
================================================================================
1 36 3 20 -6 45 0 0.03 M M 3.6 16 200 M M 9 1 24 210
2 38 23 31 5 34 0 0.00 M M 6.2 14 290 M M 8 1 20 290
3 29 4 17 -10 48 0 T M M 8.1 21 350 M M 7 1 26 360
4 31 -6 13 -14 52 0 0.00 M M 5.0 15 130 M M 1 20 230
5 35 2 19 -9 46 0 0.00 M M 2.0 9 160 M M 3 12 180
6 61 27 44 16 21 0 0.19 M M 7.5 26 280 M M 5 1 45 290
7 49 35 42 14 23 0 0.52 M M 6.5 25 290 M M 6 1 40 270
8 39 24 32 3 33 0 0.00 M M 9.0 17 300 M M 5 31 300
9 33 21 27 -2 38 0 0.17 M M 1.3 13 200 M M 10 12 15 200
10 44 24 34 5 31 0 0.00 M M 4.7 16 170 M M 5 12 20 150
11 45 20 33 3 32 0 0.00 M M 1.4 10 190 M M 4 1 13 200
12 39 18 29 -1 36 0 0.18 M M 10.0 24 310 M M 10 128 34 290
13 30 16 23 -7 42 0 0.00 M M 10.5 24 310 M M 4 34 310
14 47 24 36 5 29 0 0.00 M M 6.8 15 200 M M 6 22 260
15 45 30 38 7 27 0 T M M 4.7 13 30 M M 8 1 16 70
16 52 29 41 9 24 0 0.00 M M 2.3 13 160 M M 6 12 15 150
17 55 27 41 9 24 0 0.00 M M 4.0 16 200 M M 5 12 22 200
18 65 40 53 21 12 0 0.00 M M 4.5 10 360 M M 8 12 14 200
19 57 38 48 15 17 0 0.61 M M 2.5 12 310 M M 9 13 15 200
20 52 37 45 12 20 0 0.05 M M 6.9 15 320 M M 9 1 22 310
21 53 28 41 7 24 0 0.00 M M 10.2 26 300 M M 1 37 290
22 48 23 36 2 29 0 0.00 M M 10.1 25 310 M M 0 32 300
23 46 19 33 -1 32 0 0.03 M M 2.6 15 50 M M 4 20 60
24 44 35 40 5 25 0 0.56 M M 3.6 14 360 M M 10 1 17 340
25 55 37 46 11 19 0 0.22 M M 6.0 15 220 M M 10 1 22 230
26 48 29 39 3 26 0 0.01 M M 6.7 14 200 M M 7 1 18 200
27 41 23 32 -4 33 0 T M M 9.7 20 300 M M 9 28 280
28 25 15 20 -16 45 0 T M M 10.6 21 320 M M 8 8 29 310
29 36 15 26 -11 39 0 0.00 M M 11.3 23 300 M M 0 33 340
30 41 15 28 -9 37 0 T M M 4.7 12 190 M M 3 15 150
31 60 32 46 8 19 0 0.72 M M 4.3 17 200 M M 7 1 26 190
================================================================================
SM 1379 707 962 0 3.29 M 187.3 M 187
================================================================================
AV 44.5 22.8 6.0 FASTST M M 6 MAX(MPH)
MISC ----> # 26 280 45 290
================================================================================
NOTES:
# LAST OF SEVERAL OCCURRENCES
COLUMN 17 PEAK WIND IN M.P.H.
PRELIMINARY LOCAL CLIMATOLOGICAL DATA (WS FORM: F-6) , PAGE 2
STATION: GLENS FALLS NY
MONTH: MARCH
YEAR: 2022
LATITUDE: 43 20 N
LONGITUDE: 73 37 W
[TEMPERATURE DATA] [PRECIPITATION DATA] SYMBOLS USED IN COLUMN 16
AVERAGE MONTHLY: 33.6 TOTAL FOR MONTH: 3.29 1 = FOG OR MIST
DPTR FM NORMAL: 1.9 DPTR FM NORMAL: 0.50 2 = FOG REDUCING VISIBILITY
HIGHEST: 65 ON 18 GRTST 24HR 0.72 ON 31-31 TO 1/4 MILE OR LESS
LOWEST: -6 ON 4 3 = THUNDER
SNOW, ICE PELLETS, HAIL 4 = ICE PELLETS
TOTAL MONTH: M 5 = HAIL
GRTST 24HR M ON M 6 = FREEZING RAIN OR DRIZZLE
GRTST DEPTH: M ON M 7 = DUSTSTORM OR SANDSTORM:
VSBY 1/2 MILE OR LESS
8 = SMOKE OR HAZE
[NO. OF DAYS WITH] [WEATHER - DAYS WITH] 9 = BLOWING SNOW
X = TORNADO
MAX 32 OR BELOW: 4 0.01 INCH OR MORE: 12
MAX 90 OR ABOVE: 0 0.10 INCH OR MORE: 8
MIN 32 OR BELOW: 25 0.50 INCH OR MORE: 4
MIN 0 OR BELOW: 1 1.00 INCH OR MORE: 0
[HDD (BASE 65) ]
TOTAL THIS MO. 962 CLEAR (SCALE 0-3) 5
DPTR FM NORMAL -70 PTCLDY (SCALE 4-7) 17
TOTAL FM JUL 1 6079 CLOUDY (SCALE 8-10) 9
DPTR FM NORMAL -358
[CDD (BASE 65) ]
TOTAL THIS MO. 0
DPTR FM NORMAL 0 [PRESSURE DATA]
TOTAL FM JAN 1 0 HIGHEST SLP M ON M
DPTR FM NORMAL 0 LOWEST SLP 29.31 ON 7
[REMARKS]
#FINAL-03-22#