000
CXUS55 KALY 010810
CF6GFL
PRELIMINARY LOCAL CLIMATOLOGICAL DATA (WS FORM: F-6)
STATION: GLENS FALLS NY
MONTH: NOVEMBER
YEAR: 2021
LATITUDE: 43 20 N
LONGITUDE: 73 37 W
TEMPERATURE IN F: :PCPN: SNOW: WIND :SUNSHINE: SKY :PK WND
================================================================================
1 2 3 4 5 6A 6B 7 8 9 10 11 12 13 14 15 16 17 18
12Z AVG MX 2MIN
DY MAX MIN AVG DEP HDD CDD WTR SNW DPTH SPD SPD DIR MIN PSBL S-S WX SPD DR
================================================================================
1 53 37 45 3 20 0 0.01 M M 7.9 17 300 M M 4 25 270
2 51 28 40 -2 25 0 0.00 M M 5.7 15 220 M M 5 21 230
3 48 27 38 -4 27 0 T M M 3.2 17 10 M M 6 1 21 10
4 42 26 34 -7 31 0 0.00 M M 1.1 7 40 M M 8 12 8 30
5 47 22 35 -6 30 0 0.00 M M 1.0 8 170 M M 2 12 130
6 48 22 35 -6 30 0 0.00 M M 2.2 10 160 M M 0 1 14 180
7 52 21 37 -3 28 0 0.00 M M 1.3 8 160 M M 0 1 11 180
8 58 25 42 2 23 0 0.00 M M 1.0 7 160 M M 0 1 8 200
9 58 29 44 4 21 0 0.00 M M 0.9 6 350 M M 8 12 7 100
10 59 30 45 6 20 0 0.13 M M 3.7 17 330 M M 4 1 22 330
11 52 25 39 0 26 0 0.00 M M 0.4 6 90 M M 3 8 190
12 54 32 43 5 22 0 0.70 M M 4.1 14 270 M M 8 12 20 280
13 44 31 38 0 27 0 0.56 M M 3.5 12 210 M M 9 123 17 280
14 44 32 38 0 27 0 0.12 M M 5.2 14 190 M M 9 1 18 200
15 46 31 39 2 26 0 0.03 M M 6.9 17 310 M M 7 1 21 310
16 44 24 34 -3 31 0 T M M 5.0 14 300 M M 6 20 290
17 49 22 36 -1 29 0 0.00 M M 2.6 13 210 M M 7 16 210
18 61 43 52 16 13 0 0.05 M M 5.2 16 300 M M 9 1 24 310
19 45 26 36 0 29 0 0.01 M M 6.4 21 300 M M 7 1 26 280
20 40 20 30 -6 35 0 0.00 M M 2.7 13 150 M M 0 16 140
21 46 32 39 4 26 0 0.05 M M 2.9 10 200 M M 7 1 15 160
22 46 24 35 0 30 0 0.03 M M 7.8 21 290 M M 6 1 24 270
23 34 19 27 -7 38 0 0.00 M M 8.5 18 340 M M 1 25 340
24 36 16 26 -8 39 0 0.00 M M 2.6 12 330 M M 0 16 340
25 36 19 28 -6 37 0 0.04 M M 0.1 6 190 M M 6 1 7 140
26 38 30 34 1 31 0 0.38 M M 3.7 17 320 M M 10 1 22 320
27 32 16 24 -9 41 0 0.01 M M 5.6 20 290 M M 6 27 300
28 29 17 23 -9 42 0 0.03 M M 1.3 7 250 M M 7 1 9 260
29 29 13 21 -11 44 0 T M M 2.5 9 320 M M 7 18 12 320
30 31 13 22 -10 43 0 T M M 2.4 8 210 M M 9 1 10 190
================================================================================
SM 1352 752 891 0 2.15 M 107.4 M 161
================================================================================
AV 45.1 25.1 3.6 FASTST M M 5 MAX(MPH)
MISC ----> # 21 300 27 300
================================================================================
NOTES:
# LAST OF SEVERAL OCCURRENCES
COLUMN 17 PEAK WIND IN M.P.H.
PRELIMINARY LOCAL CLIMATOLOGICAL DATA (WS FORM: F-6) , PAGE 2
STATION: GLENS FALLS NY
MONTH: NOVEMBER
YEAR: 2021
LATITUDE: 43 20 N
LONGITUDE: 73 37 W
[TEMPERATURE DATA] [PRECIPITATION DATA] SYMBOLS USED IN COLUMN 16
AVERAGE MONTHLY: 35.1 TOTAL FOR MONTH: 2.15 1 = FOG OR MIST
DPTR FM NORMAL: -2.1 DPTR FM NORMAL: -0.86 2 = FOG REDUCING VISIBILITY
HIGHEST: 61 ON 18 GRTST 24HR 0.70 ON 12-12 TO 1/4 MILE OR LESS
LOWEST: 13 ON 30,29 3 = THUNDER
SNOW, ICE PELLETS, HAIL 4 = ICE PELLETS
TOTAL MONTH: M 5 = HAIL
GRTST 24HR M ON M 6 = FREEZING RAIN OR DRIZZLE
GRTST DEPTH: M ON M 7 = DUSTSTORM OR SANDSTORM:
VSBY 1/2 MILE OR LESS
8 = SMOKE OR HAZE
[NO. OF DAYS WITH] [WEATHER - DAYS WITH] 9 = BLOWING SNOW
X = TORNADO
MAX 32 OR BELOW: 4 0.01 INCH OR MORE: 14
MAX 90 OR ABOVE: 0 0.10 INCH OR MORE: 5
MIN 32 OR BELOW: 28 0.50 INCH OR MORE: 2
MIN 0 OR BELOW: 0 1.00 INCH OR MORE: 0
[HDD (BASE 65) ]
TOTAL THIS MO. 891 CLEAR (SCALE 0-3) 8
DPTR FM NORMAL 55 PTCLDY (SCALE 4-7) 17
TOTAL FM JUL 1 1417 CLOUDY (SCALE 8-10) 5
DPTR FM NORMAL -186
[CDD (BASE 65) ]
TOTAL THIS MO. 0
DPTR FM NORMAL 0 [PRESSURE DATA]
TOTAL FM JAN 1 514 HIGHEST SLP 30.57 ON 20
DPTR FM NORMAL 106 LOWEST SLP 29.52 ON 26
[REMARKS]
#FINAL-11-21#