000
CXUS51 KALY 010815
CLMGFL
CLIMATE REPORT
NATIONAL WEATHER SERVICE ALBANY NY
415 AM EDT SUN OCT 01 2023
...................................
...THE GLENS FALLS NY CLIMATE SUMMARY FOR THE MONTH OF SEPTEMBER 2023...
CLIMATE NORMAL PERIOD: 1991 TO 2020
CLIMATE RECORD PERIOD: 1893 TO 2023
WEATHER OBSERVED NORMAL DEPART LAST YEAR`S
VALUE DATE(S) VALUE FROM VALUE DATE(S)
NORMAL
................................................................
TEMPERATURE (F)
RECORD
HIGH 97 09/02/1953
LOW 24 09/23/1904
HIGHEST 90 09/07 81 09/04
09/09
09/10
LOWEST 38 09/28 31 09/30
AVG. MAXIMUM 73.5 71.9 1.6 70.5
AVG. MINIMUM 51.6 47.5 4.1 48.1
MEAN 62.5 59.7 2.8 59.3
DAYS MAX >= 90 1 0.3 0.7 0
DAYS MAX <= 32 0 0.0 0.0 0
DAYS MIN <= 32 0 1.2 -1.2 1
DAYS MIN <= 0 0 0.0 0.0 0
PRECIPITATION (INCHES)
RECORD
MAXIMUM 7.75 1987
MINIMUM 0.10 1964
TOTALS 1.89 3.30 -1.41 4.15
DAILY AVG. 0.06 0.14
DAYS >= .01 9 9.5 -0.5 11
DAYS >= .10 7 6.0 1.0 10
DAYS >= .50 0 2.2 -2.2 3
DAYS >= 1.00 0 0.8 -0.8 0
GREATEST
24 HR. TOTAL 0.58 09/10 TO 09/11
DEGREE DAYS
HEATING TOTAL 139 193 -54 180
SINCE 7/1 169 239 -70 MM
COOLING TOTAL 73 34 39 15
SINCE 1/1 437 406 31 MM
................................................................
WIND (MPH)
AVERAGE WIND SPEED 3.5
HIGHEST WIND SPEED/DIRECTION 20/040 DATE 09/15
HIGHEST GUST SPEED/DIRECTION 27/240 DATE 09/07
SKY COVER
AVERAGE SKY COVER 0.42
AVERAGE RH (PERCENT) 79
WEATHER CONDITIONS. NUMBER OF DAYS WITH
THUNDERSTORM 3 MIXED PRECIP 0
HEAVY RAIN 3 RAIN 6
LIGHT RAIN 10 FREEZING RAIN 0
LT FREEZING RAIN 0 HAIL 0
HEAVY SNOW 0 SNOW 0
LIGHT SNOW 0 SLEET 0
FOG 29 FOG W/VIS <= 1/4 MILE 19
HAZE 4
- INDICATES NEGATIVE NUMBERS.
R INDICATES RECORD WAS SET OR TIED.
MM INDICATES DATA IS MISSING.
T INDICATES TRACE AMOUNT.
$$