000
CXUS55 KGJT 011010
CF6GJT
PRELIMINARY LOCAL CLIMATOLOGICAL DATA (WS FORM: F-6)
STATION: GRAND JUNCTION CO
MONTH: FEBRUARY
YEAR: 2022
LATITUDE: 39 7 N
LONGITUDE: 108 32 W
TEMPERATURE IN F: :PCPN: SNOW: WIND :SUNSHINE: SKY :PK WND
================================================================================
1 2 3 4 5 6A 6B 7 8 9 10 11 12 13 14 15 16 17 18
12Z AVG MX 2MIN
DY MAX MIN AVG DEP HDD CDD WTR SNW DPTH SPD SPD DIR MIN PSBL S-S WX SPD DR
================================================================================
1 38 20 29 -2 36 0 0.00 0.0 0 4.8 18 50 M M 1 23 40
2 30 17 24 -7 41 0 0.00 0.0 0 8.0 18 330 M M 1 24 340
3 29 12 21 -10 44 0 0.00 0.0 0 4.7 12 120 M M 0 17 220
4 35 11 23 -9 42 0 0.00 0.0 0 7.2 17 120 M M 0 20 120
5 37 11 24 -8 41 0 0.00 0.0 0 5.7 14 310 M M 0 16 310
6 42 15 29 -3 36 0 0.00 0.0 0 4.3 12 300 M M 0 16 120
7 45 18 32 -1 33 0 0.00 0.0 0 6.4 16 150 M M 0 22 140
8 47 19 33 0 32 0 0.00 0.0 0 4.9 14 120 M M 0 15 120
9 48 23 36 3 29 0 0.00 0.0 0 5.2 12 100 M M 1 15 100
10 49 24 37 3 28 0 0.00 0.0 0 6.1 14 130 M M 0 16 120
11 49 24 37 3 28 0 0.00 0.0 0 7.5 35 30 M M 0 43 40
12 45 22 34 0 31 0 0.00 0.0 0 4.8 14 140 M M 0 18 140
13 49 22 36 1 29 0 0.00 0.0 0 4.4 13 110 M M 0 14 110
14 51 21 36 1 29 0 0.00 0.0 0 4.6 15 100 M M 0 19 110
15 55 30 43 8 22 0 0.00 0.0 0 7.1 18 100 M M 1 26 100
16 45 29 37 1 28 0 T T 0 7.2 22 40 M M 9 27 40
17 42 25 34 -2 31 0 0.00 0.0 0 6.7 23 360 M M 0 28 360
18 48 22 35 -1 30 0 0.00 0.0 0 5.2 16 120 M M 0 20 120
19 49 24 37 0 28 0 0.00 0.0 0 6.4 14 110 M M 0 16 110
20 55 23 39 2 26 0 0.00 0.0 0 7.0 15 90 M M 0 18 290
21 49 31 40 2 25 0 0.07 T 0 9.4 31 270 M M 5 1 38 270
22 37 27 32 -6 33 0 0.05 0.6 T 6.6 18 270 M M 8 18 25 270
23 34 24 29 -9 36 0 0.33 2.7 1 9.5 23 270 M M 9 12 29 260
24 27 11 19 -20 46 0 0.01 T 2 4.7 16 340 M M 7 1 19 350
25 33 14 24 -15 41 0 0.01 0.2 1 3.7 13 330 M M 4 1 14 330
26 35 13 24 -15 41 0 0.00 0.0 T 4.4 13 120 M M 1 16 130
27 41 17 29 -11 36 0 0.00 0.0 T 6.1 16 130 M M 0 18 130
28 51 24 38 -2 27 0 0.00 0.0 0 4.6 15 140 M M 0 19 140
================================================================================
SM 1195 573 929 0 0.47 3.5 167.2 M 47
================================================================================
AV 42.7 20.5 6.0 FASTST M M 2 MAX(MPH)
MISC ----> 35 30 43 40
================================================================================
NOTES:
# LAST OF SEVERAL OCCURRENCES
COLUMN 17 PEAK WIND IN M.P.H.
PRELIMINARY LOCAL CLIMATOLOGICAL DATA (WS FORM: F-6) , PAGE 2
STATION: GRAND JUNCTION CO
MONTH: FEBRUARY
YEAR: 2022
LATITUDE: 39 7 N
LONGITUDE: 108 32 W
[TEMPERATURE DATA] [PRECIPITATION DATA] SYMBOLS USED IN COLUMN 16
AVERAGE MONTHLY: 31.6 TOTAL FOR MONTH: 0.47 1 = FOG OR MIST
DPTR FM NORMAL: -3.7 DPTR FM NORMAL: -0.06 2 = FOG REDUCING VISIBILITY
HIGHEST: 55 ON 20,15 GRTST 24HR 0.34 ON 23-24 TO 1/4 MILE OR LESS
LOWEST: 11 ON 24, 5 3 = THUNDER
SNOW, ICE PELLETS, HAIL 4 = ICE PELLETS
TOTAL MONTH: 3.5 INCHES 5 = HAIL
GRTST 24HR 2.7 ON 23-23 6 = FREEZING RAIN OR DRIZZLE
GRTST DEPTH: 2 ON 24 7 = DUSTSTORM OR SANDSTORM:
VSBY 1/2 MILE OR LESS
8 = SMOKE OR HAZE
[NO. OF DAYS WITH] [WEATHER - DAYS WITH] 9 = BLOWING SNOW
X = TORNADO
MAX 32 OR BELOW: 3 0.01 INCH OR MORE: 5
MAX 90 OR ABOVE: 0 0.10 INCH OR MORE: 1
MIN 32 OR BELOW: 28 0.50 INCH OR MORE: 0
MIN 0 OR BELOW: 0 1.00 INCH OR MORE: 0
[HDD (BASE 65) ]
TOTAL THIS MO. 929 CLEAR (SCALE 0-3) 22
DPTR FM NORMAL 96 PTCLDY (SCALE 4-7) 3
TOTAL FM JUL 1 4182 CLOUDY (SCALE 8-10) 3
DPTR FM NORMAL -132
[CDD (BASE 65) ]
TOTAL THIS MO. 0
DPTR FM NORMAL 0 [PRESSURE DATA]
TOTAL FM JAN 1 0 HIGHEST SLP 30.79 ON 4
DPTR FM NORMAL 0 LOWEST SLP 29.43 ON 21
[REMARKS]
#FINAL-02-22#