000
CXUS53 KGLD 010800
CF6GLD
PRELIMINARY LOCAL CLIMATOLOGICAL DATA (WS FORM: F-6)
STATION: GOODLAND KS
MONTH: JULY
YEAR: 2023
LATITUDE: 39 22 N
LONGITUDE: 101 42 W
TEMPERATURE IN F: :PCPN: SNOW: WIND :SUNSHINE: SKY :PK WND
================================================================================
1 2 3 4 5 6A 6B 7 8 9 10 11 12 13 14 15 16 17 18
12Z AVG MX 2MIN
DY MAX MIN AVG DEP HDD CDD WTR SNW DPTH SPD SPD DIR MIN PSBL S-S WX SPD DR
================================================================================
1 79 55 67 -8 0 2 0.00 0.0 0 10.4 18 320 M M 1 29 330
2 91 59 75 0 0 10 0.00 0.0 0 10.5 23 180 M M 0 3 34 200
3 89 55 72 -3 0 7 0.00 0.0 0 8.1 15 200 M M 0 24 200
4 88 61 75 0 0 10 0.85 T 0 13.1 25 330 M M 2 135 35 320
5 71 60 66 -9 0 1 0.08 0.0 0 10.0 26 120 M M 9 1 34 120
6 73 56 65 -11 0 0 0.23 0.0 0 10.6 20 160 M M 9 13 26 110
7 80 62 71 -5 0 6 0.00 0.0 0 8.1 21 180 M M 5 13 27 180
8 74 53 64 -12 1 0 1.06 0.0 0 11.5 31 20 M M 7 13 44 10
9 78 49 64 -12 1 0 0.00 0.0 0 9.0 17 170 M M 0 23 180
10 90 63 77 1 0 12 0.00 0.0 0 11.7 22 100 M M 0 13 34 120
11 91 62 77 1 0 12 0.00 0.0 0 13.7 22 170 M M 0 33 180
12 90 67 79 3 0 14 T 0.0 0 11.0 20 60 M M 0 26 50
13 83 68 76 0 0 11 0.00 0.0 0 11.1 28 160 M M 3 12 36 180
14 85 63 74 -2 0 9 0.00 0.0 0 11.4 26 320 M M 3 123 40 310
15 87 59 73 -3 0 8 0.01 0.0 0 6.8 15 210 M M 3 3 24 210
16 92 65 79 3 0 14 0.00 0.0 0 8.7 20 350 M M 0 32 210
17 95 62 79 3 0 14 0.00 0.0 0 6.8 16 160 M M 0 8 22 120
18 87 67 77 1 0 12 T 0.0 0 7.5 18 50 M M 3 1 24 60
19 95 67 81 5 0 16 0.76 0.0 0 6.6 35 230 M M 3 13 55 220
20 75 62 69 -7 0 4 0.91 0.0 0 9.2 33 110 M M 6 13 49 120
21 75 59 67 -9 0 2 0.03 0.0 0 6.0 12 210 M M 6 1 15 20
22 88 61 75 -1 0 10 0.00 0.0 0 8.5 18 210 M M 0 26 220
23 94 62 78 2 0 13 0.00 0.0 0 10.9 16 200 M M 0 26 200
24 100 68 84 8 0 19 0.00 0.0 0 8.4 23 80 M M 0 30 90
25 102 69 86 10 0 21 0.18 0.0 0 7.5 46 310 M M 0 3 63 300
26 95 62 79 3 0 14 0.04 0.0 0 8.4 13 200 M M 1 38 18 200
27 95 66 81 5 0 16 0.00 0.0 0 8.9 16 220 M M 0 24 210
28 96 62 79 3 0 14 0.02 0.0 0 9.0 35 320 M M 1 3 50 330
29 87 62 75 -1 0 10 0.00 0.0 0 10.5 24 80 M M 0 33 90
30 98 65 82 6 0 17 0.00 0.0 0 8.2 18 200 M M 0 1 24 180
31 90 66 78 2 0 13 0.00 0.0 0 10.7 17 80 M M 0 24 90
================================================================================
SM 2713 1917 2 311 4.17 T 292.8 M 62
================================================================================
AV 87.5 61.8 9.4 FASTST M M 2 MAX(MPH)
MISC ----> 46 310 63 300
================================================================================
NOTES:
# LAST OF SEVERAL OCCURRENCES
COLUMN 17 PEAK WIND IN M.P.H.
PRELIMINARY LOCAL CLIMATOLOGICAL DATA (WS FORM: F-6) , PAGE 2
STATION: GOODLAND KS
MONTH: JULY
YEAR: 2023
LATITUDE: 39 22 N
LONGITUDE: 101 42 W
[TEMPERATURE DATA] [PRECIPITATION DATA] SYMBOLS USED IN COLUMN 16
AVERAGE MONTHLY: 74.7 TOTAL FOR MONTH: 4.17 1 = FOG OR MIST
DPTR FM NORMAL: -1.4 DPTR FM NORMAL: 1.09 2 = FOG REDUCING VISIBILITY
HIGHEST: 102 ON 25 GRTST 24HR 1.10 ON 19-20 TO 1/4 MILE OR LESS
LOWEST: 49 ON 9 3 = THUNDER
SNOW, ICE PELLETS, HAIL 4 = ICE PELLETS
TOTAL MONTH: T 5 = HAIL
GRTST 24HR T ON 4- 4 6 = FREEZING RAIN OR DRIZZLE
GRTST DEPTH: 0 7 = DUSTSTORM OR SANDSTORM:
VSBY 1/2 MILE OR LESS
8 = SMOKE OR HAZE
[NO. OF DAYS WITH] [WEATHER - DAYS WITH] 9 = BLOWING SNOW
X = TORNADO
MAX 32 OR BELOW: 0 0.01 INCH OR MORE: 11
MAX 90 OR ABOVE: 15 0.10 INCH OR MORE: 6
MIN 32 OR BELOW: 0 0.50 INCH OR MORE: 4
MIN 0 OR BELOW: 0 1.00 INCH OR MORE: 1
[HDD (BASE 65) ]
TOTAL THIS MO. 2 CLEAR (SCALE 0-3) 24
DPTR FM NORMAL -1 PTCLDY (SCALE 4-7) 5
TOTAL FM JUL 1 2 CLOUDY (SCALE 8-10) 2
DPTR FM NORMAL 2
[CDD (BASE 65) ]
TOTAL THIS MO. 311
DPTR FM NORMAL -35 [PRESSURE DATA]
TOTAL FM JAN 1 482 HIGHEST SLP M ON M
DPTR FM NORMAL -111 LOWEST SLP 29.71 ON 10
[REMARKS]
#FINAL-07-23#