000
CXUS54 KFWD 010731
CF6GLE
PRELIMINARY LOCAL CLIMATOLOGICAL DATA (WS FORM: F-6)
STATION: GAINESVILLE
MONTH: AUGUST
YEAR: 2020
LATITUDE: 33 39 N
LONGITUDE: 97 12 W
TEMPERATURE IN F: :PCPN: SNOW: WIND :SUNSHINE: SKY :PK WND
================================================================================
1 2 3 4 5 6A 6B 7 8 9 10 11 12 13 14 15 16 17 18
12Z AVG MX 2MIN
DY MAX MIN AVG DEP HDD CDD WTR SNW DPTH SPD SPD DIR MIN PSBL S-S WX SPD DR
================================================================================
1 87 66 77 -7 0 12 0.00 0.0 0 1.3 6 350 M M 2 M M
2 90 68 79 -5 0 14 0.00 0.0 0 2.5 7 350 M M 0 M M
3 87 69 78 -6 0 13 0.00 0.0 0 5.5 10 60 M M 1 M M
4 87 66 77 -7 0 12 0.00 0.0 0 5.7 10 90 M M 1 M M
5 84 68 76 -8 0 11 M 0.0 0 8.6 17 40 M M 2 22 30
6 93 72 83 -1 0 18 M 0.0 0 8.9 13 140 M M 4 1 17 130
7 93 77 85 1 0 20 0.00 0.0 0 9.8 15 150 M M 0 22 150
8 94 73 84 0 0 19 0.00 0.0 0 8.6 16 170 M M 0 24 180
9 94 74 84 0 0 19 0.00 0.0 0 8.2 15 160 M M 1 18 200
10 95 75 85 1 0 20 0.00 0.0 0 10.1 17 170 M M 0 22 170
11 96 76 86 2 0 21 0.00 0.0 0 8.2 14 190 M M 2 20 210
12 98 74 86 2 0 21 0.00 0.0 0 6.4 15 130 M M 1 M M
13 98 75 87 3 0 22 0.00 0.0 0 7.9 14 170 M M 0 22 150
14 101 76 89 5 0 24 0.00 0.0 0 8.1 15 230 M M 0 20 230
15 99 75 87 3 0 22 0.00 0.0 0 7.7 10 110 M M 0 M M
16 100 69 85 1 0 20 0.12 0.0 0 6.7 27 360 M M 1 3 51 360
17 94 69 82 -2 0 17 0.00 0.0 0 2.8 15 10 M M 1 M M
18 92 68 80 -3 0 15 0.00 0.0 0 5.8 10 360 M M 0 16 360
19 89 61 75 -8 0 10 0.00 0.0 0 3.6 9 50 M M 0 M M
20 90 63 77 -6 0 12 0.00 0.0 0 4.2 10 150 M M 0 M M
21 90 63 77 -6 0 12 M 0.0 0 2.9 9 140 M M 1 M M
22 93 69 81 -2 0 16 0.00 0.0 0 4.2 12 80 M M 0 9 60
23 93 68 81 -1 0 16 0.00 0.0 0 4.1 9 130 M M 1 M M
24 94 69 82 0 0 17 0.00 0.0 0 4.3 10 100 M M 1 16 110
25 93 66 80 -2 0 15 0.00 0.0 0 3.9 10 100 M M 1 16 100
26 92 71 82 0 0 17 0.00 0.0 0 7.0 27 80 M M 3 36 80
27 91 68 80 -2 0 15 0.03 0.0 0 2.9 14 90 M M 4 1 18 330
28 101 69 85 4 0 20 0.00 0.0 0 5.3 12 160 M M 1 16 160
29 103 76 90 9 0 25 0.00 0.0 0 6.2 12 180 M M 1 18 180
30 92 69 81 0 0 16 0.47 0.0 0 8.2 28 310 M M 3 51 310
31 92 75 84 4 0 19 0.07 0.0 0 7.9 14 180 M M 3 24 270
================================================================================
SM 2895 2177 0 530 0.69 0.0 187.5 M 35
================================================================================
AV 93.4 70.2 6.0 FASTST M M 1 MAX(MPH)
MISC ----> # 28 310 # 51 360
================================================================================
NOTES:
# LAST OF SEVERAL OCCURRENCES
COLUMN 17 PEAK WIND IN M.P.H.
PRELIMINARY LOCAL CLIMATOLOGICAL DATA (WS FORM: F-6) , PAGE 2
STATION: GAINESVILLE
MONTH: AUGUST
YEAR: 2020
LATITUDE: 33 39 N
LONGITUDE: 97 12 W
[TEMPERATURE DATA] [PRECIPITATION DATA] SYMBOLS USED IN COLUMN 16
AVERAGE MONTHLY: 81.8 TOTAL FOR MONTH: 0.69 1 = FOG OR MIST
DPTR FM NORMAL: -1.4 DPTR FM NORMAL: -1.70 2 = FOG REDUCING VISIBILITY
HIGHEST: 103 ON 29 GRTST 24HR 0.47 ON 30-30 TO 1/4 MILE OR LESS
LOWEST: 61 ON 19 3 = THUNDER
SNOW, ICE PELLETS, HAIL 4 = ICE PELLETS
TOTAL MONTH: 0.0 INCH 5 = HAIL
GRTST 24HR 0.0 6 = FREEZING RAIN OR DRIZZLE
GRTST DEPTH: 0 7 = DUSTSTORM OR SANDSTORM:
VSBY 1/2 MILE OR LESS
8 = SMOKE OR HAZE
[NO. OF DAYS WITH] [WEATHER - DAYS WITH] 9 = BLOWING SNOW
X = TORNADO
MAX 32 OR BELOW: 0 0.01 INCH OR MORE: 4
MAX 90 OR ABOVE: 26 0.10 INCH OR MORE: 2
MIN 32 OR BELOW: 0 0.50 INCH OR MORE: 0
MIN 0 OR BELOW: 0 1.00 INCH OR MORE: 0
[HDD (BASE 65) ]
TOTAL THIS MO. 0 CLEAR (SCALE 0-3) 29
DPTR FM NORMAL 0 PTCLDY (SCALE 4-7) 2
TOTAL FM JUL 1 0 CLOUDY (SCALE 8-10) 0
DPTR FM NORMAL 0
[CDD (BASE 65) ]
TOTAL THIS MO. 530
DPTR FM NORMAL -34 [PRESSURE DATA]
TOTAL FM JAN 1 1791 HIGHEST SLP M ON M
DPTR FM NORMAL 19 LOWEST SLP M ON M
[REMARKS]
#FINAL-08-20#