000
CXUS52 KJAX 011618
CF6GNV
PRELIMINARY LOCAL CLIMATOLOGICAL DATA (WS FORM: F-6)
STATION: GAINESVILLE
MONTH: MAY
YEAR: 2021
LATITUDE: 29 40 N
LONGITUDE: 82 16 W
TEMPERATURE IN F: :PCPN: SNOW: WIND :SUNSHINE: SKY :PK WND
================================================================================
1 2 3 4 5 6A 6B 7 8 9 10 11 12 13 14 15 16 17 18
12Z AVG MX 2MIN
DY MAX MIN AVG DEP HDD CDD WTR SNW DPTH SPD SPD DIR MIN PSBL S-S WX SPD DR
================================================================================
1 86 59 73 1 0 8 0.00 0.0 0 4.3 12 20 M M 0 16 10
2 86 63 75 3 0 10 0.45 0.0 0 3.5 29 210 M M 3 13 39 210
3 92 63 78 6 0 13 0.00 0.0 0 6.5 21 240 M M 1 1 30 240
4 93 66 80 7 0 15 0.00 0.0 0 7.5 20 260 M M 2 12 25 260
5 92 64 78 5 0 13 0.01 0.0 0 8.0 23 250 M M 2 33 340
6 81 68 75 2 0 10 0.28 0.0 0 6.0 15 260 M M 3 13 22 280
7 80 54 67 -6 0 2 0.00 0.0 0 6.9 17 320 M M 0 1 28 300
8 81 47 64 -9 1 0 0.00 0.0 0 2.8 10 30 M M 0 14 60
9 89 53 71 -3 0 6 0.00 0.0 0 4.9 16 140 M M 0 24 170
10 88 64 76 2 0 11 T 0.0 0 5.9 22 300 M M 4 3 30 300
11 83 66 75 1 0 10 0.31 0.0 0 2.4 21 340 M M 5 13 30 350
12 92 67 80 6 0 15 0.00 0.0 0 5.4 21 290 M M 2 1 27 310
13 71 60 66 -8 0 1 0.05 0.0 0 8.5 16 20 M M 9 1 22 50
14 80 57 69 -6 0 4 0.00 0.0 0 9.5 21 40 M M 1 29 50
15 80 47 64 -11 1 0 0.00 0.0 0 7.8 21 50 M M 1 32 50
16 82 49 66 -9 0 1 0.00 0.0 0 5.6 17 60 M M 2 25 50
17 85 55 70 -5 0 5 0.00 0.0 0 6.4 16 60 M M 2 27 60
18 87 60 74 -2 0 9 0.00 0.0 0 7.8 21 70 M M 2 31 80
19 83 62 73 -3 0 8 T 0.0 0 9.4 24 90 M M 3 36 100
20 84 63 74 -2 0 9 0.00 0.0 0 11.9 23 90 M M 3 36 120
21 85 58 72 -4 0 7 0.00 0.0 0 8.6 23 50 M M 3 32 60
22 87 58 73 -3 0 8 0.00 0.0 0 6.8 18 50 M M 1 26 60
23 89 55 72 -5 0 7 0.00 0.0 0 3.2 13 40 M M 0 18 30
24 91 59 75 -2 0 10 0.00 0.0 0 3.5 13 80 M M 1 18 120
25 92 60 76 -1 0 11 0.00 0.0 0 5.4 13 100 M M 0 19 80
26 92 62 77 0 0 12 0.00 0.0 0 5.1 14 140 M M 0 19 140
27 94 63 79 2 0 14 0.00 0.0 0 3.5 14 130 M M 2 17 140
28 92 65 79 2 0 14 0.00 0.0 0 5.3 17 270 M M 2 24 240
29 91 64 78 0 0 13 0.00 0.0 0 8.0 21 250 M M 1 30 250
30 89 68 79 1 0 14 0.00 0.0 0 5.0 12 90 M M 0 15 110
31 88 65 77 -1 0 12 0.00 0.0 0 9.3 17 100 M M 2 24 40
================================================================================
SM 2685 1864 2 272 1.10 0.0 194.7 M 57
================================================================================
AV 86.6 60.1 6.3 FASTST M M 2 MAX(MPH)
MISC ----> 29 210 39 210
================================================================================
NOTES:
# LAST OF SEVERAL OCCURRENCES
COLUMN 17 PEAK WIND IN M.P.H.
PRELIMINARY LOCAL CLIMATOLOGICAL DATA (WS FORM: F-6) , PAGE 2
STATION: GAINESVILLE
MONTH: MAY
YEAR: 2021
LATITUDE: 29 40 N
LONGITUDE: 82 16 W
[TEMPERATURE DATA] [PRECIPITATION DATA] SYMBOLS USED IN COLUMN 16
AVERAGE MONTHLY: 73.4 TOTAL FOR MONTH: 1.10 1 = FOG OR MIST
DPTR FM NORMAL: -1.6 DPTR FM NORMAL: -1.98 2 = FOG REDUCING VISIBILITY
HIGHEST: 94 ON 27 GRTST 24HR 0.45 ON 2- 2 TO 1/4 MILE OR LESS
LOWEST: 47 ON 15, 8 3 = THUNDER
SNOW, ICE PELLETS, HAIL 4 = ICE PELLETS
TOTAL MONTH: 0.0 INCH 5 = HAIL
GRTST 24HR 0.0 6 = FREEZING RAIN OR DRIZZLE
GRTST DEPTH: 0 7 = DUSTSTORM OR SANDSTORM:
VSBY 1/2 MILE OR LESS
8 = SMOKE OR HAZE
[NO. OF DAYS WITH] [WEATHER - DAYS WITH] 9 = BLOWING SNOW
X = TORNADO
MAX 32 OR BELOW: 0 0.01 INCH OR MORE: 5
MAX 90 OR ABOVE: 10 0.10 INCH OR MORE: 3
MIN 32 OR BELOW: 0 0.50 INCH OR MORE: 0
MIN 0 OR BELOW: 0 1.00 INCH OR MORE: 0
[HDD (BASE 65) ]
TOTAL THIS MO. 2 CLEAR (SCALE 0-3) 28
DPTR FM NORMAL -1 PTCLDY (SCALE 4-7) 2
TOTAL FM JUL 1 1070 CLOUDY (SCALE 8-10) 1
DPTR FM NORMAL -66
[CDD (BASE 65) ]
TOTAL THIS MO. 272
DPTR FM NORMAL -41 [PRESSURE DATA]
TOTAL FM JAN 1 566 HIGHEST SLP 30.35 ON 22
DPTR FM NORMAL 7 LOWEST SLP 29.87 ON 29
[REMARKS]
#FINAL-05-21#