000
CXUS52 KJAX 010925
CF6GNV
PRELIMINARY LOCAL CLIMATOLOGICAL DATA (WS FORM: F-6)
STATION: GAINESVILLE
MONTH: MARCH
YEAR: 2020
LATITUDE: 29 40 N
LONGITUDE: 82 16 W
TEMPERATURE IN F: :PCPN: SNOW: WIND :SUNSHINE: SKY :PK WND
================================================================================
1 2 3 4 5 6A 6B 7 8 9 10 11 12 13 14 15 16 17 18
12Z AVG MX 2MIN
DY MAX MIN AVG DEP HDD CDD WTR SNW DPTH SPD SPD DIR MIN PSBL S-S WX SPD DR
================================================================================
1 70 31 51 -9 14 0 0.00 0.0 0 3.5 12 150 M M 0 17 140
2 77 43 60 0 5 0 0.00 0.0 0 6.4 21 210 M M 4 29 160
3 80 59 70 10 0 5 0.00 0.0 0 9.7 23 240 M M 4 33 250
4 84 59 72 12 0 7 0.00 0.0 0 9.8 25 250 M M 2 12 31 250
5 83 66 75 15 0 10 0.05 0.0 0 13.2 30 230 M M 9 1 40 240
6 71 49 60 -1 5 0 0.00 0.0 0 9.6 22 310 M M 4 29 330
7 63 37 50 -11 15 0 0.00 0.0 0 8.3 18 30 M M 0 24 20
8 71 33 52 -9 13 0 0.00 0.0 0 8.1 20 50 M M 2 24 70
9 76 48 62 1 3 0 0.00 0.0 0 7.4 21 140 M M 6 25 160
10 78 54 66 5 0 1 T 0.0 0 3.4 13 150 M M 3 16 180
11 82 52 67 5 0 2 0.00 0.0 0 3.5 14 250 M M 2 17 270
12 81 50 66 4 0 1 0.00 0.0 0 2.1 9 270 M M 1 1 12 260
13 85 50 68 6 0 3 0.00 0.0 0 1.7 12 270 M M 0 14 240
14 86 54 70 8 0 5 0.00 0.0 0 2.2 12 140 M M 1 14 110
15 89 56 73 11 0 8 0.00 0.0 0 2.9 10 340 M M 1 15 310
16 83 64 74 12 0 9 0.00 0.0 0 8.5 15 100 M M 6 19 60
17 83 61 72 10 0 7 0.00 0.0 0 3.7 13 200 M M 5 12 17 210
18 87 60 74 11 0 9 0.00 0.0 0 5.7 16 120 M M 1 1 20 110
19 87 58 73 10 0 8 0.00 0.0 0 5.4 15 170 M M 1 12 21 160
20 85 62 74 11 0 9 0.00 0.0 0 4.1 14 260 M M 3 12 16 250
21 87 57 72 9 0 7 0.00 0.0 0 4.6 14 240 M M 2 18 250
22 86 58 72 9 0 7 0.00 0.0 0 3.5 12 50 M M 4 12 14 50
23 87 63 75 12 0 10 0.00 0.0 0 5.3 16 260 M M 5 1 20 260
24 85 57 71 7 0 6 0.00 0.0 0 7.4 21 250 M M 4 12 27 220
25 85 68 77 13 0 12 T 0.0 0 12.9 24 240 M M 4 33 240
26 87 63 75 11 0 10 0.00 0.0 0 5.0 13 100 M M 5 12 17 100
27 89 58 74 10 0 9 0.00 0.0 0 3.2 13 250 M M 3 12 17 220
28 93 57 75 11 0 10 0.00 0.0 0 5.6 16 200 M M 0 1 21 170
29 90 61 76 12 0 11 0.00 0.0 0 4.6 15 180 M M 3 12 20 240
30 89 61 75 11 0 10 0.00 0.0 0 4.7 16 250 M M 1 12 20 250
31 85 62 74 9 0 9 0.59 0.0 0 9.8 30 250 M M 4 13 40 250
================================================================================
SM 2564 1711 55 185 0.64 0.0 185.8 M 90
================================================================================
AV 82.7 55.2 6.0 FASTST M M 3 MAX(MPH)
MISC ----> # 30 230 # 40 240
================================================================================
NOTES:
# LAST OF SEVERAL OCCURRENCES
COLUMN 17 PEAK WIND IN M.P.H.
PRELIMINARY LOCAL CLIMATOLOGICAL DATA (WS FORM: F-6) , PAGE 2
STATION: GAINESVILLE
MONTH: MARCH
YEAR: 2020
LATITUDE: 29 40 N
LONGITUDE: 82 16 W
[TEMPERATURE DATA] [PRECIPITATION DATA] SYMBOLS USED IN COLUMN 16
AVERAGE MONTHLY: 69.0 TOTAL FOR MONTH: 0.64 1 = FOG OR MIST
DPTR FM NORMAL: 6.7 DPTR FM NORMAL: -3.69 2 = FOG REDUCING VISIBILITY
HIGHEST: 93 ON 28 GRTST 24HR 0.59 ON 31-31 TO 1/4 MILE OR LESS
LOWEST: 31 ON 1 3 = THUNDER
SNOW, ICE PELLETS, HAIL 4 = ICE PELLETS
TOTAL MONTH: 0.0 INCH 5 = HAIL
GRTST 24HR 0.0 6 = FREEZING RAIN OR DRIZZLE
GRTST DEPTH: 0 7 = DUSTSTORM OR SANDSTORM:
VSBY 1/2 MILE OR LESS
8 = SMOKE OR HAZE
[NO. OF DAYS WITH] [WEATHER - DAYS WITH] 9 = BLOWING SNOW
X = TORNADO
MAX 32 OR BELOW: 0 0.01 INCH OR MORE: 2
MAX 90 OR ABOVE: 2 0.10 INCH OR MORE: 1
MIN 32 OR BELOW: 1 0.50 INCH OR MORE: 1
MIN 0 OR BELOW: 0 1.00 INCH OR MORE: 0
[HDD (BASE 65) ]
TOTAL THIS MO. 55 CLEAR (SCALE 0-3) 17
DPTR FM NORMAL -82 PTCLDY (SCALE 4-7) 13
TOTAL FM JUL 1 801 CLOUDY (SCALE 8-10) 1
DPTR FM NORMAL -371
[CDD (BASE 65) ]
TOTAL THIS MO. 185
DPTR FM NORMAL 131 [PRESSURE DATA]
TOTAL FM JAN 1 281 HIGHEST SLP 30.58 ON 9
DPTR FM NORMAL 195 LOWEST SLP 29.68 ON 31
[REMARKS]
#FINAL-03-20#