000
CXUS54 KOUN 010810
CF6GOK
PRELIMINARY LOCAL CLIMATOLOGICAL DATA (WS FORM: F-6)
STATION: GUTHRIE MUNICIPAL
MONTH: OCTOBER
YEAR: 2023
LATITUDE: 35 50 N
LONGITUDE: 97 25 W
TEMPERATURE IN F: :PCPN: SNOW: WIND :SUNSHINE: SKY :PK WND
================================================================================
1 2 3 4 5 6A 6B 7 8 9 10 11 12 13 14 15 16 17 18
12Z AVG MX 2MIN
DY MAX MIN AVG DEP HDD CDD WTR SNW DPTH SPD SPD DIR MIN PSBL S-S WX SPD DR
================================================================================
1 90 67 79 11 0 14 0.00 M M 8.3 15 140 M M 0 21 150
2 89 66 78 10 0 13 0.00 M M 8.3 16 180 M M 1 23 150
3 86 70 78 11 0 13 0.00 M M 12.2 21 170 M M 1 30 150
4 83 63 73 6 0 8 0.33 M M 6.3 17 340 M M 4 138 36 330
5 82 61 72 6 0 7 0.00 M M 3.9 13 30 M M 3 1 20 20
6 71 43 57 -9 8 0 0.00 M M 4.7 16 360 M M 3 1 32 30
7 66 36 51 -15 14 0 0.00 0.0 M 2.0 10 300 M M 1 16 330
8 76 43 60 -5 5 0 M 0.0 M 7.3 14 240 M M 0 23 240
9 M M M M M M M M M M M M M M M M M
10 87 62 75 11 0 10 M M M 11.7 18 180 M M 0 27 210
11 82 63 73 9 0 8 0.00 M M 15.4 26 170 M M 2 40 160
12 76 65 71 7 0 6 0.00 M M 16.8 24 190 M M 7 35 170
13 69 50 60 -3 5 0 0.00 M M 11.6 26 300 M M 2 38 330
14 62 43 53 -10 12 0 0.00 M M 9.2 16 310 M M 2 29 310
15 62 40 51 -11 14 0 0.00 M M 5.6 14 30 M M 5 25 330
16 63 30 47 -15 18 0 0.00 M M 3.7 12 310 M M 0 21 320
17 74 34 54 -8 11 0 0.00 M M 8.3 16 180 M M 0 25 180
18 80 47 64 3 1 0 0.00 M M 7.5 16 180 M M 0 24 180
19 81 42 62 1 3 0 0.00 M M 5.0 14 290 M M 0 22 280
20 87 46 67 7 0 2 0.00 M M 3.9 9 220 M M 0 13 180
21 87 57 72 12 0 7 0.00 M M 5.6 10 120 M M 0 8 16 110
22 88 59 74 14 0 9 0.00 M M 11.5 21 180 M M 0 30 190
23 82 64 73 14 0 8 0.00 M M 14.3 24 180 M M 2 33 170
24 71 62 67 8 0 2 1.21 M M 12.8 23 180 M M 9 1 34 170
25 73 64 69 11 0 4 0.10 M M 11.9 25 180 M M 8 1 36 170
26 82 64 73 15 0 8 T M M 13.4 25 180 M M 4 1 34 180
27 73 47 60 2 5 0 0.14 M M 8.9 18 310 M M 9 1 28 310
28 48 36 42 -15 23 0 0.11 M M 7.6 12 30 M M 10 18 20 30
29 37 33 35 -22 30 0 1.11 M M 8.9 15 360 M M 10 13 28 360
30 45 27 36 -20 29 0 0.00 M M 5.4 14 10 M M 0 25 10
31 45 26 36 -20 29 0 0.00 M M 5.4 16 20 M M 0 24 20
================================================================================
SM 2197 1510 207 119 3.00 0.0 257.4 M 83
================================================================================
AV 73.2 50.3 8.6 FASTST M M 3 MAX(MPH)
MISC ----> # 26 170 40 160
================================================================================
NOTES:
# LAST OF SEVERAL OCCURRENCES
COLUMN 17 PEAK WIND IN M.P.H.
PRELIMINARY LOCAL CLIMATOLOGICAL DATA (WS FORM: F-6) , PAGE 2
STATION: GUTHRIE MUNICIPAL
MONTH: OCTOBER
YEAR: 2023
LATITUDE: 35 50 N
LONGITUDE: 97 25 W
[TEMPERATURE DATA] [PRECIPITATION DATA] SYMBOLS USED IN COLUMN 16
AVERAGE MONTHLY: 61.8 TOTAL FOR MONTH: 3.00 1 = FOG OR MIST
DPTR FM NORMAL: -0.1 DPTR FM NORMAL: 0.22 2 = FOG REDUCING VISIBILITY
HIGHEST: 90 ON 1 GRTST 24HR 1.21 ON 24-24 TO 1/4 MILE OR LESS
LOWEST: 26 ON 31 3 = THUNDER
SNOW, ICE PELLETS, HAIL 4 = ICE PELLETS
TOTAL MONTH: 0.0 INCH 5 = HAIL
GRTST 24HR 0.0 6 = FREEZING RAIN OR DRIZZLE
GRTST DEPTH: M ON M 7 = DUSTSTORM OR SANDSTORM:
VSBY 1/2 MILE OR LESS
8 = SMOKE OR HAZE
[NO. OF DAYS WITH] [WEATHER - DAYS WITH] 9 = BLOWING SNOW
X = TORNADO
MAX 32 OR BELOW: 0 0.01 INCH OR MORE: 6
MAX 90 OR ABOVE: 1 0.10 INCH OR MORE: 6
MIN 32 OR BELOW: 3 0.50 INCH OR MORE: 2
MIN 0 OR BELOW: 0 1.00 INCH OR MORE: 2
[HDD (BASE 65) ]
TOTAL THIS MO. 207 CLEAR (SCALE 0-3) 20
DPTR FM NORMAL 35 PTCLDY (SCALE 4-7) 6
TOTAL FM JUL 1 207 CLOUDY (SCALE 8-10) 5
DPTR FM NORMAL 18
[CDD (BASE 65) ]
TOTAL THIS MO. 119
DPTR FM NORMAL 42 [PRESSURE DATA]
TOTAL FM JAN 1 2152 HIGHEST SLP M ON M
DPTR FM NORMAL 67 LOWEST SLP 29.46 ON 12
[REMARKS]
#FINAL-10-23#