000
CXUS54 KFWD 010835
CF6GOP
PRELIMINARY LOCAL CLIMATOLOGICAL DATA (WS FORM: F-6)
STATION: GATESVILLE
MONTH: FEBRUARY
YEAR: 2024
LATITUDE: 31 25 N
LONGITUDE: 97 48 W
TEMPERATURE IN F: :PCPN: SNOW: WIND :SUNSHINE: SKY :PK WND
================================================================================
1 2 3 4 5 6A 6B 7 8 9 10 11 12 13 14 15 16 17 18
12Z AVG MX 2MIN
DY MAX MIN AVG DEP HDD CDD WTR SNW DPTH SPD SPD DIR MIN PSBL S-S WX SPD DR
================================================================================
1 72 48 60 13 5 0 0.00 M M 7.8 16 210 M M 1 23 210
2 66 54 60 13 5 0 0.40 M M 8.9 13 150 M M 9 24 160
3 70 52 61 14 4 0 0.01 M M 6.6 15 260 M M 3 20 250
4 66 50 58 11 7 0 0.00 M M 12.6 21 300 M M 3 30 330
5 63 46 55 8 10 0 0.00 M M 10.5 18 340 M M 5 28 330
6 68 36 52 5 13 0 0.00 M M 2.2 7 170 M M 0 M M
7 66 45 56 8 9 0 0.00 M M 8.8 16 150 M M 1 27 150
8 70 55 63 15 2 0 0.00 M M 4.2 10 230 M M 3 M M
9 73 50 62 14 3 0 0.00 M M 5.0 10 200 M M 5 17 200
10 66 54 60 12 5 0 0.44 M M 5.9 10 320 M M 6 18 210
11 55 41 48 0 17 0 0.46 M M 10.8 17 340 M M 10 1 25 310
12 57 37 47 -1 18 0 0.00 M M 11.1 18 330 M M 2 29 330
13 68 32 50 2 15 0 0.00 M M 3.7 10 200 M M 0 17 180
14 68 41 55 6 10 0 0.00 M M 6.5 13 170 M M 3 21 170
15 72 54 63 14 2 0 0.00 M M 6.3 12 250 M M 2 17 200
16 75 46 61 12 4 0 0.00 M M 10.1 16 340 M M 0 24 330
17 46 36 41 -8 24 0 0.00 M M 12.5 18 10 M M 3 26 350
18 54 27 41 -8 24 0 0.00 M M 4.3 8 340 M M 0 13 340
19 70 32 51 1 14 0 0.00 M M 9.4 16 220 M M 0 23 190
20 82 43 63 13 2 0 0.00 M M 7.3 13 160 M M 0 22 190
21 82 57 70 20 0 5 0.00 M M 11.8 18 160 M M 1 28 160
22 84 59 72 22 0 7 0.00 M M 10.3 17 290 M M 2 24 290
23 72 50 61 11 4 0 0.00 M M 5.4 10 360 M M 0 20 20
24 79 43 61 10 4 0 0.00 M M 4.1 10 200 M M 0 24 180
25 86 55 71 20 0 6 0.00 M M 9.2 15 220 M M 1 24 220
26 95 61 78 27 0 13 0.00 M M 8.3 15 210 M M 0 25 210
27 81 66 74 23 0 9 0.00 M M 7.9 14 200 M M 3 17 180
28 73 43 58 6 7 0 0.00 M M 12.5 24 340 M M 4 35 330
29 52 39 46 -6 19 0 0.05 M M 4.8 13 50 M M 6 18 50
================================================================================
SM 2031 1352 227 40 1.36 M 228.6 M 73
================================================================================
AV 70.0 46.6 7.9 FASTST M M 3 MAX(MPH)
MISC ----> 24 340 35 330
================================================================================
NOTES:
# LAST OF SEVERAL OCCURRENCES
COLUMN 17 PEAK WIND IN M.P.H.
PRELIMINARY LOCAL CLIMATOLOGICAL DATA (WS FORM: F-6) , PAGE 2
STATION: GATESVILLE
MONTH: FEBRUARY
YEAR: 2024
LATITUDE: 31 25 N
LONGITUDE: 97 48 W
[TEMPERATURE DATA] [PRECIPITATION DATA] SYMBOLS USED IN COLUMN 16
AVERAGE MONTHLY: 58.3 TOTAL FOR MONTH: 1.36 1 = FOG OR MIST
DPTR FM NORMAL: 9.5 DPTR FM NORMAL: M 2 = FOG REDUCING VISIBILITY
HIGHEST: 95 ON 26 GRTST 24HR 0.46 ON 11-11 TO 1/4 MILE OR LESS
LOWEST: 27 ON 18 3 = THUNDER
SNOW, ICE PELLETS, HAIL 4 = ICE PELLETS
TOTAL MONTH: M 5 = HAIL
GRTST 24HR M ON M 6 = FREEZING RAIN OR DRIZZLE
GRTST DEPTH: M ON M 7 = DUSTSTORM OR SANDSTORM:
VSBY 1/2 MILE OR LESS
8 = SMOKE OR HAZE
[NO. OF DAYS WITH] [WEATHER - DAYS WITH] 9 = BLOWING SNOW
X = TORNADO
MAX 32 OR BELOW: 0 0.01 INCH OR MORE: 5
MAX 90 OR ABOVE: 1 0.10 INCH OR MORE: 3
MIN 32 OR BELOW: 3 0.50 INCH OR MORE: 0
MIN 0 OR BELOW: 0 1.00 INCH OR MORE: 0
[HDD (BASE 65) ]
TOTAL THIS MO. 227 CLEAR (SCALE 0-3) 19
DPTR FM NORMAL -228 PTCLDY (SCALE 4-7) 8
TOTAL FM JUL 1 1542 CLOUDY (SCALE 8-10) 2
DPTR FM NORMAL -521
[CDD (BASE 65) ]
TOTAL THIS MO. 40
DPTR FM NORMAL 37 [PRESSURE DATA]
TOTAL FM JAN 1 40 HIGHEST SLP M ON M
DPTR FM NORMAL 36 LOWEST SLP M ON M
[REMARKS]
#FINAL-02-24#